{"id":8796,"date":"2022-05-10T17:48:03","date_gmt":"2022-05-10T15:48:03","guid":{"rendered":"https:\/\/affordablehousingactivation.org\/?post_type=experts&#038;p=8796"},"modified":"2022-05-11T11:15:52","modified_gmt":"2022-05-11T09:15:52","slug":"javier-martin","status":"publish","type":"experts","link":"https:\/\/affordablehousingactivation.org\/es\/experts\/javier-martin\/","title":{"rendered":"Javier Mart\u00edn"},"content":{"rendered":"<p>Nacido en 1970, es arquitecto por la Escuela T\u00e9cnica Superior de Arquitectura de la Universidad Polit\u00e9cnica de Madrid y funcionario de carrera del cuerpo de Arquitectos de la Hacienda P\u00fablica desde 2001.<\/p>\n<p>Entre 2001 y 2006, ejerci\u00f3 como t\u00e9cnico superior de la Subdirecci\u00f3n General de Coordinaci\u00f3n de Edificaciones Administrativas, en la Direcci\u00f3n General de Patrimonio del Estado del Ministerio de Hacienda, Gobierno de Espa\u00f1a; y entre 2006 y 2008 fue jefe de \u00c1rea de Gesti\u00f3n Patrimonial del Ministerio de Administraciones P\u00fablicas, coordinando el \u00e1rea t\u00e9cnica de la Subdirecci\u00f3n.<\/p>\n<p>Tambi\u00e9n ha sido subdirector general de Obras de la Gerencia de Infraestructuras y Equipamientos del Ministerio de Cultura y subdirector General de Arquitectura y Edificaci\u00f3n, en la Direcci\u00f3n General de Arquitectura, Vivienda y Suelo del Ministerio de Fomento y director general de Arquitectura, Vivienda y Suelo, dentro de la Secretar\u00eda General de Vivienda del Ministerio de Fomento.<\/p>\n","protected":false},"featured_media":8806,"template":"","meta":{"_price":"","_stock":"","_tribe_ticket_header":"","_tribe_default_ticket_provider":"","_tribe_ticket_capacity":"0","_ticket_start_date":"","_ticket_end_date":"","_tribe_ticket_show_description":"","_tribe_ticket_show_not_going":false,"_tribe_ticket_use_global_stock":"","_tribe_ticket_global_stock_level":"","_global_stock_mode":"","_global_stock_cap":"","_tribe_rsvp_for_event":"","_tribe_ticket_going_count":"","_tribe_ticket_not_going_count":"","_tribe_tickets_list":[],"_tribe_ticket_has_attendee_info_fields":false},"categories":[],"barrera":[120],"pais":[],"acf":[],"_links":{"self":[{"href":"https:\/\/affordablehousingactivation.org\/es\/wp-json\/wp\/v2\/experts\/8796"}],"collection":[{"href":"https:\/\/affordablehousingactivation.org\/es\/wp-json\/wp\/v2\/experts"}],"about":[{"href":"https:\/\/affordablehousingactivation.org\/es\/wp-json\/wp\/v2\/types\/experts"}],"wp:featuredmedia":[{"embeddable":true,"href":"https:\/\/affordablehousingactivation.org\/es\/wp-json\/wp\/v2\/media\/8806"}],"wp:attachment":[{"href":"https:\/\/affordablehousingactivation.org\/es\/wp-json\/wp\/v2\/media?parent=8796"}],"wp:term":[{"taxonomy":"category","embeddable":true,"href":"https:\/\/affordablehousingactivation.org\/es\/wp-json\/wp\/v2\/categories?post=8796"},{"taxonomy":"barrera","embeddable":true,"href":"https:\/\/affordablehousingactivation.org\/es\/wp-json\/wp\/v2\/barrera?post=8796"},{"taxonomy":"pais","embeddable":true,"href":"https:\/\/affordablehousingactivation.org\/es\/wp-json\/wp\/v2\/pais?post=8796"}],"curies":[{"name":"wp","href":"https:\/\/api.w.org\/{rel}","templated":true}]}}

Javier Martín

<p>Nacido en 1970, es arquitecto por la Escuela Técnica Superior de Arquitectura de la Universidad Politécnica de Madrid y funcionario de carrera del cuerpo de Arquitectos de la Hacienda Pública desde 2001.</p>
<p>Entre 2001 y 2006, ejerció como técnico superior de la Subdirección General de Coordinación de Edificaciones Administrativas, en la Dirección General de Patrimonio del Estado del Ministerio de Hacienda, Gobierno de España; y entre 2006 y 2008 fue jefe de Área de Gestión Patrimonial del Ministerio de Administraciones Públicas, coordinando el área técnica de la Subdirección.</p>
<p>También ha sido subdirector general de Obras de la Gerencia de Infraestructuras y Equipamientos del Ministerio de Cultura y subdirector General de Arquitectura y Edificación, en la Dirección General de Arquitectura, Vivienda y Suelo del Ministerio de Fomento y director general de Arquitectura, Vivienda y Suelo, dentro de la Secretaría General de Vivienda del Ministerio de Fomento.</p>
