{"id":9005,"date":"2022-05-12T11:26:27","date_gmt":"2022-05-12T09:26:27","guid":{"rendered":"https:\/\/affordablehousingactivation.org\/?post_type=experts&#038;p=9005"},"modified":"2022-05-20T11:18:34","modified_gmt":"2022-05-20T09:18:34","slug":"luis-roca-de-togores","status":"publish","type":"experts","link":"https:\/\/affordablehousingactivation.org\/es\/experts\/luis-roca-de-togores\/","title":{"rendered":"Luis Roca de Togores"},"content":{"rendered":"<p>Presidente de la Junta de Compensaci\u00f3n Valdecarros. Tambi\u00e9n fue director general de Zapata, presidente del TRI de Salmedina y trabaj\u00f3 en la gesti\u00f3n y las estrategias de m\u00faltiples empresas privadas.<\/p>\n","protected":false},"featured_media":9009,"template":"","meta":{"_price":"","_stock":"","_tribe_ticket_header":"","_tribe_default_ticket_provider":"","_tribe_ticket_capacity":"0","_ticket_start_date":"","_ticket_end_date":"","_tribe_ticket_show_description":"","_tribe_ticket_show_not_going":false,"_tribe_ticket_use_global_stock":"","_tribe_ticket_global_stock_level":"","_global_stock_mode":"","_global_stock_cap":"","_tribe_rsvp_for_event":"","_tribe_ticket_going_count":"","_tribe_ticket_not_going_count":"","_tribe_tickets_list":[],"_tribe_ticket_has_attendee_info_fields":false},"categories":[],"barrera":[116],"pais":[],"acf":[],"_links":{"self":[{"href":"https:\/\/affordablehousingactivation.org\/es\/wp-json\/wp\/v2\/experts\/9005"}],"collection":[{"href":"https:\/\/affordablehousingactivation.org\/es\/wp-json\/wp\/v2\/experts"}],"about":[{"href":"https:\/\/affordablehousingactivation.org\/es\/wp-json\/wp\/v2\/types\/experts"}],"wp:featuredmedia":[{"embeddable":true,"href":"https:\/\/affordablehousingactivation.org\/es\/wp-json\/wp\/v2\/media\/9009"}],"wp:attachment":[{"href":"https:\/\/affordablehousingactivation.org\/es\/wp-json\/wp\/v2\/media?parent=9005"}],"wp:term":[{"taxonomy":"category","embeddable":true,"href":"https:\/\/affordablehousingactivation.org\/es\/wp-json\/wp\/v2\/categories?post=9005"},{"taxonomy":"barrera","embeddable":true,"href":"https:\/\/affordablehousingactivation.org\/es\/wp-json\/wp\/v2\/barrera?post=9005"},{"taxonomy":"pais","embeddable":true,"href":"https:\/\/affordablehousingactivation.org\/es\/wp-json\/wp\/v2\/pais?post=9005"}],"curies":[{"name":"wp","href":"https:\/\/api.w.org\/{rel}","templated":true}]}}

<p>Presidente de la Junta de Compensación Valdecarros. También fue director general de Zapata, presidente del TRI de Salmedina y trabajó en la gestión y las estrategias de múltiples empresas privadas.</p>
