{"id":9029,"date":"2022-05-12T15:56:27","date_gmt":"2022-05-12T13:56:27","guid":{"rendered":"https:\/\/affordablehousingactivation.org\/experts\/balakrishnan-rajagopal\/"},"modified":"2022-05-12T15:57:37","modified_gmt":"2022-05-12T13:57:37","slug":"balakrishnan-rajagopal","status":"publish","type":"experts","link":"https:\/\/affordablehousingactivation.org\/es\/experts\/balakrishnan-rajagopal\/","title":{"rendered":"Balakrishnan Rajagopal"},"content":{"rendered":"<p>El Sr. Balakrishnan Rajagopal, asumi\u00f3 su funci\u00f3n de Relator Especial sobre el derecho a una vivienda adecuada el 1 de mayo de 2020. Es profesor de Derecho y Desarrollo en el Departamento de Estudios Urbanos y Planificaci\u00f3n del Instituto Tecnol\u00f3gico de Massachusetts (MIT). Abogado de formaci\u00f3n, es experto en muchos \u00e1mbitos de los derechos humanos, incluidos los derechos econ\u00f3micos, sociales y culturales, el sistema de la ONU y los retos en materia de derechos humanos que plantean las actividades de desarrollo.<\/p>\n","protected":false},"featured_media":9028,"template":"","meta":{"_price":"","_stock":"","_tribe_ticket_header":"","_tribe_default_ticket_provider":"","_tribe_ticket_capacity":"0","_ticket_start_date":"","_ticket_end_date":"","_tribe_ticket_show_description":"","_tribe_ticket_show_not_going":false,"_tribe_ticket_use_global_stock":"","_tribe_ticket_global_stock_level":"","_global_stock_mode":"","_global_stock_cap":"","_tribe_rsvp_for_event":"","_tribe_ticket_going_count":"","_tribe_ticket_not_going_count":"","_tribe_tickets_list":[],"_tribe_ticket_has_attendee_info_fields":false},"categories":[],"barrera":[115],"pais":[],"acf":[],"_links":{"self":[{"href":"https:\/\/affordablehousingactivation.org\/es\/wp-json\/wp\/v2\/experts\/9029"}],"collection":[{"href":"https:\/\/affordablehousingactivation.org\/es\/wp-json\/wp\/v2\/experts"}],"about":[{"href":"https:\/\/affordablehousingactivation.org\/es\/wp-json\/wp\/v2\/types\/experts"}],"wp:featuredmedia":[{"embeddable":true,"href":"https:\/\/affordablehousingactivation.org\/es\/wp-json\/wp\/v2\/media\/9028"}],"wp:attachment":[{"href":"https:\/\/affordablehousingactivation.org\/es\/wp-json\/wp\/v2\/media?parent=9029"}],"wp:term":[{"taxonomy":"category","embeddable":true,"href":"https:\/\/affordablehousingactivation.org\/es\/wp-json\/wp\/v2\/categories?post=9029"},{"taxonomy":"barrera","embeddable":true,"href":"https:\/\/affordablehousingactivation.org\/es\/wp-json\/wp\/v2\/barrera?post=9029"},{"taxonomy":"pais","embeddable":true,"href":"https:\/\/affordablehousingactivation.org\/es\/wp-json\/wp\/v2\/pais?post=9029"}],"curies":[{"name":"wp","href":"https:\/\/api.w.org\/{rel}","templated":true}]}}

<p>El Sr. Balakrishnan Rajagopal, asumió su función de Relator Especial sobre el derecho a una vivienda adecuada el 1 de mayo de 2020. Es profesor de Derecho y Desarrollo en el Departamento de Estudios Urbanos y Planificación del Instituto Tecnológico de Massachusetts (MIT). Abogado de formación, es experto en muchos ámbitos de los derechos humanos, incluidos los derechos económicos, sociales y culturales, el sistema de la ONU y los retos en materia de derechos humanos que plantean las actividades de desarrollo.</p>
