{"id":9151,"date":"2022-05-16T15:19:14","date_gmt":"2022-05-16T13:19:14","guid":{"rendered":"https:\/\/affordablehousingactivation.org\/experts\/chema-lapuerta\/"},"modified":"2022-05-17T17:38:56","modified_gmt":"2022-05-17T15:38:56","slug":"chema-lapuerta","status":"publish","type":"experts","link":"https:\/\/affordablehousingactivation.org\/es\/experts\/chema-lapuerta\/","title":{"rendered":"Chema Lapuerta"},"content":{"rendered":"<p>Fundador y codirector del M\u00e1ster en Vivienda Colectiva. Catedr\u00e1tico de Proyectos Arquitect\u00f3nicos de la Escuela T\u00e9cnica Superior de Arquitectura de Madrid, ETSAM, UPM. Profesor honorario de la Universidad de Montevideo. Director del M\u00e1ster en Ciencias de la Ciudad (MCS), ETSAM, UPM.<\/p>\n<p>En el \u00e1mbito acad\u00e9mico, Chema cuenta con una reconocida trayectoria. Adem\u00e1s de su cargo de Catedr\u00e1tico de la ETSAM y Director del M\u00e1ster en Vivienda Colectiva, es director y coordinador de los cursos de doctorado del programa de doctorado en convenio entre la Universidad de la Rep\u00fablica de Uruguay y la Universidad Polit\u00e9cnica de Madrid. Tambi\u00e9n ha sido director de la Escuela de Verano de la UPM, coordinador del M\u00e1ster en Dise\u00f1o de Interiores de la ETSAM y coordinador del convenio S\u00f3crates-Erasmus con la Universidad Tecnol\u00f3gica de Eslovaquia. Ha sido director de doctorado de varias tesis y tutor de tesis de grado en la ETSAM, UPM.<\/p>\n<p>Ha sido miembro del Consejo de Cultura de Madrid, Vocal de la Junta de Gobierno del COAM y representante del Consejo Superior de Arquitectos. Tambi\u00e9n ha participado como jurado de varios premios y concursos de arquitectura y ha sido disertante en congresos por todo el mundo.<\/p>\n<p>Es miembro del Grupo de Investigaci\u00f3n en Vivienda Colectiva de la ETSAM, UPM y ha participado en diferentes proyectos de investigaci\u00f3n. Sus escritos han sido publicados en libros y revistas como Arquitectura Viva, Habita\u00e7ao e Cidade o Ciudad y Territorio, entre otras. Es autor de los libros Vivienda colectiva: un manual y Vivienda, sobre, marco.<\/p>\n<p>En el \u00e1mbito profesional, es fundador y CEO de DL+A arquitectos, estudio que lleva funcionando m\u00e1s de 25 a\u00f1os. El trabajo del estudio ha sido publicado y premiado en concursos nacionales e internacionales. Recientemente, el primer premio ganado en un concurso para el CDHU de Brasil, el primer premio Passivhaus en la categor\u00eda \u00abPassive House &amp; Renewables\u00bb para el Colegio Brains de Madrid, primer premio de esta categor\u00eda que recibe de un edificio espa\u00f1ol.<\/p>\n","protected":false},"featured_media":9243,"template":"","meta":{"_price":"","_stock":"","_tribe_ticket_header":"","_tribe_default_ticket_provider":"","_tribe_ticket_capacity":"0","_ticket_start_date":"","_ticket_end_date":"","_tribe_ticket_show_description":"","_tribe_ticket_show_not_going":false,"_tribe_ticket_use_global_stock":"","_tribe_ticket_global_stock_level":"","_global_stock_mode":"","_global_stock_cap":"","_tribe_rsvp_for_event":"","_tribe_ticket_going_count":"","_tribe_ticket_not_going_count":"","_tribe_tickets_list":[],"_tribe_ticket_has_attendee_info_fields":false},"categories":[],"barrera":[],"pais":[],"acf":[],"_links":{"self":[{"href":"https:\/\/affordablehousingactivation.org\/es\/wp-json\/wp\/v2\/experts\/9151"}],"collection":[{"href":"https:\/\/affordablehousingactivation.org\/es\/wp-json\/wp\/v2\/experts"}],"about":[{"href":"https:\/\/affordablehousingactivation.org\/es\/wp-json\/wp\/v2\/types\/experts"}],"wp:featuredmedia":[{"embeddable":true,"href":"https:\/\/affordablehousingactivation.org\/es\/wp-json\/wp\/v2\/media\/9243"}],"wp:attachment":[{"href":"https:\/\/affordablehousingactivation.org\/es\/wp-json\/wp\/v2\/media?parent=9151"}],"wp:term":[{"taxonomy":"category","embeddable":true,"href":"https:\/\/affordablehousingactivation.org\/es\/wp-json\/wp\/v2\/categories?post=9151"},{"taxonomy":"barrera","embeddable":true,"href":"https:\/\/affordablehousingactivation.org\/es\/wp-json\/wp\/v2\/barrera?post=9151"},{"taxonomy":"pais","embeddable":true,"href":"https:\/\/affordablehousingactivation.org\/es\/wp-json\/wp\/v2\/pais?post=9151"}],"curies":[{"name":"wp","href":"https:\/\/api.w.org\/{rel}","templated":true}]}}

<p>Fundador y codirector del Máster en Vivienda Colectiva. Catedrático de Proyectos Arquitectónicos de la Escuela Técnica Superior de Arquitectura de Madrid, ETSAM, UPM. Profesor honorario de la Universidad de Montevideo. Director del Máster en Ciencias de la Ciudad (MCS), ETSAM, UPM.</p>
<p>En el ámbito académico, Chema cuenta con una reconocida trayectoria. Además de su cargo de Catedrático de la ETSAM y Director del Máster en Vivienda Colectiva, es director y coordinador de los cursos de doctorado del programa de doctorado en convenio entre la Universidad de la República de Uruguay y la Universidad Politécnica de Madrid. También ha sido director de la Escuela de Verano de la UPM, coordinador del Máster en Diseño de Interiores de la ETSAM y coordinador del convenio Sócrates-Erasmus con la Universidad Tecnológica de Eslovaquia. Ha sido director de doctorado de varias tesis y tutor de tesis de grado en la ETSAM, UPM.</p>
<p>Ha sido miembro del Consejo de Cultura de Madrid, Vocal de la Junta de Gobierno del COAM y representante del Consejo Superior de Arquitectos. También ha participado como jurado de varios premios y concursos de arquitectura y ha sido disertante en congresos por todo el mundo.</p>
<p>Es miembro del Grupo de Investigación en Vivienda Colectiva de la ETSAM, UPM y ha participado en diferentes proyectos de investigación. Sus escritos han sido publicados en libros y revistas como Arquitectura Viva, Habitaçao e Cidade o Ciudad y Territorio, entre otras. Es autor de los libros Vivienda colectiva: un manual y Vivienda, sobre, marco.</p>
<p>En el ámbito profesional, es fundador y CEO de DL+A arquitectos, estudio que lleva funcionando más de 25 años. El trabajo del estudio ha sido publicado y premiado en concursos nacionales e internacionales. Recientemente, el primer premio ganado en un concurso para el CDHU de Brasil, el primer premio Passivhaus en la categoría «Passive House &amp; Renewables» para el Colegio Brains de Madrid, primer premio de esta categoría que recibe de un edificio español.</p>
