{"id":1060,"date":"2022-03-01T17:32:28","date_gmt":"2022-03-01T16:32:28","guid":{"rendered":"https:\/\/affordablehousingactivation.org\/?post_type=tribe_events&#038;p=1060"},"modified":"2022-04-07T19:22:20","modified_gmt":"2022-04-07T17:22:20","slug":"accion-legislativa-para-la-promocion-de-vivienda-adecuada-y-asequible","status":"publish","type":"tribe_events","link":"https:\/\/affordablehousingactivation.org\/es\/event\/accion-legislativa-para-la-promocion-de-vivienda-adecuada-y-asequible\/","title":{"rendered":"Acci\u00f3n legislativa para la promoci\u00f3n de vivienda adecuada y asequible"},"content":{"rendered":"<p><span data-contrast=\"auto\">Frente a las barreras que se plantean en la generaci\u00f3n de vivienda asequible, el mensaje central de esta sesi\u00f3n se orientar\u00e1 a la acci\u00f3n y a proponer o describir soluciones y herramientas de legislaci\u00f3n urbana que mejoren el desarrollo de marcos legales adecuados para ciudades sostenibles, inclusivas y resilientes.<\/span><span data-ccp-props=\"{&quot;201341983&quot;:0,&quot;335551550&quot;:6,&quot;335551620&quot;:6,&quot;335559685&quot;:-851,&quot;335559739&quot;:160,&quot;335559740&quot;:259}\">\u00a0<\/span><\/p>\n<p><span data-contrast=\"auto\">Los marcos legales a nivel nacional y local juegan un papel esencial en el desarrollo del sector vivienda en general y, en particular, en lo referente a la vivienda asequible. La legislaci\u00f3n urbana sobre vivienda debe definirse e implementarse desde diversas dimensiones y elementos como el medio ambiente, el empleo, el acceso a los servicios, la movilidad, la seguridad, la educaci\u00f3n, la cultura, la pobreza, la marginaci\u00f3n, la participaci\u00f3n ciudadana, la igualdad de g\u00e9nero y los derechos humanos. Se debe abogar por marcos legales efectivos y equitativos para apoyar la implementaci\u00f3n del desarrollo urbano y territorial sostenible en todos los niveles.<\/span><span data-ccp-props=\"{&quot;201341983&quot;:0,&quot;335551550&quot;:6,&quot;335551620&quot;:6,&quot;335559685&quot;:-851,&quot;335559739&quot;:160,&quot;335559740&quot;:259}\">\u00a0<\/span><\/p>\n<p><span data-contrast=\"auto\">Este evento aportar\u00e1 una discusi\u00f3n relevante y, a menudo inexistente, sobre la falta de mecanismos legales que ayuden\/obliguen, tanto a las instituciones p\u00fablicas como a las privadas, a la creaci\u00f3n de vivienda adecuada y asequible. El resultado del evento ser\u00e1 una serie de propuestas concretas legislativas que pueden implementarse en marcos nacionales y locales.<\/span><span data-ccp-props=\"{&quot;201341983&quot;:0,&quot;335551550&quot;:6,&quot;335551620&quot;:6,&quot;335559685&quot;:-851,&quot;335559739&quot;:160,&quot;335559740&quot;:259}\">\u00a0<\/span><\/p>\n<p><span data-contrast=\"auto\">El evento se coorganizar\u00e1 entre OnCities2030 y el Colegio de Jurisprudencia Urban\u00edstica (CJUR Internacional). Se invitar\u00e1 a expertos en desarrollo urbano sostenible, con enfoque multidisciplinar, pero con el objetivo de reflexionar y presentar acciones necesarias para consolidar la transformaci\u00f3n urbana sostenible en marcos legales internacionales, nacionales y locales.<\/span><span data-ccp-props=\"{&quot;201341983&quot;:0,&quot;335551550&quot;:6,&quot;335551620&quot;:6,&quot;335559685&quot;:-851,&quot;335559739&quot;:160,&quot;335559740&quot;:259}\">\u00a0<\/span><\/p>\n<p><span data-contrast=\"auto\">El formato del evento se basar\u00e1 en la metodolog\u00eda aplicada por OnCities2030 de \u00abunidad de inteligencia\u00bb en la que un n\u00famero de personas son invitadas a trabajar de forma colaborativa en una propuesta orientada a la acci\u00f3n.<\/span><span data-ccp-props=\"{&quot;201341983&quot;:0,&quot;335551550&quot;:6,&quot;335551620&quot;:6,&quot;335559685&quot;:-851,&quot;335559739&quot;:160,&quot;335559740&quot;:259}\">\u00a0<\/span><\/p>\n","protected":false},"excerpt":{"rendered":"<p>El objetivo principal del evento es reunir a diferentes expertos en derecho y urbanismo de todo el mundo para la reflexi\u00f3n y discusi\u00f3n de acciones legislativas concretas para favorecer la vivienda adecuada y asequible.<\/p>\n","protected":false},"author":4,"featured_media":1350,"template":"","meta":{"_price":"","_stock":"","_tribe_ticket_header":"","_tribe_default_ticket_provider":"Tribe__Tickets_Plus__Commerce__WooCommerce__Main","_tribe_ticket_capacity":"0","_ticket_start_date":"","_ticket_end_date":"","_tribe_ticket_show_description":"","_tribe_ticket_show_not_going":false,"_tribe_ticket_use_global_stock":"","_tribe_ticket_global_stock_level":"","_global_stock_mode":"","_global_stock_cap":"","_tribe_rsvp_for_event":"","_tribe_ticket_going_count":"","_tribe_ticket_not_going_count":"","_tribe_tickets_list":[],"_tribe_ticket_has_attendee_info_fields":false,"_tribe_events_status":"","_tribe_events_status_reason":"","_tribe_events_is_hybrid":"","_tribe_events_is_virtual":"yes","_tribe_events_virtual_video_source":"video","_tribe_events_virtual_embed_video":"yes","_tribe_events_virtual_linked_button_text":"Watch","_tribe_events_virtual_linked_button":"yes","_tribe_events_virtual_show_embed_at":"immediately","_tribe_events_virtual_show_embed_to":null,"_tribe_events_virtual_show_on_event":"yes","_tribe_events_virtual_show_on_views":"yes","_tribe_events_virtual_url":""},"tags":[],"tribe_events_cat":[142],"barrera":[114],"acf":[],"ticketed":false,"_links":{"self":[{"href":"https:\/\/affordablehousingactivation.org\/es\/wp-json\/wp\/v2\/tribe_events\/1060"}],"collection":[{"href":"https:\/\/affordablehousingactivation.org\/es\/wp-json\/wp\/v2\/tribe_events"}],"about":[{"href":"https:\/\/affordablehousingactivation.org\/es\/wp-json\/wp\/v2\/types\/tribe_events"}],"author":[{"embeddable":true,"href":"https:\/\/affordablehousingactivation.org\/es\/wp-json\/wp\/v2\/users\/4"}],"version-history":[{"count":5,"href":"https:\/\/affordablehousingactivation.org\/es\/wp-json\/wp\/v2\/tribe_events\/1060\/revisions"}],"predecessor-version":[{"id":3536,"href":"https:\/\/affordablehousingactivation.org\/es\/wp-json\/wp\/v2\/tribe_events\/1060\/revisions\/3536"}],"wp:featuredmedia":[{"embeddable":true,"href":"https:\/\/affordablehousingactivation.org\/es\/wp-json\/wp\/v2\/media\/1350"}],"wp:attachment":[{"href":"https:\/\/affordablehousingactivation.org\/es\/wp-json\/wp\/v2\/media?parent=1060"}],"wp:term":[{"taxonomy":"post_tag","embeddable":true,"href":"https:\/\/affordablehousingactivation.org\/es\/wp-json\/wp\/v2\/tags?post=1060"},{"taxonomy":"tribe_events_cat","embeddable":true,"href":"https:\/\/affordablehousingactivation.org\/es\/wp-json\/wp\/v2\/tribe_events_cat?post=1060"},{"taxonomy":"barrera","embeddable":true,"href":"https:\/\/affordablehousingactivation.org\/es\/wp-json\/wp\/v2\/barrera?post=1060"}],"curies":[{"name":"wp","href":"https:\/\/api.w.org\/{rel}","templated":true}]}}

Acción legislativa para la promoción de vivienda adecuada y asequible

<p><span data-contrast="auto">Frente a las barreras que se plantean en la generación de vivienda asequible, el mensaje central de esta sesión se orientará a la acción y a proponer o describir soluciones y herramientas de legislación urbana que mejoren el desarrollo de marcos legales adecuados para ciudades sostenibles, inclusivas y resilientes.</span><span data-ccp-props="{&quot;201341983&quot;:0,&quot;335551550&quot;:6,&quot;335551620&quot;:6,&quot;335559685&quot;:-851,&quot;335559739&quot;:160,&quot;335559740&quot;:259}"> </span></p>
<p><span data-contrast="auto">Los marcos legales a nivel nacional y local juegan un papel esencial en el desarrollo del sector vivienda en general y, en particular, en lo referente a la vivienda asequible. La legislación urbana sobre vivienda debe definirse e implementarse desde diversas dimensiones y elementos como el medio ambiente, el empleo, el acceso a los servicios, la movilidad, la seguridad, la educación, la cultura, la pobreza, la marginación, la participación ciudadana, la igualdad de género y los derechos humanos. Se debe abogar por marcos legales efectivos y equitativos para apoyar la implementación del desarrollo urbano y territorial sostenible en todos los niveles.</span><span data-ccp-props="{&quot;201341983&quot;:0,&quot;335551550&quot;:6,&quot;335551620&quot;:6,&quot;335559685&quot;:-851,&quot;335559739&quot;:160,&quot;335559740&quot;:259}"> </span></p>
<p><span data-contrast="auto">Este evento aportará una discusión relevante y, a menudo inexistente, sobre la falta de mecanismos legales que ayuden/obliguen, tanto a las instituciones públicas como a las privadas, a la creación de vivienda adecuada y asequible. El resultado del evento será una serie de propuestas concretas legislativas que pueden implementarse en marcos nacionales y locales.</span><span data-ccp-props="{&quot;201341983&quot;:0,&quot;335551550&quot;:6,&quot;335551620&quot;:6,&quot;335559685&quot;:-851,&quot;335559739&quot;:160,&quot;335559740&quot;:259}"> </span></p>
<p><span data-contrast="auto">El evento se coorganizará entre OnCities2030 y el Colegio de Jurisprudencia Urbanística (CJUR Internacional). Se invitará a expertos en desarrollo urbano sostenible, con enfoque multidisciplinar, pero con el objetivo de reflexionar y presentar acciones necesarias para consolidar la transformación urbana sostenible en marcos legales internacionales, nacionales y locales.</span><span data-ccp-props="{&quot;201341983&quot;:0,&quot;335551550&quot;:6,&quot;335551620&quot;:6,&quot;335559685&quot;:-851,&quot;335559739&quot;:160,&quot;335559740&quot;:259}"> </span></p>
<p><span data-contrast="auto">El formato del evento se basará en la metodología aplicada por OnCities2030 de «unidad de inteligencia» en la que un número de personas son invitadas a trabajar de forma colaborativa en una propuesta orientada a la acción.</span><span data-ccp-props="{&quot;201341983&quot;:0,&quot;335551550&quot;:6,&quot;335551620&quot;:6,&quot;335559685&quot;:-851,&quot;335559739&quot;:160,&quot;335559740&quot;:259}"> </span></p>

<p>El objetivo principal del evento es reunir a diferentes expertos en derecho y urbanismo de todo el mundo para la reflexión y discusión de acciones legislativas concretas para favorecer la vivienda adecuada y asequible.</p>
