{"id":1069,"date":"2022-03-01T13:04:03","date_gmt":"2022-03-01T12:04:03","guid":{"rendered":"https:\/\/affordablehousingactivation.org\/?post_type=tribe_events&#038;p=1069"},"modified":"2022-04-13T19:07:54","modified_gmt":"2022-04-13T17:07:54","slug":"transformacion-a-gran-escala-un-nuevo-desafio-de-sostenibilidad","status":"publish","type":"tribe_events","link":"https:\/\/affordablehousingactivation.org\/es\/event\/transformacion-a-gran-escala-un-nuevo-desafio-de-sostenibilidad\/","title":{"rendered":"Transformaci\u00f3n a gran escala, nuevo reto de la sostenibilidad. Kleiburg en Amsterdam, Grand Parc en Burdeos."},"content":{"rendered":"<p><span data-contrast=\"auto\">La exposici\u00f3n pone en di\u00e1logo dos de los ejemplos de transformaci\u00f3n de bloques de vivienda construidos en los 60 y 70 en Europa, m\u00e1s relevantes y ganadores del Premio de Arquitectura Contempor\u00e1nea de la Uni\u00f3n Europea \u2014 Premio Mies van der Rohe.\u00a0<\/span><span data-ccp-props=\"{&quot;335551550&quot;:6,&quot;335551620&quot;:6}\">\u00a0<\/span><\/p>\n<p><span data-ccp-props=\"{&quot;335551550&quot;:6,&quot;335551620&quot;:6}\">\u00a0<\/span><span data-contrast=\"auto\">A partir de estos ejemplos presentados mediante fotograf\u00edas, textos, maquetas y v\u00eddeos, se relacionan mediante una l\u00ednea temporal, otros proyectos de caracter\u00edsticas similares que fueron derribados. Otros ejemplos de vivienda colectiva construidos m\u00e1s recientemente se presentan con maquetas y dos textos, uno de Francis Rambeft y otro de Josep Maria Montaner y Zaida Mux\u00ed sirven para introducir el tema y seguir el hilo narrativo de la exposici\u00f3n.<\/span><span data-ccp-props=\"{&quot;335551550&quot;:6,&quot;335551620&quot;:6}\">\u00a0<\/span><\/p>\n<p><span data-contrast=\"auto\">Tal y como escriben Josep Maria Montaner y Zaida Mux\u00ed, \u00abEn general, se estudian ejemplos emblem\u00e1ticos de complejos de viviendas colectivas a gran escala en el momento en que se proyectaron, construyeron e inauguraron, pero muy poco se ha estudiado y escrito sobre c\u00f3mo evolucion\u00f3 y se adapt\u00f3 cada uno de estos edificios, para saber cu\u00e1l era realmente su legado. Las casas son para vivir, y su mantenimiento y capacidad de adaptaci\u00f3n es esencial. Por lo tanto, la clave del progreso radica en c\u00f3mo y qu\u00e9 podemos aprender de la experiencia.\u00a0<\/span><span data-ccp-props=\"{&quot;335551550&quot;:6,&quot;335551620&quot;:6}\">\u00a0<\/span><\/p>\n<p><span data-ccp-props=\"{&quot;335551550&quot;:6,&quot;335551620&quot;:6}\">\u00a0<\/span><span data-contrast=\"auto\">La vivienda colectiva moderna es patrimonio vivo, por eso es importante conocer sus transformaciones y apropiaciones; para comprender cu\u00e1les han sido las cualidades de construcci\u00f3n y las instalaciones de remodelaci\u00f3n\u00bb. A partir de esta reflexi\u00f3n, la exposici\u00f3n permite debatir sobre estos bloques de vivienda que se encuentran en la mayor parte de ciudades europeas, c\u00f3mo lidiar con ellos para mejorar las condiciones de vida de sus habitantes y a la vez hacerlo viendo ejemplos de bloques de vivienda colectiva de nueva planta construidos en los \u00faltimos a\u00f1os.<\/span><span data-ccp-props=\"{&quot;335551550&quot;:6,&quot;335551620&quot;:6}\">\u00a0<\/span><\/p>\n<p><span data-ccp-props=\"{&quot;335551550&quot;:6,&quot;335551620&quot;:6}\">\u00a0<\/span><span data-contrast=\"auto\">La exposici\u00f3n muestra dos proyectos ejemplares por su transformaci\u00f3n con el objetivo de mejorar la calidad de vida de sus habitantes, teniendo en cuenta a cada uno de ellos.\u00a0 Adem\u00e1s, permite un marco de encuentro en el que abordar propuestas concretas sobre el acceso a la vivienda, a partir de ejemplos concretos que pueden ser copiados; adapt\u00e1ndolos a los contextos concretos de cada lugar.<\/span><span data-ccp-props=\"{&quot;335551550&quot;:6,&quot;335551620&quot;:6}\">\u00a0<\/span><\/p>\n<p><span data-ccp-props=\"{&quot;335551550&quot;:6,&quot;335551620&quot;:6}\">\u00a0<\/span><span data-contrast=\"auto\">Hace tres a\u00f1os, la renovaci\u00f3n de uno de los edificios de apartamentos m\u00e1s grandes de los Pa\u00edses Bajos, llamado Kleiburg, recibi\u00f3 el Premio de Arquitectura Contempor\u00e1nea de la Uni\u00f3n Europea \u2014 Premio Mies van der Rohe 2017. El Premio nunca hab\u00eda sido ganado por un proyecto de vivienda colectiva hasta entonces. Hace solo un a\u00f1o, un grupo diferente de miembros del jurado decidi\u00f3 otorgar el Premio 2019 a la transformaci\u00f3n de tres bloques de viviendas sociales en Burdeos.\u00a0<\/span><span data-ccp-props=\"{&quot;335551550&quot;:6,&quot;335551620&quot;:6}\">\u00a0<\/span><\/p>\n<p><span data-ccp-props=\"{&quot;335551550&quot;:6,&quot;335551620&quot;:6}\">\u00a0<\/span><span data-contrast=\"auto\">En ambos casos, los edificios existentes pertenec\u00edan a la ola de construcci\u00f3n masiva que ocurri\u00f3 en la d\u00e9cada de 1960 en las ciudades europeas. Son dos sobrevivientes exitosos que escaparon de la bola de demolici\u00f3n. En la exposici\u00f3n, estos dos protagonistas ilustran c\u00f3mo las transformaciones estrat\u00e9gicas y sensatas son la alternativa al derribo.<\/span><span data-ccp-props=\"{&quot;335551550&quot;:6,&quot;335551620&quot;:6}\">\u00a0<\/span><\/p>\n<h2><span class=\"TextRun SCXW192666939 BCX0\" lang=\"ES-ES\" xml:lang=\"ES-ES\" data-contrast=\"auto\"><span class=\"NormalTextRun SCXW192666939 BCX0\">Proyectos <\/span><span class=\"NormalTextRun SCXW192666939 BCX0\">incluidos<\/span><span class=\"NormalTextRun SCXW192666939 BCX0\"> en la exposici\u00f3n:<\/span><\/span><span class=\"EOP SCXW192666939 BCX0\" data-ccp-props=\"{}\">\u00a0<\/span><span data-ccp-props=\"{}\">\u00a0<\/span><\/h2>\n<ul>\n<li><span data-contrast=\"auto\">DeFiat Kleiburg, Amsterdam, XVW architectuur; NL Architects<\/span><span data-ccp-props=\"{}\">\u00a0<\/span><\/li>\n<li><span data-contrast=\"auto\">Transformation of 530 dwellings &#8211; Grand Pare Bordeaux, Bordeaux, Lacaton &amp; Vassal architectes; Fr\u00e9d\u00e9ric Druot Architecture; Christophe Hutin Architeeture<\/span><span data-ccp-props=\"{}\">\u00a0<\/span><\/li>\n<li><span data-contrast=\"auto\">Housing on Giudecca, Giudecca, Valle Architetti Associati<\/span><span data-ccp-props=\"{}\">\u00a0<\/span><\/li>\n<li><span data-contrast=\"auto\">Friedrichstadt Housing\u00a0 Block, Berlin, Aldo Rossi<\/span><span data-ccp-props=\"{}\">\u00a0<\/span><\/li>\n<li><span data-contrast=\"auto\">Rue de Meaux Housing Complex, Paris, Renzo Piano Building Workshop<\/span><span data-ccp-props=\"{}\">\u00a0<\/span><\/li>\n<li><span data-contrast=\"auto\">Residential Housing KNSM-Eiland, Amsterdam, Prof. Kollhoff Generalplanungs-GmbH Shipboy Housing, Helsinki, Helin &amp; Co Architects<\/span><span data-ccp-props=\"{}\">\u00a0<\/span><\/li>\n<li><span data-contrast=\"auto\">Borneo Sporenburg, Amsterdam, West 8 urban design &amp; landscape architecture b.v. Hagen lsland, Amsterdam, MVRDV<\/span><span data-ccp-props=\"{}\">\u00a0<\/span><\/li>\n<li><span data-contrast=\"auto\">Chass\u00e9 Park Apartments, Breda, Xaveer De Geyter Architects Schots 1 and 2, Groningen, 8333 Architecture + Urbanism Silodam, Amsterdam, MVRDV<\/span><span data-ccp-props=\"{}\">\u00a0<\/span><\/li>\n<li><span data-contrast=\"auto\">VM Housing Complex, Copenhagen, BIG &#8211; Bjarke lngels Group. JOS Architects<\/span><span data-ccp-props=\"{}\">\u00a0<\/span><\/li>\n<li><span data-contrast=\"auto\">The Mountain, Copenhagen, BIG &#8211; Bjarke lngels Group. JDS Architects<\/span><span data-ccp-props=\"{}\">\u00a0<\/span><\/li>\n<li><span data-contrast=\"auto\">Herold Social Housing, Paris, Jakob+Macfarlane<\/span><span data-ccp-props=\"{}\">\u00a0<\/span><\/li>\n<li><span data-contrast=\"auto\">8 House, Copenhagen, BIG &#8211; Bjarke lngels Group<\/span><span data-ccp-props=\"{}\">\u00a0<\/span><\/li>\n<li><span data-contrast=\"auto\">Timberyard Social Housing, Dublin, O&#8217;Donnell + Tuomey<\/span><span data-ccp-props=\"{}\">\u00a0<\/span><\/li>\n<li><span data-contrast=\"auto\">Tour Bois-le-Pretre Housing Block, Paris, Fr\u00e9d\u00e9ric Druot Architecture. Lacaton &amp; Vassal architectes<\/span><span data-ccp-props=\"{}\">\u00a0<\/span><\/li>\n<li><span data-contrast=\"auto\">NAVEZ &#8211; 5 social units, Schaarbeek, MSA 1 V+<\/span><span data-ccp-props=\"{}\">\u00a0<\/span><\/li>\n<li><span data-contrast=\"auto\">Ely Court, London, Alisan Brooks Architects<\/span><span data-ccp-props=\"{}\">\u00a0<\/span><\/li>\n<li><span data-contrast=\"auto\">Collective housing for etderly people, Barcelona, peris+toral.arquitectes; Bonell i Gil Puukuokka Housing Block (house 1), Jyvaskyla, OOPEAA Office for Peripheral Architecture<\/span><span data-ccp-props=\"{}\">\u00a0<\/span><\/li>\n<li><span data-contrast=\"auto\">Performative Brise- Soleil, Vienna, StudioVIayStreeruwitz ZT-GMBH Residential and studio building, Berlin, ifau; HEIDE &amp; VON BECKERATH<\/span><span data-ccp-props=\"{}\">\u00a0<\/span><\/li>\n<\/ul>\n","protected":false},"excerpt":{"rendered":"<p>La exposici\u00f3n pone en di\u00e1logo dos de los ejemplos de transformaci\u00f3n de bloques de vivienda construidos en los 60 y 70 en Europa, m\u00e1s relevantes y ganadores del Premio de Arquitectura Contempor\u00e1nea de la Uni\u00f3n Europea \u2014 Premio Mies van der Rohe.\u00a0\u00a0<\/p>\n","protected":false},"author":4,"featured_media":5440,"template":"","meta":{"_price":"","_stock":"","_tribe_ticket_header":"","_tribe_default_ticket_provider":"Tribe__Tickets_Plus__Commerce__WooCommerce__Main","_tribe_ticket_capacity":"0","_ticket_start_date":"","_ticket_end_date":"","_tribe_ticket_show_description":"","_tribe_ticket_show_not_going":false,"_tribe_ticket_use_global_stock":"","_tribe_ticket_global_stock_level":"","_global_stock_mode":"","_global_stock_cap":"","_tribe_rsvp_for_event":"","_tribe_ticket_going_count":"","_tribe_ticket_not_going_count":"","_tribe_tickets_list":[],"_tribe_ticket_has_attendee_info_fields":false,"_tribe_events_status":"","_tribe_events_status_reason":"","_tribe_events_is_hybrid":"","_tribe_events_is_virtual":"","_tribe_events_virtual_video_source":"","_tribe_events_virtual_embed_video":"","_tribe_events_virtual_linked_button_text":"","_tribe_events_virtual_linked_button":"","_tribe_events_virtual_show_embed_at":"","_tribe_events_virtual_show_embed_to":"","_tribe_events_virtual_show_on_event":"","_tribe_events_virtual_show_on_views":"","_tribe_events_virtual_url":""},"tags":[],"tribe_events_cat":[142],"barrera":[117,114],"acf":[],"ticketed":false,"_links":{"self":[{"href":"https:\/\/affordablehousingactivation.org\/es\/wp-json\/wp\/v2\/tribe_events\/1069"}],"collection":[{"href":"https:\/\/affordablehousingactivation.org\/es\/wp-json\/wp\/v2\/tribe_events"}],"about":[{"href":"https:\/\/affordablehousingactivation.org\/es\/wp-json\/wp\/v2\/types\/tribe_events"}],"author":[{"embeddable":true,"href":"https:\/\/affordablehousingactivation.org\/es\/wp-json\/wp\/v2\/users\/4"}],"version-history":[{"count":10,"href":"https:\/\/affordablehousingactivation.org\/es\/wp-json\/wp\/v2\/tribe_events\/1069\/revisions"}],"predecessor-version":[{"id":5442,"href":"https:\/\/affordablehousingactivation.org\/es\/wp-json\/wp\/v2\/tribe_events\/1069\/revisions\/5442"}],"wp:featuredmedia":[{"embeddable":true,"href":"https:\/\/affordablehousingactivation.org\/es\/wp-json\/wp\/v2\/media\/5440"}],"wp:attachment":[{"href":"https:\/\/affordablehousingactivation.org\/es\/wp-json\/wp\/v2\/media?parent=1069"}],"wp:term":[{"taxonomy":"post_tag","embeddable":true,"href":"https:\/\/affordablehousingactivation.org\/es\/wp-json\/wp\/v2\/tags?post=1069"},{"taxonomy":"tribe_events_cat","embeddable":true,"href":"https:\/\/affordablehousingactivation.org\/es\/wp-json\/wp\/v2\/tribe_events_cat?post=1069"},{"taxonomy":"barrera","embeddable":true,"href":"https:\/\/affordablehousingactivation.org\/es\/wp-json\/wp\/v2\/barrera?post=1069"}],"curies":[{"name":"wp","href":"https:\/\/api.w.org\/{rel}","templated":true}]}}

Transformación a gran escala, nuevo reto de la sostenibilidad. Kleiburg en Amsterdam, Grand Parc en Burdeos.

<p><span data-contrast="auto">La exposición pone en diálogo dos de los ejemplos de transformación de bloques de vivienda construidos en los 60 y 70 en Europa, más relevantes y ganadores del Premio de Arquitectura Contemporánea de la Unión Europea — Premio Mies van der Rohe. </span><span data-ccp-props="{&quot;335551550&quot;:6,&quot;335551620&quot;:6}"> </span></p>
<p><span data-ccp-props="{&quot;335551550&quot;:6,&quot;335551620&quot;:6}"> </span><span data-contrast="auto">A partir de estos ejemplos presentados mediante fotografías, textos, maquetas y vídeos, se relacionan mediante una línea temporal, otros proyectos de características similares que fueron derribados. Otros ejemplos de vivienda colectiva construidos más recientemente se presentan con maquetas y dos textos, uno de Francis Rambeft y otro de Josep Maria Montaner y Zaida Muxí sirven para introducir el tema y seguir el hilo narrativo de la exposición.</span><span data-ccp-props="{&quot;335551550&quot;:6,&quot;335551620&quot;:6}"> </span></p>
<p><span data-contrast="auto">Tal y como escriben Josep Maria Montaner y Zaida Muxí, «En general, se estudian ejemplos emblemáticos de complejos de viviendas colectivas a gran escala en el momento en que se proyectaron, construyeron e inauguraron, pero muy poco se ha estudiado y escrito sobre cómo evolucionó y se adaptó cada uno de estos edificios, para saber cuál era realmente su legado. Las casas son para vivir, y su mantenimiento y capacidad de adaptación es esencial. Por lo tanto, la clave del progreso radica en cómo y qué podemos aprender de la experiencia. </span><span data-ccp-props="{&quot;335551550&quot;:6,&quot;335551620&quot;:6}"> </span></p>
<p><span data-ccp-props="{&quot;335551550&quot;:6,&quot;335551620&quot;:6}"> </span><span data-contrast="auto">La vivienda colectiva moderna es patrimonio vivo, por eso es importante conocer sus transformaciones y apropiaciones; para comprender cuáles han sido las cualidades de construcción y las instalaciones de remodelación». A partir de esta reflexión, la exposición permite debatir sobre estos bloques de vivienda que se encuentran en la mayor parte de ciudades europeas, cómo lidiar con ellos para mejorar las condiciones de vida de sus habitantes y a la vez hacerlo viendo ejemplos de bloques de vivienda colectiva de nueva planta construidos en los últimos años.</span><span data-ccp-props="{&quot;335551550&quot;:6,&quot;335551620&quot;:6}"> </span></p>
<p><span data-ccp-props="{&quot;335551550&quot;:6,&quot;335551620&quot;:6}"> </span><span data-contrast="auto">La exposición muestra dos proyectos ejemplares por su transformación con el objetivo de mejorar la calidad de vida de sus habitantes, teniendo en cuenta a cada uno de ellos.  Además, permite un marco de encuentro en el que abordar propuestas concretas sobre el acceso a la vivienda, a partir de ejemplos concretos que pueden ser copiados; adaptándolos a los contextos concretos de cada lugar.</span><span data-ccp-props="{&quot;335551550&quot;:6,&quot;335551620&quot;:6}"> </span></p>
<p><span data-ccp-props="{&quot;335551550&quot;:6,&quot;335551620&quot;:6}"> </span><span data-contrast="auto">Hace tres años, la renovación de uno de los edificios de apartamentos más grandes de los Países Bajos, llamado Kleiburg, recibió el Premio de Arquitectura Contemporánea de la Unión Europea — Premio Mies van der Rohe 2017. El Premio nunca había sido ganado por un proyecto de vivienda colectiva hasta entonces. Hace solo un año, un grupo diferente de miembros del jurado decidió otorgar el Premio 2019 a la transformación de tres bloques de viviendas sociales en Burdeos. </span><span data-ccp-props="{&quot;335551550&quot;:6,&quot;335551620&quot;:6}"> </span></p>
<p><span data-ccp-props="{&quot;335551550&quot;:6,&quot;335551620&quot;:6}"> </span><span data-contrast="auto">En ambos casos, los edificios existentes pertenecían a la ola de construcción masiva que ocurrió en la década de 1960 en las ciudades europeas. Son dos sobrevivientes exitosos que escaparon de la bola de demolición. En la exposición, estos dos protagonistas ilustran cómo las transformaciones estratégicas y sensatas son la alternativa al derribo.</span><span data-ccp-props="{&quot;335551550&quot;:6,&quot;335551620&quot;:6}"> </span></p>
<h2><span class="TextRun SCXW192666939 BCX0" lang="ES-ES" xml:lang="ES-ES" data-contrast="auto"><span class="NormalTextRun SCXW192666939 BCX0">Proyectos </span><span class="NormalTextRun SCXW192666939 BCX0">incluidos</span><span class="NormalTextRun SCXW192666939 BCX0"> en la exposición:</span></span><span class="EOP SCXW192666939 BCX0" data-ccp-props="{}"> </span><span data-ccp-props="{}"> </span></h2>
<ul>
<li><span data-contrast="auto">DeFiat Kleiburg, Amsterdam, XVW architectuur; NL Architects</span><span data-ccp-props="{}"> </span></li>
<li><span data-contrast="auto">Transformation of 530 dwellings &#8211; Grand Pare Bordeaux, Bordeaux, Lacaton &amp; Vassal architectes; Frédéric Druot Architecture; Christophe Hutin Architeeture</span><span data-ccp-props="{}"> </span></li>
<li><span data-contrast="auto">Housing on Giudecca, Giudecca, Valle Architetti Associati</span><span data-ccp-props="{}"> </span></li>
<li><span data-contrast="auto">Friedrichstadt Housing  Block, Berlin, Aldo Rossi</span><span data-ccp-props="{}"> </span></li>
<li><span data-contrast="auto">Rue de Meaux Housing Complex, Paris, Renzo Piano Building Workshop</span><span data-ccp-props="{}"> </span></li>
<li><span data-contrast="auto">Residential Housing KNSM-Eiland, Amsterdam, Prof. Kollhoff Generalplanungs-GmbH Shipboy Housing, Helsinki, Helin &amp; Co Architects</span><span data-ccp-props="{}"> </span></li>
<li><span data-contrast="auto">Borneo Sporenburg, Amsterdam, West 8 urban design &amp; landscape architecture b.v. Hagen lsland, Amsterdam, MVRDV</span><span data-ccp-props="{}"> </span></li>
<li><span data-contrast="auto">Chassé Park Apartments, Breda, Xaveer De Geyter Architects Schots 1 and 2, Groningen, 8333 Architecture + Urbanism Silodam, Amsterdam, MVRDV</span><span data-ccp-props="{}"> </span></li>
<li><span data-contrast="auto">VM Housing Complex, Copenhagen, BIG &#8211; Bjarke lngels Group. JOS Architects</span><span data-ccp-props="{}"> </span></li>
<li><span data-contrast="auto">The Mountain, Copenhagen, BIG &#8211; Bjarke lngels Group. JDS Architects</span><span data-ccp-props="{}"> </span></li>
<li><span data-contrast="auto">Herold Social Housing, Paris, Jakob+Macfarlane</span><span data-ccp-props="{}"> </span></li>
<li><span data-contrast="auto">8 House, Copenhagen, BIG &#8211; Bjarke lngels Group</span><span data-ccp-props="{}"> </span></li>
<li><span data-contrast="auto">Timberyard Social Housing, Dublin, O&#8217;Donnell + Tuomey</span><span data-ccp-props="{}"> </span></li>
<li><span data-contrast="auto">Tour Bois-le-Pretre Housing Block, Paris, Frédéric Druot Architecture. Lacaton &amp; Vassal architectes</span><span data-ccp-props="{}"> </span></li>
<li><span data-contrast="auto">NAVEZ &#8211; 5 social units, Schaarbeek, MSA 1 V+</span><span data-ccp-props="{}"> </span></li>
<li><span data-contrast="auto">Ely Court, London, Alisan Brooks Architects</span><span data-ccp-props="{}"> </span></li>
<li><span data-contrast="auto">Collective housing for etderly people, Barcelona, peris+toral.arquitectes; Bonell i Gil Puukuokka Housing Block (house 1), Jyvaskyla, OOPEAA Office for Peripheral Architecture</span><span data-ccp-props="{}"> </span></li>
<li><span data-contrast="auto">Performative Brise- Soleil, Vienna, StudioVIayStreeruwitz ZT-GMBH Residential and studio building, Berlin, ifau; HEIDE &amp; VON BECKERATH</span><span data-ccp-props="{}"> </span></li>
</ul>

<p>La exposición pone en diálogo dos de los ejemplos de transformación de bloques de vivienda construidos en los 60 y 70 en Europa, más relevantes y ganadores del Premio de Arquitectura Contemporánea de la Unión Europea — Premio Mies van der Rohe.  </p>
