{"id":1204,"date":"2022-03-01T15:41:13","date_gmt":"2022-03-01T14:41:13","guid":{"rendered":"https:\/\/affordablehousingactivation.org\/event\/technical-standards-for-accessible-affordable-housing\/"},"modified":"2022-05-04T16:36:12","modified_gmt":"2022-05-04T14:36:12","slug":"technical-standards-for-accessible-affordable-housing","status":"publish","type":"tribe_events","link":"https:\/\/affordablehousingactivation.org\/es\/event\/technical-standards-for-accessible-affordable-housing\/","title":{"rendered":"Technical standards for accessible affordable housing"},"content":{"rendered":"<p><span data-contrast=\"none\">Enriquecer la generaci\u00f3n de criterios y par\u00e1metros consensuados a nivel internacional en la Arquitectura Para Todos (AfA).<\/span><\/p>\n<p>Generar convenios estrat\u00e9gicos de compromiso colectivo, hacia la generaci\u00f3n y aplicaci\u00f3n de Normalizaci\u00f3n T\u00e9cnica en el marco de ISO, que soporte Legislaci\u00f3n, Reglamentaci\u00f3n y Ordenanzas de Edificaci\u00f3n de Vivienda accesible y asequible a todos (AfA), en base a criterios y par\u00e1metros universalistas, para propiciar el pasaje \u201cdel Derecho Escrito al Ejercicio de ese Derecho\u201d a nivel global.<span data-ccp-props=\"{}\">\u00a0<\/span><\/p>\n<p>12 de mayo &#8211; 19:00 h (ESP)<\/p>\n<h2>Streaming link:<\/h2>\n<p><a href=\"https:\/\/youtu.be\/Fjh6UwPPCyY\" target=\"_blank\" rel=\"noopener\">https:\/\/youtu.be\/Fjh6UwPPCyY<\/a><\/p>\n<p><iframe loading=\"lazy\" title=\"Technical standards for accessible affordable housing | UIA Uruguay 12\/05\" width=\"800\" height=\"450\" src=\"https:\/\/www.youtube.com\/embed\/Fjh6UwPPCyY?feature=oembed\" frameborder=\"0\" allow=\"accelerometer; autoplay; clipboard-write; encrypted-media; gyroscope; picture-in-picture\" allowfullscreen><\/iframe><\/p>\n<h2><span data-contrast=\"none\">Ponente:<\/span><span data-ccp-props=\"{}\">\u00a0<\/span><\/h2>\n<ul>\n<li><span data-contrast=\"none\"><strong>Arq. Eduardo Alvarez<\/strong>, Beca de postgrado sobre Accesibilidad de la Embajada de Espa\u00f1a 1989; Fundador de aia-arquitectura y accesibilidad con arquitectos de Espa\u00f1a, Brasil y Colombia en 2000; Presidente del ISO\/TC59\/SC16 sobre Accesibilidad desde 2001 a 2012 y delegado de UNIT a partir de esa fecha; Asesor de organismos internacionales, conferencista, docente y autor de diversas publicaciones sobre Accesibilidad.<\/span><span data-ccp-props=\"{}\">\u00a0<\/span><\/li>\n<li><strong><span class=\"TextRun SCXW132517891 BCX0\" lang=\"ES-ES\" xml:lang=\"ES-ES\" data-contrast=\"none\"><span class=\"NormalTextRun SCXW132517891 BCX0\" data-ccp-parastyle=\"Cuerpo A\" data-ccp-parastyle-defn=\"{&quot;ObjectId&quot;:&quot;658e2ca1-3484-4e28-872b-6e3e33cdc25c|8&quot;,&quot;ClassId&quot;:1073872969,&quot;Properties&quot;:[469775450,&quot;Cuerpo A&quot;,201340122,&quot;2&quot;,134233614,&quot;true&quot;,469778129,&quot;CuerpoA&quot;,335572020,&quot;1&quot;,469777841,&quot;Helvetica Neue&quot;,469777842,&quot;Arial Unicode MS&quot;,469777843,&quot;Arial Unicode MS&quot;,469777844,&quot;Helvetica Neue&quot;,469769226,&quot;Helvetica Neue,Arial Unicode MS&quot;,335551500,&quot;0&quot;,268442635,&quot;22&quot;,335551547,&quot;1034&quot;]}\">Arq. Teresita Amarillo<\/span><\/span><\/strong><span class=\"TextRun SCXW132517891 BCX0\" lang=\"ES-ES\" xml:lang=\"ES-ES\" data-contrast=\"none\"><span class=\"NormalTextRun SCXW132517891 BCX0\" data-ccp-parastyle=\"Cuerpo A\"><strong>.<\/strong> Instituto Uruguayo de Normas T\u00e9cnicas (UNIT)<\/span><\/span><span class=\"EOP SCXW132517891 BCX0\" data-ccp-props=\"{}\">\u00a0<\/span><\/li>\n<\/ul>\n<p><span data-ccp-props=\"{}\"> <span class=\"TextRun SCXW35648526 BCX0\" lang=\"ES-ES\" xml:lang=\"ES-ES\" data-contrast=\"none\"><span class=\"NormalTextRun SCXW35648526 BCX0\" data-ccp-charstyle=\"Ninguno\" data-ccp-charstyle-defn=\"{&quot;ObjectId&quot;:&quot;8326cf2c-c301-4acf-95d2-f7866fccb702|9&quot;,&quot;ClassId&quot;:1073872969,&quot;Properties&quot;:[469775450,&quot;Ninguno&quot;,201340122,&quot;1&quot;,134233614,&quot;true&quot;,469778129,&quot;Ninguno&quot;,335572020,&quot;1&quot;,335551547,&quot;1034&quot;]}\"><strong>Organizado por<\/strong>: UIA <\/span><span class=\"NormalTextRun SCXW35648526 BCX0\" data-ccp-charstyle=\"Ninguno\">Uruguay <\/span><span class=\"NormalTextRun SCXW35648526 BCX0\" data-ccp-charstyle=\"Ninguno\">Regi\u00f3n III<\/span><span class=\"NormalTextRun SCXW35648526 BCX0\" data-ccp-charstyle=\"Ninguno\">\u00a0<\/span><\/span><span class=\"EOP SCXW35648526 BCX0\" data-ccp-props=\"{}\">\u00a0<\/span><\/span><\/p>\n","protected":false},"excerpt":{"rendered":"<p>El objetivo es potenciar la participaci\u00f3n de cada pa\u00eds en el proceso de normalizaci\u00f3n t\u00e9cnica internacional, regional o local sobre accesibilidad, regida por Directivas ISO, mediante soporte tecnol\u00f3gico que facilite la actividad no presencial.\u202f<\/p>\n","protected":false},"author":4,"featured_media":1360,"template":"","meta":{"_price":"","_stock":"","_tribe_ticket_header":"","_tribe_default_ticket_provider":"Tribe__Tickets_Plus__Commerce__WooCommerce__Main","_tribe_ticket_capacity":"0","_ticket_start_date":"","_ticket_end_date":"","_tribe_ticket_show_description":"","_tribe_ticket_show_not_going":false,"_tribe_ticket_use_global_stock":"","_tribe_ticket_global_stock_level":"","_global_stock_mode":"","_global_stock_cap":"","_tribe_rsvp_for_event":"","_tribe_ticket_going_count":"","_tribe_ticket_not_going_count":"","_tribe_tickets_list":[],"_tribe_ticket_has_attendee_info_fields":false,"_tribe_events_status":"","_tribe_events_status_reason":"","_tribe_events_is_hybrid":"","_tribe_events_is_virtual":"","_tribe_events_virtual_video_source":"","_tribe_events_virtual_embed_video":"","_tribe_events_virtual_linked_button_text":"","_tribe_events_virtual_linked_button":"","_tribe_events_virtual_show_embed_at":"","_tribe_events_virtual_show_embed_to":"","_tribe_events_virtual_show_on_event":"","_tribe_events_virtual_show_on_views":"","_tribe_events_virtual_url":""},"tags":[],"tribe_events_cat":[142],"barrera":[117,114],"acf":[],"ticketed":false,"_links":{"self":[{"href":"https:\/\/affordablehousingactivation.org\/es\/wp-json\/wp\/v2\/tribe_events\/1204"}],"collection":[{"href":"https:\/\/affordablehousingactivation.org\/es\/wp-json\/wp\/v2\/tribe_events"}],"about":[{"href":"https:\/\/affordablehousingactivation.org\/es\/wp-json\/wp\/v2\/types\/tribe_events"}],"author":[{"embeddable":true,"href":"https:\/\/affordablehousingactivation.org\/es\/wp-json\/wp\/v2\/users\/4"}],"version-history":[{"count":8,"href":"https:\/\/affordablehousingactivation.org\/es\/wp-json\/wp\/v2\/tribe_events\/1204\/revisions"}],"predecessor-version":[{"id":7997,"href":"https:\/\/affordablehousingactivation.org\/es\/wp-json\/wp\/v2\/tribe_events\/1204\/revisions\/7997"}],"wp:featuredmedia":[{"embeddable":true,"href":"https:\/\/affordablehousingactivation.org\/es\/wp-json\/wp\/v2\/media\/1360"}],"wp:attachment":[{"href":"https:\/\/affordablehousingactivation.org\/es\/wp-json\/wp\/v2\/media?parent=1204"}],"wp:term":[{"taxonomy":"post_tag","embeddable":true,"href":"https:\/\/affordablehousingactivation.org\/es\/wp-json\/wp\/v2\/tags?post=1204"},{"taxonomy":"tribe_events_cat","embeddable":true,"href":"https:\/\/affordablehousingactivation.org\/es\/wp-json\/wp\/v2\/tribe_events_cat?post=1204"},{"taxonomy":"barrera","embeddable":true,"href":"https:\/\/affordablehousingactivation.org\/es\/wp-json\/wp\/v2\/barrera?post=1204"}],"curies":[{"name":"wp","href":"https:\/\/api.w.org\/{rel}","templated":true}]}}

<p><span data-contrast="none">Enriquecer la generación de criterios y parámetros consensuados a nivel internacional en la Arquitectura Para Todos (AfA).</span></p>
<p>Generar convenios estratégicos de compromiso colectivo, hacia la generación y aplicación de Normalización Técnica en el marco de ISO, que soporte Legislación, Reglamentación y Ordenanzas de Edificación de Vivienda accesible y asequible a todos (AfA), en base a criterios y parámetros universalistas, para propiciar el pasaje “del Derecho Escrito al Ejercicio de ese Derecho” a nivel global.<span data-ccp-props="{}"> </span></p>
<p>12 de mayo &#8211; 19:00 h (ESP)</p>
<h2>Streaming link:</h2>
<p><a href="https://youtu.be/Fjh6UwPPCyY" target="_blank" rel="noopener">https://youtu.be/Fjh6UwPPCyY</a></p>
<p><iframe loading="lazy" title="Technical standards for accessible affordable housing | UIA Uruguay 12/05" width="800" height="450" src="https://www.youtube.com/embed/Fjh6UwPPCyY?feature=oembed" frameborder="0" allow="accelerometer; autoplay; clipboard-write; encrypted-media; gyroscope; picture-in-picture" allowfullscreen></iframe></p>
<h2><span data-contrast="none">Ponente:</span><span data-ccp-props="{}"> </span></h2>
<ul>
<li><span data-contrast="none"><strong>Arq. Eduardo Alvarez</strong>, Beca de postgrado sobre Accesibilidad de la Embajada de España 1989; Fundador de aia-arquitectura y accesibilidad con arquitectos de España, Brasil y Colombia en 2000; Presidente del ISO/TC59/SC16 sobre Accesibilidad desde 2001 a 2012 y delegado de UNIT a partir de esa fecha; Asesor de organismos internacionales, conferencista, docente y autor de diversas publicaciones sobre Accesibilidad.</span><span data-ccp-props="{}"> </span></li>
<li><strong><span class="TextRun SCXW132517891 BCX0" lang="ES-ES" xml:lang="ES-ES" data-contrast="none"><span class="NormalTextRun SCXW132517891 BCX0" data-ccp-parastyle="Cuerpo A" data-ccp-parastyle-defn="{&quot;ObjectId&quot;:&quot;658e2ca1-3484-4e28-872b-6e3e33cdc25c|8&quot;,&quot;ClassId&quot;:1073872969,&quot;Properties&quot;:[469775450,&quot;Cuerpo A&quot;,201340122,&quot;2&quot;,134233614,&quot;true&quot;,469778129,&quot;CuerpoA&quot;,335572020,&quot;1&quot;,469777841,&quot;Helvetica Neue&quot;,469777842,&quot;Arial Unicode MS&quot;,469777843,&quot;Arial Unicode MS&quot;,469777844,&quot;Helvetica Neue&quot;,469769226,&quot;Helvetica Neue,Arial Unicode MS&quot;,335551500,&quot;0&quot;,268442635,&quot;22&quot;,335551547,&quot;1034&quot;]}">Arq. Teresita Amarillo</span></span></strong><span class="TextRun SCXW132517891 BCX0" lang="ES-ES" xml:lang="ES-ES" data-contrast="none"><span class="NormalTextRun SCXW132517891 BCX0" data-ccp-parastyle="Cuerpo A"><strong>.</strong> Instituto Uruguayo de Normas Técnicas (UNIT)</span></span><span class="EOP SCXW132517891 BCX0" data-ccp-props="{}"> </span></li>
</ul>
<p><span data-ccp-props="{}"> <span class="TextRun SCXW35648526 BCX0" lang="ES-ES" xml:lang="ES-ES" data-contrast="none"><span class="NormalTextRun SCXW35648526 BCX0" data-ccp-charstyle="Ninguno" data-ccp-charstyle-defn="{&quot;ObjectId&quot;:&quot;8326cf2c-c301-4acf-95d2-f7866fccb702|9&quot;,&quot;ClassId&quot;:1073872969,&quot;Properties&quot;:[469775450,&quot;Ninguno&quot;,201340122,&quot;1&quot;,134233614,&quot;true&quot;,469778129,&quot;Ninguno&quot;,335572020,&quot;1&quot;,335551547,&quot;1034&quot;]}"><strong>Organizado por</strong>: UIA </span><span class="NormalTextRun SCXW35648526 BCX0" data-ccp-charstyle="Ninguno">Uruguay </span><span class="NormalTextRun SCXW35648526 BCX0" data-ccp-charstyle="Ninguno">Región III</span><span class="NormalTextRun SCXW35648526 BCX0" data-ccp-charstyle="Ninguno"> </span></span><span class="EOP SCXW35648526 BCX0" data-ccp-props="{}"> </span></span></p>

<p>El objetivo es potenciar la participación de cada país en el proceso de normalización técnica internacional, regional o local sobre accesibilidad, regida por Directivas ISO, mediante soporte tecnológico que facilite la actividad no presencial. </p>
