{"id":1253,"date":"2022-03-01T17:23:45","date_gmt":"2022-03-01T16:23:45","guid":{"rendered":"https:\/\/affordablehousingactivation.org\/event\/analisis-de-costos-entre-vivienda-accesibles-y-no-accesibles-y-su-relacion-con-los-costos-de-las-caidas-de-las-personas-mayores\/"},"modified":"2022-05-04T14:27:15","modified_gmt":"2022-05-04T12:27:15","slug":"analisis-de-costos-entre-vivienda-accesibles-y-no-accesibles-y-su-relacion-con-los-costos-de-las-caidas-de-las-personas-mayores","status":"publish","type":"tribe_events","link":"https:\/\/affordablehousingactivation.org\/es\/event\/analisis-de-costos-entre-vivienda-accesibles-y-no-accesibles-y-su-relacion-con-los-costos-de-las-caidas-de-las-personas-mayores\/","title":{"rendered":"COSTOS DE ACCESIBILIDAD EN RELACI\u00d3N CON CA\u00cdDAS DE PERSONAS MAYORES"},"content":{"rendered":"<p><span data-contrast=\"none\">El objetivo de la presentaci\u00f3n es poner de relieve que el costo de la accesibilidad en las viviendas de inter\u00e9s social no es relevante respecto de los ahorros que se producen en los 3 subsistemas de salud de Argentina. La accesibilidad no cuesta m\u00e1s.<\/span><span data-ccp-props=\"{&quot;134233117&quot;:true,&quot;134233118&quot;:true,&quot;201341983&quot;:0,&quot;335551550&quot;:6,&quot;335551620&quot;:6,&quot;335559685&quot;:0,&quot;335559731&quot;:0,&quot;335559737&quot;:0,&quot;335559740&quot;:240}\">\u00a0<\/span><\/p>\n<p><span data-contrast=\"none\">Se realiz\u00f3 una comparaci\u00f3n entre los costos de viviendas accesibles y no accesibles de planes de vivienda social en Argentina, en su relaci\u00f3n con los costos producidos por ca\u00eddas de Personas Mayores de 60 a\u00f1os y m\u00e1s en Argentina y su relaci\u00f3n con los costos de los cuidados domiciliarios de aquellas Personas Mayores que los requieran, especialmente ante la discapacidad y la dependencia. Se concluy\u00f3 que los aumentos de superficies en viviendas accesibles o adaptables no son directamente proporcionales al costo de la construcci\u00f3n. Este an\u00e1lisis demuestra que es posible alcanzar Accesibilidad o Adaptabilidad con muy poca diferencia de costo.<\/span><span data-ccp-props=\"{&quot;134233117&quot;:false,&quot;134233118&quot;:false,&quot;201341983&quot;:0,&quot;335551550&quot;:6,&quot;335551620&quot;:6,&quot;335559685&quot;:0,&quot;335559731&quot;:0,&quot;335559737&quot;:0,&quot;335559740&quot;:240}\">\u00a0<\/span><\/p>\n<p><span class=\"NormalTextRun SCXW192886266 BCX0\" data-ccp-charstyle=\"Ninguno\" data-ccp-charstyle-defn=\"{&quot;ObjectId&quot;:&quot;49c23907-9483-4807-b550-f797fb41f0e2|45&quot;,&quot;ClassId&quot;:1073872969,&quot;Properties&quot;:[469775450,&quot;Ninguno&quot;,201340122,&quot;1&quot;,134233614,&quot;true&quot;,469778129,&quot;Ninguno&quot;,335572020,&quot;1&quot;,335551547,&quot;1034&quot;]}\">11 de <\/span><span class=\"NormalTextRun SCXW192886266 BCX0\" data-ccp-charstyle=\"Ninguno\">Mayo<\/span><span class=\"NormalTextRun SCXW192886266 BCX0\" data-ccp-charstyle=\"Ninguno\">&#8211; 19:00 h (ESP)<\/span><\/p>\n<h2><span data-contrast=\"none\">Ponentes:<\/span><span data-ccp-props=\"{&quot;134233117&quot;:true,&quot;134233118&quot;:true,&quot;201341983&quot;:0,&quot;335551550&quot;:6,&quot;335551620&quot;:6,&quot;335559685&quot;:0,&quot;335559731&quot;:0,&quot;335559737&quot;:0,&quot;335559740&quot;:240}\">\u00a0<\/span><\/h2>\n<ul>\n<li><b><span data-contrast=\"none\">Arq. Eduardo Schmunis:<\/span><\/b><span data-contrast=\"none\"> Geront\u00f3logo. Director del Centro de Investigaci\u00f3n y Asesoramiento sobre el H\u00e1bitat Gerontol\u00f3gico de la Sociedad Central de Arquitectos, Buenos Aires, Argentina. Especialista en Accesibilidad Universal. Dicta cursos sobre estas tem\u00e1ticas en Universidades nacionales y extranjeras.\u00a0<\/span><span data-ccp-props=\"{&quot;134233117&quot;:true,&quot;134233118&quot;:true,&quot;201341983&quot;:0,&quot;335551550&quot;:6,&quot;335551620&quot;:6,&quot;335559740&quot;:240}\">\u00a0<\/span><\/li>\n<li><b><span data-contrast=\"none\">Arqta. Viviana Saez<\/span><\/b><span data-contrast=\"none\">: Especialista en Accesibilidad Universal. Especialista\u00a0 en Gerontolog\u00eda Comunitaria e Institucional.\u00a0\u00a0\u00a0\u00a0\u00a0\u00a0\u00a0\u00a0\u00a0\u00a0\u00a0\u00a0\u00a0\u00a0\u00a0\u00a0\u00a0\u00a0\u00a0\u00a0\u00a0\u00a0\u00a0\u00a0\u00a0\u00a0\u00a0\u00a0\u00a0\u00a0\u00a0\u00a0\u00a0\u00a0\u00a0\u00a0\u00a0\u00a0\u00a0\u00a0\u00a0\u00a0\u00a0\u00a0\u00a0\u00a0\u00a0\u00a0\u00a0\u00a0\u00a0\u00a0\u00a0\u00a0\u00a0\u00a0\u00a0\u00a0\u00a0\u00a0\u00a0\u00a0\u00a0\u00a0\u00a0\u00a0\u00a0\u00a0\u00a0\u00a0\u00a0\u00a0\u00a0\u00a0\u00a0\u00a0\u00a0\u00a0\u00a0\u00a0\u00a0\u00a0\u00a0\u00a0<\/span><span data-ccp-props=\"{&quot;134233117&quot;:true,&quot;134233118&quot;:true,&quot;201341983&quot;:0,&quot;335551550&quot;:6,&quot;335551620&quot;:6,&quot;335559740&quot;:240}\">\u00a0<\/span><\/li>\n<li><b><span data-contrast=\"none\">Arqta. Gisela Bogado: <\/span><\/b><span data-contrast=\"none\">miembro del<\/span> <span data-contrast=\"none\">Centro<\/span> <span data-contrast=\"none\">de Investigaci\u00f3n y Asesoramiento sobre el H\u00e1bitat Gerontol\u00f3gico de la Sociedad Central de Arquitectos, Buenos Aires, Argentina.\u00a0\u00a0\u00a0\u00a0\u00a0\u00a0\u00a0\u00a0\u00a0\u00a0\u00a0\u00a0\u00a0\u00a0\u00a0\u00a0\u00a0\u00a0\u00a0\u00a0\u00a0\u00a0\u00a0\u00a0\u00a0\u00a0\u00a0\u00a0\u00a0\u00a0\u00a0\u00a0\u00a0\u00a0\u00a0\u00a0\u00a0\u00a0\u00a0\u00a0\u00a0\u00a0\u00a0\u00a0\u00a0\u00a0\u00a0\u00a0\u00a0\u00a0\u00a0\u00a0\u00a0\u00a0\u00a0\u00a0\u00a0\u00a0\u00a0\u00a0\u00a0\u00a0\u00a0\u00a0\u00a0\u00a0\u00a0\u00a0\u00a0\u00a0\u00a0\u00a0\u00a0\u00a0\u00a0\u00a0\u00a0\u00a0\u00a0\u00a0\u00a0\u00a0\u00a0\u00a0\u00a0\u00a0\u00a0\u00a0\u00a0\u00a0\u00a0\u00a0\u00a0\u00a0\u00a0\u00a0\u00a0\u00a0\u00a0\u00a0\u00a0\u00a0\u00a0\u00a0\u00a0\u00a0\u00a0\u00a0\u00a0\u00a0\u00a0\u00a0\u00a0\u00a0\u00a0\u00a0\u00a0\u00a0\u00a0\u00a0\u00a0\u00a0\u00a0\u00a0\u00a0\u00a0\u00a0\u00a0\u00a0\u00a0\u00a0\u00a0\u00a0<\/span><span data-ccp-props=\"{&quot;134233117&quot;:true,&quot;134233118&quot;:true,&quot;201341983&quot;:0,&quot;335551550&quot;:6,&quot;335551620&quot;:6,&quot;335559740&quot;:240}\">\u00a0<\/span><\/li>\n<li><b><span data-contrast=\"none\">Arqta. Silvina Vera:<\/span><\/b><span data-contrast=\"none\"> miembro del<\/span> <span data-contrast=\"none\">Centro<\/span> <span data-contrast=\"none\">de Investigaci\u00f3n y Asesoramiento sobre el H\u00e1bitat Gerontol\u00f3gico de la Sociedad Central de Arquitectos, Buenos Aires, Argentina.\u00a0\u00a0\u00a0\u00a0\u00a0\u00a0\u00a0\u00a0\u00a0\u00a0\u00a0\u00a0\u00a0\u00a0\u00a0\u00a0\u00a0\u00a0\u00a0\u00a0\u00a0\u00a0\u00a0\u00a0\u00a0\u00a0\u00a0\u00a0\u00a0\u00a0\u00a0\u00a0\u00a0\u00a0\u00a0\u00a0\u00a0\u00a0\u00a0\u00a0\u00a0\u00a0\u00a0\u00a0\u00a0\u00a0\u00a0\u00a0\u00a0\u00a0\u00a0\u00a0\u00a0\u00a0\u00a0\u00a0\u00a0\u00a0\u00a0\u00a0\u00a0\u00a0\u00a0\u00a0\u00a0\u00a0\u00a0\u00a0\u00a0\u00a0\u00a0\u00a0\u00a0\u00a0\u00a0\u00a0\u00a0\u00a0\u00a0\u00a0\u00a0\u00a0\u00a0\u00a0\u00a0\u00a0\u00a0\u00a0\u00a0\u00a0\u00a0\u00a0\u00a0\u00a0\u00a0\u00a0\u00a0\u00a0\u00a0\u00a0\u00a0\u00a0\u00a0\u00a0\u00a0\u00a0\u00a0\u00a0\u00a0\u00a0\u00a0\u00a0\u00a0\u00a0\u00a0\u00a0\u00a0\u00a0\u00a0\u00a0\u00a0\u00a0\u00a0\u00a0\u00a0\u00a0\u00a0\u00a0\u00a0\u00a0\u00a0\u00a0\u00a0\u00a0\u00a0\u00a0\u00a0\u00a0\u00a0\u00a0\u00a0\u00a0\u00a0\u00a0\u00a0\u00a0\u00a0\u00a0\u00a0\u00a0\u00a0\u00a0\u00a0\u00a0<\/span><span data-ccp-props=\"{&quot;134233117&quot;:true,&quot;134233118&quot;:true,&quot;201341983&quot;:0,&quot;335551550&quot;:1,&quot;335551620&quot;:1,&quot;335559740&quot;:240}\">\u00a0<\/span><\/li>\n<li><b><span data-contrast=\"none\">Dr. en Medicina y Geriatr\u00eda Ricardo Blanco:<\/span><\/b><span data-contrast=\"none\"> miembro de la Comisi\u00f3n Directiva de la Sociedad Argentina de Gerontolog\u00eda y Geriatr\u00eda.<\/span><span data-ccp-props=\"{&quot;134233117&quot;:true,&quot;134233118&quot;:true,&quot;201341983&quot;:0,&quot;335551550&quot;:6,&quot;335551620&quot;:6,&quot;335559740&quot;:240}\">\u00a0<\/span><\/li>\n<\/ul>\n<h2>Streaming link:<\/h2>\n<p><a href=\"https:\/\/www.youtube.com\/watch?v=i0ttvMMYqck\" target=\"_blank\" rel=\"noopener\">https:\/\/www.youtube.com\/watch?v=i0ttvMMYqck<\/a><\/p>\n<p><iframe loading=\"lazy\" title=\"Costos de accesibilidad en relaci\u00f3n con ca\u00eddas de personas mayores | UIA Argentina 11\/05\" width=\"800\" height=\"450\" src=\"https:\/\/www.youtube.com\/embed\/i0ttvMMYqck?feature=oembed\" frameborder=\"0\" allow=\"accelerometer; autoplay; clipboard-write; encrypted-media; gyroscope; picture-in-picture\" allowfullscreen><\/iframe><\/p>\n<p><span class=\"TextRun SCXW44629530 BCX0\" lang=\"ES-ES\" xml:lang=\"ES-ES\" data-contrast=\"none\"><span class=\"NormalTextRun SCXW44629530 BCX0\" data-ccp-charstyle=\"Ninguno\" data-ccp-charstyle-defn=\"{&quot;ObjectId&quot;:&quot;7ab3dd4a-406d-4be5-a624-403202b117b8|45&quot;,&quot;ClassId&quot;:1073872969,&quot;Properties&quot;:[469775450,&quot;Ninguno&quot;,201340122,&quot;1&quot;,134233614,&quot;true&quot;,469778129,&quot;Ninguno&quot;,335572020,&quot;1&quot;,335551547,&quot;1034&quot;]}\"><strong>Organizado por<\/strong>: UIA Argentina (Regi\u00f3n III)<\/span><\/span><span class=\"EOP SCXW44629530 BCX0\" data-ccp-props=\"{}\">\u00a0<\/span><\/p>\n","protected":false},"excerpt":{"rendered":"<p>El objetivo de la presentaci\u00f3n es poner de relieve que el costo de la accesibilidad en las viviendas de inter\u00e9s social no es relevante respecto de los ahorros que se producen en los 3 subsistemas de salud de Argentina. <\/p>\n","protected":false},"author":4,"featured_media":1360,"template":"","meta":{"_price":"","_stock":"","_tribe_ticket_header":"","_tribe_default_ticket_provider":"Tribe__Tickets_Plus__Commerce__WooCommerce__Main","_tribe_ticket_capacity":"0","_ticket_start_date":"","_ticket_end_date":"","_tribe_ticket_show_description":"","_tribe_ticket_show_not_going":false,"_tribe_ticket_use_global_stock":"","_tribe_ticket_global_stock_level":"","_global_stock_mode":"","_global_stock_cap":"","_tribe_rsvp_for_event":"","_tribe_ticket_going_count":"","_tribe_ticket_not_going_count":"","_tribe_tickets_list":[],"_tribe_ticket_has_attendee_info_fields":false,"_tribe_events_status":"","_tribe_events_status_reason":"","_tribe_events_is_hybrid":"","_tribe_events_is_virtual":"","_tribe_events_virtual_video_source":"","_tribe_events_virtual_embed_video":"","_tribe_events_virtual_linked_button_text":"","_tribe_events_virtual_linked_button":"","_tribe_events_virtual_show_embed_at":"","_tribe_events_virtual_show_embed_to":"","_tribe_events_virtual_show_on_event":"","_tribe_events_virtual_show_on_views":"","_tribe_events_virtual_url":""},"tags":[],"tribe_events_cat":[142],"barrera":[113],"acf":[],"ticketed":false,"_links":{"self":[{"href":"https:\/\/affordablehousingactivation.org\/es\/wp-json\/wp\/v2\/tribe_events\/1253"}],"collection":[{"href":"https:\/\/affordablehousingactivation.org\/es\/wp-json\/wp\/v2\/tribe_events"}],"about":[{"href":"https:\/\/affordablehousingactivation.org\/es\/wp-json\/wp\/v2\/types\/tribe_events"}],"author":[{"embeddable":true,"href":"https:\/\/affordablehousingactivation.org\/es\/wp-json\/wp\/v2\/users\/4"}],"version-history":[{"count":16,"href":"https:\/\/affordablehousingactivation.org\/es\/wp-json\/wp\/v2\/tribe_events\/1253\/revisions"}],"predecessor-version":[{"id":7989,"href":"https:\/\/affordablehousingactivation.org\/es\/wp-json\/wp\/v2\/tribe_events\/1253\/revisions\/7989"}],"wp:featuredmedia":[{"embeddable":true,"href":"https:\/\/affordablehousingactivation.org\/es\/wp-json\/wp\/v2\/media\/1360"}],"wp:attachment":[{"href":"https:\/\/affordablehousingactivation.org\/es\/wp-json\/wp\/v2\/media?parent=1253"}],"wp:term":[{"taxonomy":"post_tag","embeddable":true,"href":"https:\/\/affordablehousingactivation.org\/es\/wp-json\/wp\/v2\/tags?post=1253"},{"taxonomy":"tribe_events_cat","embeddable":true,"href":"https:\/\/affordablehousingactivation.org\/es\/wp-json\/wp\/v2\/tribe_events_cat?post=1253"},{"taxonomy":"barrera","embeddable":true,"href":"https:\/\/affordablehousingactivation.org\/es\/wp-json\/wp\/v2\/barrera?post=1253"}],"curies":[{"name":"wp","href":"https:\/\/api.w.org\/{rel}","templated":true}]}}

COSTOS DE ACCESIBILIDAD EN RELACIÓN CON CAÍDAS DE PERSONAS MAYORES

<p><span data-contrast="none">El objetivo de la presentación es poner de relieve que el costo de la accesibilidad en las viviendas de interés social no es relevante respecto de los ahorros que se producen en los 3 subsistemas de salud de Argentina. La accesibilidad no cuesta más.</span><span data-ccp-props="{&quot;134233117&quot;:true,&quot;134233118&quot;:true,&quot;201341983&quot;:0,&quot;335551550&quot;:6,&quot;335551620&quot;:6,&quot;335559685&quot;:0,&quot;335559731&quot;:0,&quot;335559737&quot;:0,&quot;335559740&quot;:240}"> </span></p>
<p><span data-contrast="none">Se realizó una comparación entre los costos de viviendas accesibles y no accesibles de planes de vivienda social en Argentina, en su relación con los costos producidos por caídas de Personas Mayores de 60 años y más en Argentina y su relación con los costos de los cuidados domiciliarios de aquellas Personas Mayores que los requieran, especialmente ante la discapacidad y la dependencia. Se concluyó que los aumentos de superficies en viviendas accesibles o adaptables no son directamente proporcionales al costo de la construcción. Este análisis demuestra que es posible alcanzar Accesibilidad o Adaptabilidad con muy poca diferencia de costo.</span><span data-ccp-props="{&quot;134233117&quot;:false,&quot;134233118&quot;:false,&quot;201341983&quot;:0,&quot;335551550&quot;:6,&quot;335551620&quot;:6,&quot;335559685&quot;:0,&quot;335559731&quot;:0,&quot;335559737&quot;:0,&quot;335559740&quot;:240}"> </span></p>
<p><span class="NormalTextRun SCXW192886266 BCX0" data-ccp-charstyle="Ninguno" data-ccp-charstyle-defn="{&quot;ObjectId&quot;:&quot;49c23907-9483-4807-b550-f797fb41f0e2|45&quot;,&quot;ClassId&quot;:1073872969,&quot;Properties&quot;:[469775450,&quot;Ninguno&quot;,201340122,&quot;1&quot;,134233614,&quot;true&quot;,469778129,&quot;Ninguno&quot;,335572020,&quot;1&quot;,335551547,&quot;1034&quot;]}">11 de </span><span class="NormalTextRun SCXW192886266 BCX0" data-ccp-charstyle="Ninguno">Mayo</span><span class="NormalTextRun SCXW192886266 BCX0" data-ccp-charstyle="Ninguno">&#8211; 19:00 h (ESP)</span></p>
<h2><span data-contrast="none">Ponentes:</span><span data-ccp-props="{&quot;134233117&quot;:true,&quot;134233118&quot;:true,&quot;201341983&quot;:0,&quot;335551550&quot;:6,&quot;335551620&quot;:6,&quot;335559685&quot;:0,&quot;335559731&quot;:0,&quot;335559737&quot;:0,&quot;335559740&quot;:240}"> </span></h2>
<ul>
<li><b><span data-contrast="none">Arq. Eduardo Schmunis:</span></b><span data-contrast="none"> Gerontólogo. Director del Centro de Investigación y Asesoramiento sobre el Hábitat Gerontológico de la Sociedad Central de Arquitectos, Buenos Aires, Argentina. Especialista en Accesibilidad Universal. Dicta cursos sobre estas temáticas en Universidades nacionales y extranjeras. </span><span data-ccp-props="{&quot;134233117&quot;:true,&quot;134233118&quot;:true,&quot;201341983&quot;:0,&quot;335551550&quot;:6,&quot;335551620&quot;:6,&quot;335559740&quot;:240}"> </span></li>
<li><b><span data-contrast="none">Arqta. Viviana Saez</span></b><span data-contrast="none">: Especialista en Accesibilidad Universal. Especialista  en Gerontología Comunitaria e Institucional.                                                                                    </span><span data-ccp-props="{&quot;134233117&quot;:true,&quot;134233118&quot;:true,&quot;201341983&quot;:0,&quot;335551550&quot;:6,&quot;335551620&quot;:6,&quot;335559740&quot;:240}"> </span></li>
<li><b><span data-contrast="none">Arqta. Gisela Bogado: </span></b><span data-contrast="none">miembro del</span> <span data-contrast="none">Centro</span> <span data-contrast="none">de Investigación y Asesoramiento sobre el Hábitat Gerontológico de la Sociedad Central de Arquitectos, Buenos Aires, Argentina.                                                                                                                                     </span><span data-ccp-props="{&quot;134233117&quot;:true,&quot;134233118&quot;:true,&quot;201341983&quot;:0,&quot;335551550&quot;:6,&quot;335551620&quot;:6,&quot;335559740&quot;:240}"> </span></li>
<li><b><span data-contrast="none">Arqta. Silvina Vera:</span></b><span data-contrast="none"> miembro del</span> <span data-contrast="none">Centro</span> <span data-contrast="none">de Investigación y Asesoramiento sobre el Hábitat Gerontológico de la Sociedad Central de Arquitectos, Buenos Aires, Argentina.                                                                                                                                                          </span><span data-ccp-props="{&quot;134233117&quot;:true,&quot;134233118&quot;:true,&quot;201341983&quot;:0,&quot;335551550&quot;:1,&quot;335551620&quot;:1,&quot;335559740&quot;:240}"> </span></li>
<li><b><span data-contrast="none">Dr. en Medicina y Geriatría Ricardo Blanco:</span></b><span data-contrast="none"> miembro de la Comisión Directiva de la Sociedad Argentina de Gerontología y Geriatría.</span><span data-ccp-props="{&quot;134233117&quot;:true,&quot;134233118&quot;:true,&quot;201341983&quot;:0,&quot;335551550&quot;:6,&quot;335551620&quot;:6,&quot;335559740&quot;:240}"> </span></li>
</ul>
<h2>Streaming link:</h2>
<p><a href="https://www.youtube.com/watch?v=i0ttvMMYqck" target="_blank" rel="noopener">https://www.youtube.com/watch?v=i0ttvMMYqck</a></p>
<p><iframe loading="lazy" title="Costos de accesibilidad en relación con caídas de personas mayores | UIA Argentina 11/05" width="800" height="450" src="https://www.youtube.com/embed/i0ttvMMYqck?feature=oembed" frameborder="0" allow="accelerometer; autoplay; clipboard-write; encrypted-media; gyroscope; picture-in-picture" allowfullscreen></iframe></p>
<p><span class="TextRun SCXW44629530 BCX0" lang="ES-ES" xml:lang="ES-ES" data-contrast="none"><span class="NormalTextRun SCXW44629530 BCX0" data-ccp-charstyle="Ninguno" data-ccp-charstyle-defn="{&quot;ObjectId&quot;:&quot;7ab3dd4a-406d-4be5-a624-403202b117b8|45&quot;,&quot;ClassId&quot;:1073872969,&quot;Properties&quot;:[469775450,&quot;Ninguno&quot;,201340122,&quot;1&quot;,134233614,&quot;true&quot;,469778129,&quot;Ninguno&quot;,335572020,&quot;1&quot;,335551547,&quot;1034&quot;]}"><strong>Organizado por</strong>: UIA Argentina (Región III)</span></span><span class="EOP SCXW44629530 BCX0" data-ccp-props="{}"> </span></p>

<p>El objetivo de la presentación es poner de relieve que el costo de la accesibilidad en las viviendas de interés social no es relevante respecto de los ahorros que se producen en los 3 subsistemas de salud de Argentina. </p>
