{"id":1260,"date":"2022-03-01T17:36:55","date_gmt":"2022-03-01T16:36:55","guid":{"rendered":"https:\/\/affordablehousingactivation.org\/?post_type=tribe_events&#038;p=1260"},"modified":"2022-05-04T18:52:58","modified_gmt":"2022-05-04T16:52:58","slug":"barcelona-como-agente-de-cambio-urbanismo-y-vivienda-social","status":"publish","type":"tribe_events","link":"https:\/\/affordablehousingactivation.org\/es\/event\/barcelona-como-agente-de-cambio-urbanismo-y-vivienda-social\/","title":{"rendered":"Barcelona como agente de cambio. Urbanismo y vivienda social"},"content":{"rendered":"<p><span data-contrast=\"auto\">Reconocidos expertos en arquitectura, dedicados en parte o en exclusiva a la vivienda social y ganadores de distinguidos premios (no solo en el panorama regional sino nacional) charlar\u00e1n y responder\u00e1n a diversas cuestiones relacionadas con los temas propuestos a an\u00e1lisis.<\/span><span data-ccp-props=\"{}\">\u00a0<\/span><\/p>\n<p><span data-contrast=\"auto\">Una jornada en la que se reflexionar\u00e1 sobre el papel de los arquitectos y urbanistas en el proceso de idear y crear soluciones que favorezcan una vivienda social de calidad y accesible a toda la poblaci\u00f3n. El acceso a la vivienda en Barcelona ser\u00e1 el eje central a partir del cual los expertos profundizar\u00e1n.<\/span><span data-ccp-props=\"{}\">\u00a0<\/span><\/p>\n<p><span data-contrast=\"auto\">Roca se suma al debate global sobre el acceso a la vivienda \u201c<em>Affordable Housing Activation: Removing Barriers<\/em>\u00bb.<\/span><span data-ccp-props=\"{}\">\u00a0<\/span><\/p>\n<p><span data-contrast=\"auto\">La compa\u00f1\u00eda impulsar\u00e1 la repercusi\u00f3n internacional del debate en torno al acceso a una vivienda digna y adecuada. Dentro de este marco est\u00e1 la sesi\u00f3n \u2018Barcelona como agente del cambio. Urbanismo y vivienda social\u2019 en Roca Barcelona Gallery, en la que se reflexionar\u00e1 sobre el papel de los arquitectos y urbanista en el proceso de idear y crear soluciones que favorezcan una vivienda social de calidad y accesible a toda la poblaci\u00f3n aun\u00e1ndolo con la realidad social y cultural de los ciudadanos.<\/span><span data-ccp-props=\"{}\">\u00a0<\/span><\/p>\n<h2>Streaming link:<\/h2>\n<p><a href=\"https:\/\/youtu.be\/HMSPXJZbVoU\" target=\"_blank\" rel=\"noopener\">https:\/\/youtu.be\/HMSPXJZbVoU<\/a><\/p>\n<p><iframe loading=\"lazy\" title=\"Barcelona como agente de cambio. Urbanismo y vivienda social 28\/04\" width=\"800\" height=\"450\" src=\"https:\/\/www.youtube.com\/embed\/HMSPXJZbVoU?feature=oembed\" frameborder=\"0\" allow=\"accelerometer; autoplay; clipboard-write; encrypted-media; gyroscope; picture-in-picture\" allowfullscreen><\/iframe><\/p>\n<h2><span data-contrast=\"auto\">Programme: April 28th, 2022. 19.00h \u2013 21.00h<\/span><span data-ccp-props=\"{}\">\u00a0<\/span><\/h2>\n<ul>\n<li><span data-contrast=\"auto\">Presentation of the event: Roca Barcelona Gallery<\/span><span data-ccp-props=\"{}\">\u00a0<\/span><\/li>\n<li><span data-contrast=\"auto\">Introduction of the theme, session and speakers<\/span><span data-ccp-props=\"{}\">\u00a0<\/span><\/li>\n<li><span data-contrast=\"auto\">Round Table. Moderated by curator of the event<\/span><span data-ccp-props=\"{}\">\u00a0<\/span><\/li>\n<li><span data-contrast=\"auto\">Q&amp;A<\/span><span data-ccp-props=\"{}\">\u00a0<\/span><\/li>\n<\/ul>\n<h2><span data-contrast=\"auto\">Ponentes:<\/span><span data-ccp-props=\"{}\">\u00a0<\/span><\/h2>\n<p><span data-contrast=\"auto\"><strong>Carme Trilla<\/strong>, Presidenta del Observatorio Metropolitano de la Vivienda. Economista especialista en el sector de la vivienda y en poli\u0301ticas pu\u0301blicas de vivienda. Presidenta de la Fundacio\u0301n Ha\u0300bitat3 y colaboradora de Ca\u0301ritas Diocesana de Barcelona en temas de vivienda social y de inclusio\u0301n. Ex Directora general y Secretaria de Vivienda de la Generalitat de Catalun\u0303a. Colaboradora con otras administraciones pu\u0301blicas y entidades sociales en el disen\u0303o de estrategias y de instrumentos en materia de vivienda social. Autora de libros y arti\u0301culos sobre el mercado inmobiliario y sobre la incidencia de las poli\u0301ticas de vivienda en la demanda y necesidades de la sociedad.\u00a0<\/span><span data-ccp-props=\"{}\">\u00a0<\/span><\/p>\n<p><span data-contrast=\"auto\"><strong>Joan Clos<\/strong>, Consultor de Asuntos Urbanos en UN-Habitat (<em>United Nations Human Settlements Programme<\/em>). Fue alcalde de Barcelona desde septiembre de 1997 hasta septiembre de 2006. Desde 2006 hasta 2008 fue Ministro de Industria, Comercio y Turismo. Posteriormente fue Embajador de Espan\u0303a en Turqui\u0301a y Azerbaiya\u0301n. De octubre de 2010 a enero de 2018 Director Ejecutivo del Programa de Naciones Unidas para los Asentamientos Humanos (ONU-HABITAT). Graduado en la primera promocio\u0301n de la Universidad Auto\u0301noma de Barcelona, curso\u0301 sus estudios en el Hospital de Sant Pau de Barcelona. Entre los an\u0303os 1981 y 1991 fue elegido presidente de la Sociedad Espan\u0303ola de Epidemiologi\u0301a, de la que es miembro fundador, y de la Sociedad Espan\u0303ola de Salud Pu\u0301blica y Administracio\u0301n Sanitaria.\u00a0<\/span><span data-ccp-props=\"{}\">\u00a0<\/span><\/p>\n<p><span data-contrast=\"auto\"><strong>David Jua\u0301rez<\/strong>, Arquitecto co-fundador de Straddle3. Ha desarrollado proyectos de participacio\u0301n ciudadana sobre recuperacio\u0301n de tejido industrial y cultural, intervenciones colaborativas en el espacio pu\u0301blico y proyectos e investigacio\u0301n en el a\u0301mbito de la vivienda. Ha impartido charlas, cursos y talleres en centros y universidades en Europa y Latinoame\u0301rica. Ha promovido y co-disen\u0303ado diferentes herramientas digitales de co\u0301digo abierto para proyectos relacionados con el urbanismo participativo, adema\u0301s de participar en varias publicaciones especializadas. Es miembro fundador de las redes internacionales Arquitecturas Colectivas y CitizensLab.\u00a0<\/span><span data-ccp-props=\"{}\">\u00a0<\/span><\/p>\n<p><span data-contrast=\"auto\"><strong>Cristian Vivas<\/strong>, Arquitecto co-fundador de Vivas Arquitectos, estudio con sede en Barcelona fundado en 2005 por Ce\u0301sar &amp; Cristian Vivas Millaruelo que abarca los campos de la arquitectura, el urbanismo y el disen\u0303o a trave\u0301s de mu\u0301ltiples colaboraciones. Desarrolla encargos tanto de obra nueva como de rehabilitacio\u0301n, principalmente en el a\u0301mbito residencial. En 2016 recibe el premio \u201c<em>40 under 40<\/em>\u201d, seleccionados como uno de los 40 despachos emergentes en Europa.\u00a0<\/span><span data-ccp-props=\"{}\">\u00a0<\/span><\/p>\n<p><span data-contrast=\"auto\"><strong>Jose\u0301 Toral<\/strong>, Arquitecto co-fundador de Peris+Toral Arquitectes. El 2005 funda en Barcelona, junto con Marta Peris, el estudio Peris+Toral Arquitectes, la obra construida del cual se concentra en el a\u0301mbito de la vivienda pu\u0301blica colectiva y el espacio urbano. En el a\u0301mbito docente, Jose\u0301 Toral ejerce como profesor de Proyectos en la Escuela de Arquitectura Superior de Barcelona, en el curso de Taller Tema\u0301tico \u201cProyecto urbano y Espacio pu\u0301blico\u201d, y ha ejercido tambie\u0301n como profesor de la escuela de disen\u0303o IED en el Ma\u0301ster \u201c<em>Interior design for comercial spaces<\/em>\u201d el 2014 y de la UIC en el Taller \u201cArquitectura de emergencia x 10\u201d el 2010.\u00a0<\/span><span data-ccp-props=\"{}\">\u00a0<\/span><\/p>\n<h2><span data-contrast=\"auto\">Organizado por:\u00a0<\/span><span data-ccp-props=\"{}\">\u00a0<\/span><\/h2>\n<ul>\n<li><span data-contrast=\"auto\">Fundaci\u00f3 Habitat3: Gestora de vivienda social impulsada para que toda la sociedad en especial colectivos vulnerables dispongan de una vivienda digna.<\/span><\/li>\n<li><span data-contrast=\"auto\">Observatori Metropolit\u00e0 de l\u2019Habitatge (O-HB): Un instrumento de conocimiento del sector al alcance de los ayuntamientos, de los investigadores e investigadoras, de los operadores del sector y de la ciudadan\u00eda en general, que consiste en la creaci\u00f3n de una base de datos com\u00fan de indicadores que progresivamente se va ampliando.<\/span><\/li>\n<li><span data-contrast=\"auto\">Roca Barcelona Gallery: Los Roca Galleries son un punto de encuentro para el di\u00e1logo constante con el conjunto de la sociedad y con aquellos profesionales con los que comparte preocupaci\u00f3n e inter\u00e9s.<\/span><\/li>\n<\/ul>\n<p><span data-contrast=\"auto\">Formato: El evento se celebrar\u00e1 de forma presencial existiendo la posibilidad de que los interesados que no puedan acudir al lugar de manera presencial puedan seguirlo a trav\u00e9s de la cuenta de Instagram de @rocabarcelonagallery y a trav\u00e9s de la plataforma de\u00a0<em>streaming<\/em>\u00a0de AHA.<\/span><span data-ccp-props=\"{}\">\u00a0<\/span><\/p>\n","protected":false},"excerpt":{"rendered":"<p>Barcelona como agente del cambio. Urbanismo y vivienda social.<\/p>\n","protected":false},"author":4,"featured_media":5552,"template":"","meta":{"_price":"","_stock":"","_tribe_ticket_header":"","_tribe_default_ticket_provider":"Tribe__Tickets_Plus__Commerce__WooCommerce__Main","_tribe_ticket_capacity":"0","_ticket_start_date":"","_ticket_end_date":"","_tribe_ticket_show_description":"","_tribe_ticket_show_not_going":false,"_tribe_ticket_use_global_stock":"","_tribe_ticket_global_stock_level":"","_global_stock_mode":"","_global_stock_cap":"","_tribe_rsvp_for_event":"","_tribe_ticket_going_count":"","_tribe_ticket_not_going_count":"","_tribe_tickets_list":[],"_tribe_ticket_has_attendee_info_fields":false,"_tribe_events_status":"","_tribe_events_status_reason":"","_tribe_events_is_hybrid":"","_tribe_events_is_virtual":"","_tribe_events_virtual_video_source":"","_tribe_events_virtual_embed_video":"","_tribe_events_virtual_linked_button_text":"","_tribe_events_virtual_linked_button":"","_tribe_events_virtual_show_embed_at":"","_tribe_events_virtual_show_embed_to":"","_tribe_events_virtual_show_on_event":"","_tribe_events_virtual_show_on_views":"","_tribe_events_virtual_url":""},"tags":[],"tribe_events_cat":[142],"barrera":[],"acf":[],"ticketed":false,"_links":{"self":[{"href":"https:\/\/affordablehousingactivation.org\/es\/wp-json\/wp\/v2\/tribe_events\/1260"}],"collection":[{"href":"https:\/\/affordablehousingactivation.org\/es\/wp-json\/wp\/v2\/tribe_events"}],"about":[{"href":"https:\/\/affordablehousingactivation.org\/es\/wp-json\/wp\/v2\/types\/tribe_events"}],"author":[{"embeddable":true,"href":"https:\/\/affordablehousingactivation.org\/es\/wp-json\/wp\/v2\/users\/4"}],"version-history":[{"count":8,"href":"https:\/\/affordablehousingactivation.org\/es\/wp-json\/wp\/v2\/tribe_events\/1260\/revisions"}],"predecessor-version":[{"id":8037,"href":"https:\/\/affordablehousingactivation.org\/es\/wp-json\/wp\/v2\/tribe_events\/1260\/revisions\/8037"}],"wp:featuredmedia":[{"embeddable":true,"href":"https:\/\/affordablehousingactivation.org\/es\/wp-json\/wp\/v2\/media\/5552"}],"wp:attachment":[{"href":"https:\/\/affordablehousingactivation.org\/es\/wp-json\/wp\/v2\/media?parent=1260"}],"wp:term":[{"taxonomy":"post_tag","embeddable":true,"href":"https:\/\/affordablehousingactivation.org\/es\/wp-json\/wp\/v2\/tags?post=1260"},{"taxonomy":"tribe_events_cat","embeddable":true,"href":"https:\/\/affordablehousingactivation.org\/es\/wp-json\/wp\/v2\/tribe_events_cat?post=1260"},{"taxonomy":"barrera","embeddable":true,"href":"https:\/\/affordablehousingactivation.org\/es\/wp-json\/wp\/v2\/barrera?post=1260"}],"curies":[{"name":"wp","href":"https:\/\/api.w.org\/{rel}","templated":true}]}}

<p><span data-contrast="auto">Reconocidos expertos en arquitectura, dedicados en parte o en exclusiva a la vivienda social y ganadores de distinguidos premios (no solo en el panorama regional sino nacional) charlarán y responderán a diversas cuestiones relacionadas con los temas propuestos a análisis.</span><span data-ccp-props="{}"> </span></p>
<p><span data-contrast="auto">Una jornada en la que se reflexionará sobre el papel de los arquitectos y urbanistas en el proceso de idear y crear soluciones que favorezcan una vivienda social de calidad y accesible a toda la población. El acceso a la vivienda en Barcelona será el eje central a partir del cual los expertos profundizarán.</span><span data-ccp-props="{}"> </span></p>
<p><span data-contrast="auto">Roca se suma al debate global sobre el acceso a la vivienda “<em>Affordable Housing Activation: Removing Barriers</em>».</span><span data-ccp-props="{}"> </span></p>
<p><span data-contrast="auto">La compañía impulsará la repercusión internacional del debate en torno al acceso a una vivienda digna y adecuada. Dentro de este marco está la sesión ‘Barcelona como agente del cambio. Urbanismo y vivienda social’ en Roca Barcelona Gallery, en la que se reflexionará sobre el papel de los arquitectos y urbanista en el proceso de idear y crear soluciones que favorezcan una vivienda social de calidad y accesible a toda la población aunándolo con la realidad social y cultural de los ciudadanos.</span><span data-ccp-props="{}"> </span></p>
<h2>Streaming link:</h2>
<p><a href="https://youtu.be/HMSPXJZbVoU" target="_blank" rel="noopener">https://youtu.be/HMSPXJZbVoU</a></p>
<p><iframe loading="lazy" title="Barcelona como agente de cambio. Urbanismo y vivienda social 28/04" width="800" height="450" src="https://www.youtube.com/embed/HMSPXJZbVoU?feature=oembed" frameborder="0" allow="accelerometer; autoplay; clipboard-write; encrypted-media; gyroscope; picture-in-picture" allowfullscreen></iframe></p>
<h2><span data-contrast="auto">Programme: April 28th, 2022. 19.00h – 21.00h</span><span data-ccp-props="{}"> </span></h2>
<ul>
<li><span data-contrast="auto">Presentation of the event: Roca Barcelona Gallery</span><span data-ccp-props="{}"> </span></li>
<li><span data-contrast="auto">Introduction of the theme, session and speakers</span><span data-ccp-props="{}"> </span></li>
<li><span data-contrast="auto">Round Table. Moderated by curator of the event</span><span data-ccp-props="{}"> </span></li>
<li><span data-contrast="auto">Q&amp;A</span><span data-ccp-props="{}"> </span></li>
</ul>
<h2><span data-contrast="auto">Ponentes:</span><span data-ccp-props="{}"> </span></h2>
<p><span data-contrast="auto"><strong>Carme Trilla</strong>, Presidenta del Observatorio Metropolitano de la Vivienda. Economista especialista en el sector de la vivienda y en políticas públicas de vivienda. Presidenta de la Fundación Hàbitat3 y colaboradora de Cáritas Diocesana de Barcelona en temas de vivienda social y de inclusión. Ex Directora general y Secretaria de Vivienda de la Generalitat de Cataluña. Colaboradora con otras administraciones públicas y entidades sociales en el diseño de estrategias y de instrumentos en materia de vivienda social. Autora de libros y artículos sobre el mercado inmobiliario y sobre la incidencia de las políticas de vivienda en la demanda y necesidades de la sociedad. </span><span data-ccp-props="{}"> </span></p>
<p><span data-contrast="auto"><strong>Joan Clos</strong>, Consultor de Asuntos Urbanos en UN-Habitat (<em>United Nations Human Settlements Programme</em>). Fue alcalde de Barcelona desde septiembre de 1997 hasta septiembre de 2006. Desde 2006 hasta 2008 fue Ministro de Industria, Comercio y Turismo. Posteriormente fue Embajador de España en Turquía y Azerbaiyán. De octubre de 2010 a enero de 2018 Director Ejecutivo del Programa de Naciones Unidas para los Asentamientos Humanos (ONU-HABITAT). Graduado en la primera promoción de la Universidad Autónoma de Barcelona, cursó sus estudios en el Hospital de Sant Pau de Barcelona. Entre los años 1981 y 1991 fue elegido presidente de la Sociedad Española de Epidemiología, de la que es miembro fundador, y de la Sociedad Española de Salud Pública y Administración Sanitaria. </span><span data-ccp-props="{}"> </span></p>
<p><span data-contrast="auto"><strong>David Juárez</strong>, Arquitecto co-fundador de Straddle3. Ha desarrollado proyectos de participación ciudadana sobre recuperación de tejido industrial y cultural, intervenciones colaborativas en el espacio público y proyectos e investigación en el ámbito de la vivienda. Ha impartido charlas, cursos y talleres en centros y universidades en Europa y Latinoamérica. Ha promovido y co-diseñado diferentes herramientas digitales de código abierto para proyectos relacionados con el urbanismo participativo, además de participar en varias publicaciones especializadas. Es miembro fundador de las redes internacionales Arquitecturas Colectivas y CitizensLab. </span><span data-ccp-props="{}"> </span></p>
<p><span data-contrast="auto"><strong>Cristian Vivas</strong>, Arquitecto co-fundador de Vivas Arquitectos, estudio con sede en Barcelona fundado en 2005 por César &amp; Cristian Vivas Millaruelo que abarca los campos de la arquitectura, el urbanismo y el diseño a través de múltiples colaboraciones. Desarrolla encargos tanto de obra nueva como de rehabilitación, principalmente en el ámbito residencial. En 2016 recibe el premio “<em>40 under 40</em>”, seleccionados como uno de los 40 despachos emergentes en Europa. </span><span data-ccp-props="{}"> </span></p>
<p><span data-contrast="auto"><strong>José Toral</strong>, Arquitecto co-fundador de Peris+Toral Arquitectes. El 2005 funda en Barcelona, junto con Marta Peris, el estudio Peris+Toral Arquitectes, la obra construida del cual se concentra en el ámbito de la vivienda pública colectiva y el espacio urbano. En el ámbito docente, José Toral ejerce como profesor de Proyectos en la Escuela de Arquitectura Superior de Barcelona, en el curso de Taller Temático “Proyecto urbano y Espacio público”, y ha ejercido también como profesor de la escuela de diseño IED en el Máster “<em>Interior design for comercial spaces</em>” el 2014 y de la UIC en el Taller “Arquitectura de emergencia x 10” el 2010. </span><span data-ccp-props="{}"> </span></p>
<h2><span data-contrast="auto">Organizado por: </span><span data-ccp-props="{}"> </span></h2>
<ul>
<li><span data-contrast="auto">Fundació Habitat3: Gestora de vivienda social impulsada para que toda la sociedad en especial colectivos vulnerables dispongan de una vivienda digna.</span></li>
<li><span data-contrast="auto">Observatori Metropolità de l’Habitatge (O-HB): Un instrumento de conocimiento del sector al alcance de los ayuntamientos, de los investigadores e investigadoras, de los operadores del sector y de la ciudadanía en general, que consiste en la creación de una base de datos común de indicadores que progresivamente se va ampliando.</span></li>
<li><span data-contrast="auto">Roca Barcelona Gallery: Los Roca Galleries son un punto de encuentro para el diálogo constante con el conjunto de la sociedad y con aquellos profesionales con los que comparte preocupación e interés.</span></li>
</ul>
<p><span data-contrast="auto">Formato: El evento se celebrará de forma presencial existiendo la posibilidad de que los interesados que no puedan acudir al lugar de manera presencial puedan seguirlo a través de la cuenta de Instagram de @rocabarcelonagallery y a través de la plataforma de <em>streaming</em> de AHA.</span><span data-ccp-props="{}"> </span></p>
