{"id":1284,"date":"2022-03-01T18:04:33","date_gmt":"2022-03-01T17:04:33","guid":{"rendered":"https:\/\/affordablehousingactivation.org\/?post_type=tribe_events&#038;p=1284"},"modified":"2022-05-02T13:01:59","modified_gmt":"2022-05-02T11:01:59","slug":"seminario-vivienda-y-ciudad-3","status":"publish","type":"tribe_events","link":"https:\/\/affordablehousingactivation.org\/es\/event\/seminario-vivienda-y-ciudad-3\/","title":{"rendered":"Seminario Vivienda y Ciudad"},"content":{"rendered":"<p><span data-contrast=\"auto\">La Sociedad Colombiana de Arquitectos y la Pontificia Universidad javeriana proponen reunirse junto a expertos en urbanismo y arquitectura, profesionales de otras disciplinas como antrop\u00f3logos, economistas, historiadores y pol\u00edticos, para analizar el impacto en el territorio y la ciudad de la actual pol\u00edtica p\u00fablica y producci\u00f3n de vivienda. Todo ello en el marco de una crisis que abarca la totalidad de un mundo debatido entre mantener paradigmas de probada caducidad o responder a las exigencias de un presente que est\u00e1 develando grandes falencias en su concepci\u00f3n del desarrollo y en la garant\u00eda del derecho a un h\u00e1bitat digno y de calidad.<\/span><span data-ccp-props=\"{&quot;201341983&quot;:0,&quot;335551550&quot;:6,&quot;335551620&quot;:6,&quot;335559739&quot;:160,&quot;335559740&quot;:259}\">\u00a0<\/span><\/p>\n<p><span data-contrast=\"auto\">Nuestro objetivo es dise\u00f1ar un momento disruptivo para transmitir conocimiento y generar cr\u00edtica constructiva en torno a la vivienda de calidad en Colombia.\u00a0<\/span><span data-ccp-props=\"{&quot;201341983&quot;:0,&quot;335551550&quot;:6,&quot;335551620&quot;:6,&quot;335559739&quot;:160,&quot;335559740&quot;:259}\">\u00a0<\/span><\/p>\n<p><span data-contrast=\"auto\">Generar una reflexi\u00f3n sobre la crisis de la vivienda en Colombia y el impacto producido por las barreras que limitan el derecho a la vivienda de calidad para todos.<\/span><span data-ccp-props=\"{&quot;201341983&quot;:0,&quot;335551550&quot;:6,&quot;335551620&quot;:6,&quot;335559739&quot;:160,&quot;335559740&quot;:259}\">\u00a0<\/span><\/p>\n<p><span data-contrast=\"auto\">El Foro estar\u00e1 distribuido en 6 paneles de expertos tem\u00e1ticos que tratar\u00e1n sobre las barreras de asequibilidad a la vivienda, en<\/span><span data-contrast=\"auto\">foc\u00e1ndose en el contexto colombiano.<\/span><span data-ccp-props=\"{&quot;201341983&quot;:0,&quot;335551550&quot;:6,&quot;335551620&quot;:6,&quot;335559739&quot;:160,&quot;335559740&quot;:259}\">\u00a0<\/span><\/p>\n<h2>PROGRAMA<\/h2>\n<p><span data-contrast=\"auto\">EL CONTEXTO COLOMBIANO\u00a0<\/span><span data-ccp-props=\"{&quot;201341983&quot;:0,&quot;335551550&quot;:6,&quot;335551620&quot;:6,&quot;335559739&quot;:160,&quot;335559740&quot;:259}\">\u00a0<\/span><\/p>\n<ul>\n<li data-leveltext=\"\uf0b7\" data-font=\"Symbol\" data-listid=\"5\" aria-setsize=\"-1\" data-aria-posinset=\"1\" data-aria-level=\"1\"><span data-contrast=\"auto\">DIA 1\u00a0<\/span><span data-ccp-props=\"{&quot;201341983&quot;:0,&quot;335551550&quot;:6,&quot;335551620&quot;:6,&quot;335559739&quot;:0,&quot;335559740&quot;:240}\">\u00a0<\/span><\/li>\n<\/ul>\n<p><span data-contrast=\"auto\">8:00 a.m.<\/span>\u00a0 \u00a0 \u00a0 \u00a0 \u00a0 \u00a0 \u00a0 <span data-contrast=\"auto\">1.MECANISMOS DE FINANCIACI\u00d3N<\/span><span data-ccp-props=\"{&quot;201341983&quot;:0,&quot;335551550&quot;:6,&quot;335551620&quot;:6,&quot;335559739&quot;:160,&quot;335559740&quot;:259}\">\u00a0<\/span><\/p>\n<p><span data-contrast=\"auto\">9:30 a.m.\u00a0\u00a0\u00a0\u00a0\u00a0\u00a0\u00a0\u00a0\u00a0\u00a0\u00a0\u00a0\u00a0 2. DESAJUSTES ENTRE OFERTA Y DEMANDA<\/span><span data-ccp-props=\"{&quot;201341983&quot;:0,&quot;335551550&quot;:6,&quot;335551620&quot;:6,&quot;335559739&quot;:160,&quot;335559740&quot;:259}\">\u00a0<\/span><\/p>\n<p><span data-contrast=\"auto\">11:00 a.m.\u00a0\u00a0\u00a0\u00a0\u00a0\u00a0\u00a0\u00a0\u00a0\u00a0\u00a0 3. FORMAS DE PRODUCCI\u00d3N, PROPIEDAD Y TENENCIA\u00a0\u00a0<\/span><span data-ccp-props=\"{&quot;201341983&quot;:0,&quot;335551550&quot;:6,&quot;335551620&quot;:6,&quot;335559739&quot;:160,&quot;335559740&quot;:259}\">\u00a0<\/span><\/p>\n<ul>\n<li data-leveltext=\"\uf0b7\" data-font=\"Symbol\" data-listid=\"5\" aria-setsize=\"-1\" data-aria-posinset=\"1\" data-aria-level=\"1\"><span data-contrast=\"auto\">DIA 2\u00a0<\/span> \u00a0 \u00a0<span data-ccp-props=\"{&quot;201341983&quot;:0,&quot;335551550&quot;:6,&quot;335551620&quot;:6,&quot;335559739&quot;:160,&quot;335559740&quot;:259}\">\u00a0<\/span><\/li>\n<\/ul>\n<p><span data-contrast=\"auto\">8:00 a.m.\u00a0\u00a0\u00a0\u00a0\u00a0\u00a0\u00a0\u00a0\u00a0\u00a0\u00a0\u00a0\u00a0 4. SUELO Y DESARROLLO URBANO\u00a0<\/span><span data-ccp-props=\"{&quot;201341983&quot;:0,&quot;335551550&quot;:6,&quot;335551620&quot;:6,&quot;335559739&quot;:160,&quot;335559740&quot;:259}\">\u00a0<\/span><\/p>\n<p><span data-contrast=\"auto\">9:30 a.m.\u00a0\u00a0\u00a0\u00a0\u00a0\u00a0\u00a0\u00a0\u00a0\u00a0\u00a0\u00a0\u00a0 5. POL\u00cdTICA P\u00daBLICA Y NORMATIVA<\/span><span data-ccp-props=\"{&quot;201341983&quot;:0,&quot;335551550&quot;:6,&quot;335551620&quot;:6,&quot;335559739&quot;:160,&quot;335559740&quot;:259}\">\u00a0<\/span><\/p>\n<p><span data-contrast=\"auto\">11.00 a.m.\u00a0\u00a0\u00a0\u00a0\u00a0\u00a0\u00a0\u00a0\u00a0\u00a0\u00a0 6. COSTOS DE CONSTRUCCI\u00d3N Y RENOVACI\u00d3N DE VIVIENDAS<\/span><span data-ccp-props=\"{&quot;201341983&quot;:0,&quot;335551550&quot;:6,&quot;335551620&quot;:6,&quot;335559739&quot;:160,&quot;335559740&quot;:259}\">\u00a0<\/span><\/p>\n<h2><span data-contrast=\"auto\">ORGANIZADO POR:\u00a0<\/span><span data-ccp-props=\"{&quot;201341983&quot;:0,&quot;335551550&quot;:6,&quot;335551620&quot;:6,&quot;335559739&quot;:160,&quot;335559740&quot;:259}\">\u00a0<\/span><\/h2>\n<ul>\n<li><span data-contrast=\"auto\">Sociedad Colombiana de Arquitectos \u2013 SCA<\/span><span data-ccp-props=\"{&quot;201341983&quot;:0,&quot;335551550&quot;:6,&quot;335551620&quot;:6,&quot;335559739&quot;:160,&quot;335559740&quot;:259}\">\u00a0<\/span><\/li>\n<li><span data-contrast=\"auto\">Pontificia Universidad Javeriana &#8211; Facultad de Arquitectura<\/span><span data-ccp-props=\"{&quot;201341983&quot;:0,&quot;335551550&quot;:6,&quot;335551620&quot;:6,&quot;335559739&quot;:160,&quot;335559740&quot;:259}\">\u00a0<\/span><\/li>\n<\/ul>\n<p><a href=\"https:\/\/sociedadcolombianadearquitectos.org\/aha-events-uia-international-forum\/\" target=\"_blank\" rel=\"noopener\">https:\/\/sociedadcolombianadearquitectos.org\/aha-events-uia-international-forum\/<\/a><\/p>\n","protected":false},"excerpt":{"rendered":"<p>Reflexionar sobre los problemas de la vida cotidiana en general y en particular la dirigida a los sectores de bajos ingresos en Colombia.\u00a0<\/p>\n","protected":false},"author":11,"featured_media":7182,"template":"","meta":{"_price":"","_stock":"","_tribe_ticket_header":"","_tribe_default_ticket_provider":"Tribe__Tickets_Plus__Commerce__WooCommerce__Main","_tribe_ticket_capacity":"0","_ticket_start_date":"","_ticket_end_date":"","_tribe_ticket_show_description":"","_tribe_ticket_show_not_going":false,"_tribe_ticket_use_global_stock":"","_tribe_ticket_global_stock_level":"","_global_stock_mode":"","_global_stock_cap":"","_tribe_rsvp_for_event":"","_tribe_ticket_going_count":"","_tribe_ticket_not_going_count":"","_tribe_tickets_list":[],"_tribe_ticket_has_attendee_info_fields":false,"_tribe_events_status":"","_tribe_events_status_reason":"","_tribe_events_is_hybrid":"","_tribe_events_is_virtual":"","_tribe_events_virtual_video_source":"","_tribe_events_virtual_embed_video":"","_tribe_events_virtual_linked_button_text":"","_tribe_events_virtual_linked_button":"","_tribe_events_virtual_show_embed_at":"","_tribe_events_virtual_show_embed_to":"","_tribe_events_virtual_show_on_event":"","_tribe_events_virtual_show_on_views":"","_tribe_events_virtual_url":""},"tags":[],"tribe_events_cat":[142],"barrera":[],"acf":[],"ticketed":false,"_links":{"self":[{"href":"https:\/\/affordablehousingactivation.org\/es\/wp-json\/wp\/v2\/tribe_events\/1284"}],"collection":[{"href":"https:\/\/affordablehousingactivation.org\/es\/wp-json\/wp\/v2\/tribe_events"}],"about":[{"href":"https:\/\/affordablehousingactivation.org\/es\/wp-json\/wp\/v2\/types\/tribe_events"}],"author":[{"embeddable":true,"href":"https:\/\/affordablehousingactivation.org\/es\/wp-json\/wp\/v2\/users\/11"}],"version-history":[{"count":11,"href":"https:\/\/affordablehousingactivation.org\/es\/wp-json\/wp\/v2\/tribe_events\/1284\/revisions"}],"predecessor-version":[{"id":7186,"href":"https:\/\/affordablehousingactivation.org\/es\/wp-json\/wp\/v2\/tribe_events\/1284\/revisions\/7186"}],"wp:featuredmedia":[{"embeddable":true,"href":"https:\/\/affordablehousingactivation.org\/es\/wp-json\/wp\/v2\/media\/7182"}],"wp:attachment":[{"href":"https:\/\/affordablehousingactivation.org\/es\/wp-json\/wp\/v2\/media?parent=1284"}],"wp:term":[{"taxonomy":"post_tag","embeddable":true,"href":"https:\/\/affordablehousingactivation.org\/es\/wp-json\/wp\/v2\/tags?post=1284"},{"taxonomy":"tribe_events_cat","embeddable":true,"href":"https:\/\/affordablehousingactivation.org\/es\/wp-json\/wp\/v2\/tribe_events_cat?post=1284"},{"taxonomy":"barrera","embeddable":true,"href":"https:\/\/affordablehousingactivation.org\/es\/wp-json\/wp\/v2\/barrera?post=1284"}],"curies":[{"name":"wp","href":"https:\/\/api.w.org\/{rel}","templated":true}]}}

<p><span data-contrast="auto">La Sociedad Colombiana de Arquitectos y la Pontificia Universidad javeriana proponen reunirse junto a expertos en urbanismo y arquitectura, profesionales de otras disciplinas como antropólogos, economistas, historiadores y políticos, para analizar el impacto en el territorio y la ciudad de la actual política pública y producción de vivienda. Todo ello en el marco de una crisis que abarca la totalidad de un mundo debatido entre mantener paradigmas de probada caducidad o responder a las exigencias de un presente que está develando grandes falencias en su concepción del desarrollo y en la garantía del derecho a un hábitat digno y de calidad.</span><span data-ccp-props="{&quot;201341983&quot;:0,&quot;335551550&quot;:6,&quot;335551620&quot;:6,&quot;335559739&quot;:160,&quot;335559740&quot;:259}"> </span></p>
<p><span data-contrast="auto">Nuestro objetivo es diseñar un momento disruptivo para transmitir conocimiento y generar crítica constructiva en torno a la vivienda de calidad en Colombia. </span><span data-ccp-props="{&quot;201341983&quot;:0,&quot;335551550&quot;:6,&quot;335551620&quot;:6,&quot;335559739&quot;:160,&quot;335559740&quot;:259}"> </span></p>
<p><span data-contrast="auto">Generar una reflexión sobre la crisis de la vivienda en Colombia y el impacto producido por las barreras que limitan el derecho a la vivienda de calidad para todos.</span><span data-ccp-props="{&quot;201341983&quot;:0,&quot;335551550&quot;:6,&quot;335551620&quot;:6,&quot;335559739&quot;:160,&quot;335559740&quot;:259}"> </span></p>
<p><span data-contrast="auto">El Foro estará distribuido en 6 paneles de expertos temáticos que tratarán sobre las barreras de asequibilidad a la vivienda, en</span><span data-contrast="auto">focándose en el contexto colombiano.</span><span data-ccp-props="{&quot;201341983&quot;:0,&quot;335551550&quot;:6,&quot;335551620&quot;:6,&quot;335559739&quot;:160,&quot;335559740&quot;:259}"> </span></p>
<h2>PROGRAMA</h2>
<p><span data-contrast="auto">EL CONTEXTO COLOMBIANO </span><span data-ccp-props="{&quot;201341983&quot;:0,&quot;335551550&quot;:6,&quot;335551620&quot;:6,&quot;335559739&quot;:160,&quot;335559740&quot;:259}"> </span></p>
<ul>
<li data-leveltext="" data-font="Symbol" data-listid="5" aria-setsize="-1" data-aria-posinset="1" data-aria-level="1"><span data-contrast="auto">DIA 1 </span><span data-ccp-props="{&quot;201341983&quot;:0,&quot;335551550&quot;:6,&quot;335551620&quot;:6,&quot;335559739&quot;:0,&quot;335559740&quot;:240}"> </span></li>
</ul>
<p><span data-contrast="auto">8:00 a.m.</span>              <span data-contrast="auto">1.MECANISMOS DE FINANCIACIÓN</span><span data-ccp-props="{&quot;201341983&quot;:0,&quot;335551550&quot;:6,&quot;335551620&quot;:6,&quot;335559739&quot;:160,&quot;335559740&quot;:259}"> </span></p>
<p><span data-contrast="auto">9:30 a.m.              2. DESAJUSTES ENTRE OFERTA Y DEMANDA</span><span data-ccp-props="{&quot;201341983&quot;:0,&quot;335551550&quot;:6,&quot;335551620&quot;:6,&quot;335559739&quot;:160,&quot;335559740&quot;:259}"> </span></p>
<p><span data-contrast="auto">11:00 a.m.            3. FORMAS DE PRODUCCIÓN, PROPIEDAD Y TENENCIA  </span><span data-ccp-props="{&quot;201341983&quot;:0,&quot;335551550&quot;:6,&quot;335551620&quot;:6,&quot;335559739&quot;:160,&quot;335559740&quot;:259}"> </span></p>
<ul>
<li data-leveltext="" data-font="Symbol" data-listid="5" aria-setsize="-1" data-aria-posinset="1" data-aria-level="1"><span data-contrast="auto">DIA 2 </span>    <span data-ccp-props="{&quot;201341983&quot;:0,&quot;335551550&quot;:6,&quot;335551620&quot;:6,&quot;335559739&quot;:160,&quot;335559740&quot;:259}"> </span></li>
</ul>
<p><span data-contrast="auto">8:00 a.m.              4. SUELO Y DESARROLLO URBANO </span><span data-ccp-props="{&quot;201341983&quot;:0,&quot;335551550&quot;:6,&quot;335551620&quot;:6,&quot;335559739&quot;:160,&quot;335559740&quot;:259}"> </span></p>
<p><span data-contrast="auto">9:30 a.m.              5. POLÍTICA PÚBLICA Y NORMATIVA</span><span data-ccp-props="{&quot;201341983&quot;:0,&quot;335551550&quot;:6,&quot;335551620&quot;:6,&quot;335559739&quot;:160,&quot;335559740&quot;:259}"> </span></p>
<p><span data-contrast="auto">11.00 a.m.            6. COSTOS DE CONSTRUCCIÓN Y RENOVACIÓN DE VIVIENDAS</span><span data-ccp-props="{&quot;201341983&quot;:0,&quot;335551550&quot;:6,&quot;335551620&quot;:6,&quot;335559739&quot;:160,&quot;335559740&quot;:259}"> </span></p>
<h2><span data-contrast="auto">ORGANIZADO POR: </span><span data-ccp-props="{&quot;201341983&quot;:0,&quot;335551550&quot;:6,&quot;335551620&quot;:6,&quot;335559739&quot;:160,&quot;335559740&quot;:259}"> </span></h2>
<ul>
<li><span data-contrast="auto">Sociedad Colombiana de Arquitectos – SCA</span><span data-ccp-props="{&quot;201341983&quot;:0,&quot;335551550&quot;:6,&quot;335551620&quot;:6,&quot;335559739&quot;:160,&quot;335559740&quot;:259}"> </span></li>
<li><span data-contrast="auto">Pontificia Universidad Javeriana &#8211; Facultad de Arquitectura</span><span data-ccp-props="{&quot;201341983&quot;:0,&quot;335551550&quot;:6,&quot;335551620&quot;:6,&quot;335559739&quot;:160,&quot;335559740&quot;:259}"> </span></li>
</ul>
<p><a href="https://sociedadcolombianadearquitectos.org/aha-events-uia-international-forum/" target="_blank" rel="noopener">https://sociedadcolombianadearquitectos.org/aha-events-uia-international-forum/</a></p>
