{"id":1300,"date":"2022-04-29T17:11:20","date_gmt":"2022-04-29T15:11:20","guid":{"rendered":"https:\/\/affordablehousingactivation.org\/?post_type=tribe_events&#038;p=1300"},"modified":"2022-04-29T17:11:36","modified_gmt":"2022-04-29T15:11:36","slug":"the-house-we-want","status":"publish","type":"tribe_events","link":"https:\/\/affordablehousingactivation.org\/es\/event\/the-house-we-want\/","title":{"rendered":"The House We Want"},"content":{"rendered":"<p><span data-contrast=\"none\">La compa\u00f1\u00eda impulsar\u00e1 la repercusi\u00f3n internacional del debate en torno al acceso a una vivienda digna y adecuada a trav\u00e9s de la organizaci\u00f3n de <\/span><b><span data-contrast=\"none\">7 eventos AHA en los Roca Gallery de Madrid, Barcelona, Lisboa, Londres, Shanghai y Beijing.<\/span><\/b><span data-contrast=\"none\"> Dentro de estas actividades se enmarca la sesi\u00f3n <\/span><b><span data-contrast=\"none\">\u2018The Home We <\/span><\/b><b><span data-contrast=\"none\">Need<\/span><\/b><b><span data-contrast=\"none\"> Want\u2019<\/span><\/b><span data-contrast=\"none\"> en Roca Madrid Gallery.<\/span><span data-ccp-props=\"{&quot;201341983&quot;:0,&quot;335551550&quot;:1,&quot;335551620&quot;:1,&quot;335559739&quot;:160,&quot;335559740&quot;:259}\">\u00a0<\/span><\/p>\n<h2>Link de acceso:<\/h2>\n<p><a href=\"https:\/\/youtu.be\/vYg0FjqMfkE\" target=\"_blank\" rel=\"noopener\">https:\/\/youtu.be\/vYg0FjqMfkE<\/a><\/p>\n<h2>Ponentes:<\/h2>\n<ul>\n<li><b><span data-contrast=\"none\">Jes\u00fas Leal,<\/span><\/b><span data-contrast=\"none\"> Profesor Em\u00e9rito de la Universidad Complutense de Madrid. Experto en Sociolog\u00eda Urbana y Vivienda.<\/span><span data-ccp-props=\"{&quot;201341983&quot;:0,&quot;335551550&quot;:1,&quot;335551620&quot;:1,&quot;335559739&quot;:160,&quot;335559740&quot;:259}\">\u00a0<\/span><\/li>\n<li><b><span data-contrast=\"none\">Carmen Espegel,<\/span><\/b><span data-contrast=\"none\"> Catedr\u00e1tica de Proyectos Arquitect\u00f3nicos de la Escuela T\u00e9cnica Superior de Arquitectura (UPM) Universidad Polit\u00e9cnica de Madrid. Coordinadora del Grupo de Investigaci\u00f3n en \u00abVivienda Colectiva\u00bb (GICO).<\/span><span data-ccp-props=\"{&quot;201341983&quot;:0,&quot;335551550&quot;:1,&quot;335551620&quot;:1,&quot;335559739&quot;:160,&quot;335559740&quot;:259}\">\u00a0<\/span><\/li>\n<li><b><span data-contrast=\"none\">Jos\u00e9 Carpio,<\/span><\/b><span data-contrast=\"none\"> Doctor Arquitecto, Profesor del D. Urban\u00edstica y Ordenaci\u00f3n del Territorio de la ETSAM (UPM) y miembro del Grupo de investigaci\u00f3n \u00abTransporte, Infraestructura y Territorio\u00bb (tGIS) de la Universidad Complutense de Madrid.<\/span><span data-ccp-props=\"{&quot;201341983&quot;:0,&quot;335551550&quot;:1,&quot;335551620&quot;:1,&quot;335559739&quot;:160,&quot;335559740&quot;:259}\">\u00a0<\/span><\/li>\n<li><b><span data-contrast=\"none\">Ver\u00f3nica Mel\u00e9ndez,<\/span><\/b><span data-contrast=\"none\"> Doctora Arquitecta y moderadora de la sesi\u00f3n.<\/span><span data-ccp-props=\"{&quot;201341983&quot;:0,&quot;335551550&quot;:1,&quot;335551620&quot;:1,&quot;335559739&quot;:160,&quot;335559740&quot;:259}\">\u00a0<\/span><\/li>\n<\/ul>\n<p><span data-contrast=\"none\">La vivienda es la respuesta a la necesidad de habitar, y la forma en que se plantea, se dise\u00f1a y se desarrolla es variable a lo largo del tiempo puesto que los h\u00e1bitos y la realidad en s\u00ed se transforman constantemente. La casa que habitamos nos acoge pero el entorno en el que vivimos es m\u00e1s amplio, m\u00e1s el\u00e1stico y permanentemente cambiante.<\/span><span data-ccp-props=\"{&quot;201341983&quot;:0,&quot;335551550&quot;:1,&quot;335551620&quot;:1,&quot;335559739&quot;:160,&quot;335559740&quot;:259}\">\u00a0<\/span><\/p>\n<p><span data-contrast=\"none\">En la actualidad son muchos m\u00e1s que antes los factores que intervienen en esta reflexi\u00f3n y que incluyen no solo a los individuos sino tambi\u00e9n a los contextos geogr\u00e1fico, social, econ\u00f3mico y cultural entre otros. En esta sesi\u00f3n debatiremos sobre asuntos como la forma en que las necesidades, pero tambi\u00e9n las realidades actuales, en especial tras la pandemia, se analizan y estudian y c\u00f3mo estas se incorporan a la pr\u00e1ctica del dise\u00f1o y la arquitectura para la vivienda y el entorno de proximidad.<\/span><span data-ccp-props=\"{&quot;201341983&quot;:0,&quot;335551550&quot;:1,&quot;335551620&quot;:1,&quot;335559739&quot;:160,&quot;335559740&quot;:259}\">\u00a0<\/span><\/p>\n<p><span data-contrast=\"none\">En lugar de recopilar conocimientos y experiencias, el evento pretende reunir a expertos en demograf\u00eda\/sociolog\u00eda, desarrollo urbano y dise\u00f1o residencial y vivienda colectiva, con el fin de cruzar distintos puntos de vista sobre las mismas ideas y reflexionar sobre las medidas urgentes y las posibles soluciones habitacionales para las pr\u00f3ximas d\u00e9cadas en medio de los r\u00e1pidos cambios actuales en las formas de vida.\u00a0<\/span><span data-ccp-props=\"{&quot;201341983&quot;:0,&quot;335559739&quot;:160,&quot;335559740&quot;:259}\">\u00a0<\/span><\/p>\n<p><span data-contrast=\"none\">Debatir sobre los motores de las pr\u00f3ximas d\u00e9cadas en cuanto a los principios de dise\u00f1o de la vivienda en funci\u00f3n de las tendencias actuales y los cambios demogr\u00e1ficos, as\u00ed como abordar las sutiles diferencias entre la casa (que habitamos) y el hogar (que vivimos) como un concepto m\u00e1s amplio que tiene en cuenta otros factores culturales y sociales clave m\u00e1s all\u00e1 de las necesidades.\u00a0<\/span><\/p>\n<h2><span data-contrast=\"none\">Programa: 10 de mayo de 2022. 19.00h &#8211; 21.00h\u00a0<\/span><span data-ccp-props=\"{&quot;201341983&quot;:0,&quot;335559739&quot;:160,&quot;335559740&quot;:259}\">\u00a0<\/span><\/h2>\n<ul>\n<li data-leveltext=\"\uf0b7\" data-font=\"Symbol\" data-listid=\"7\" aria-setsize=\"-1\" data-aria-posinset=\"1\" data-aria-level=\"1\"><span data-contrast=\"none\">Presentaci\u00f3n del evento: Roca Madrid Gallery\u00a0<\/span><span data-ccp-props=\"{&quot;201341983&quot;:0,&quot;335559739&quot;:160,&quot;335559740&quot;:259}\">\u00a0<\/span><\/li>\n<li data-leveltext=\"\uf0b7\" data-font=\"Symbol\" data-listid=\"7\" aria-setsize=\"-1\" data-aria-posinset=\"2\" data-aria-level=\"1\"><span data-contrast=\"none\">Presentaci\u00f3n del tema, sesi\u00f3n y ponentes\u00a0<\/span><span data-ccp-props=\"{&quot;201341983&quot;:0,&quot;335559739&quot;:160,&quot;335559740&quot;:259}\">\u00a0<\/span><\/li>\n<li data-leveltext=\"\uf0b7\" data-font=\"Symbol\" data-listid=\"7\" aria-setsize=\"-1\" data-aria-posinset=\"3\" data-aria-level=\"1\"><span data-contrast=\"none\">Mesa redonda. Moderada por el comisario del evento\u00a0<\/span><span data-ccp-props=\"{&quot;201341983&quot;:0,&quot;335559739&quot;:160,&quot;335559740&quot;:259}\">\u00a0<\/span><\/li>\n<li data-leveltext=\"\uf0b7\" data-font=\"Symbol\" data-listid=\"7\" aria-setsize=\"-1\" data-aria-posinset=\"4\" data-aria-level=\"1\"><span style=\"font-weight: 400;\" data-contrast=\"none\"><span data-ccp-charstyle=\"eop\">PREGUNTAS Y RESPUESTAS<\/span><\/span><\/li>\n<\/ul>\n","protected":false},"excerpt":{"rendered":"<p>Roca se suma al debate global sobre el acceso a la vivienda que promueve el Foro Internacional UIA 2022 \u201cAffordable Housing Activation: Removing Barriers\u2019 a trav\u00e9s del patrocinio del Foro Internacional UIA 2022.\u00a0\u00a0<\/p>\n","protected":false},"author":11,"featured_media":5577,"template":"","meta":{"_price":"","_stock":"","_tribe_ticket_header":"","_tribe_default_ticket_provider":"Tribe__Tickets_Plus__Commerce__WooCommerce__Main","_tribe_ticket_capacity":"0","_ticket_start_date":"","_ticket_end_date":"","_tribe_ticket_show_description":"","_tribe_ticket_show_not_going":false,"_tribe_ticket_use_global_stock":"","_tribe_ticket_global_stock_level":"","_global_stock_mode":"","_global_stock_cap":"","_tribe_rsvp_for_event":"","_tribe_ticket_going_count":"","_tribe_ticket_not_going_count":"","_tribe_tickets_list":[],"_tribe_ticket_has_attendee_info_fields":false,"_tribe_events_status":"","_tribe_events_status_reason":"","_tribe_events_is_hybrid":"","_tribe_events_is_virtual":"","_tribe_events_virtual_video_source":"","_tribe_events_virtual_embed_video":"","_tribe_events_virtual_linked_button_text":"","_tribe_events_virtual_linked_button":"","_tribe_events_virtual_show_embed_at":"","_tribe_events_virtual_show_embed_to":"","_tribe_events_virtual_show_on_event":"","_tribe_events_virtual_show_on_views":"","_tribe_events_virtual_url":""},"tags":[],"tribe_events_cat":[142],"barrera":[113,117],"acf":[],"ticketed":false,"_links":{"self":[{"href":"https:\/\/affordablehousingactivation.org\/es\/wp-json\/wp\/v2\/tribe_events\/1300"}],"collection":[{"href":"https:\/\/affordablehousingactivation.org\/es\/wp-json\/wp\/v2\/tribe_events"}],"about":[{"href":"https:\/\/affordablehousingactivation.org\/es\/wp-json\/wp\/v2\/types\/tribe_events"}],"author":[{"embeddable":true,"href":"https:\/\/affordablehousingactivation.org\/es\/wp-json\/wp\/v2\/users\/11"}],"version-history":[{"count":10,"href":"https:\/\/affordablehousingactivation.org\/es\/wp-json\/wp\/v2\/tribe_events\/1300\/revisions"}],"predecessor-version":[{"id":5637,"href":"https:\/\/affordablehousingactivation.org\/es\/wp-json\/wp\/v2\/tribe_events\/1300\/revisions\/5637"}],"wp:featuredmedia":[{"embeddable":true,"href":"https:\/\/affordablehousingactivation.org\/es\/wp-json\/wp\/v2\/media\/5577"}],"wp:attachment":[{"href":"https:\/\/affordablehousingactivation.org\/es\/wp-json\/wp\/v2\/media?parent=1300"}],"wp:term":[{"taxonomy":"post_tag","embeddable":true,"href":"https:\/\/affordablehousingactivation.org\/es\/wp-json\/wp\/v2\/tags?post=1300"},{"taxonomy":"tribe_events_cat","embeddable":true,"href":"https:\/\/affordablehousingactivation.org\/es\/wp-json\/wp\/v2\/tribe_events_cat?post=1300"},{"taxonomy":"barrera","embeddable":true,"href":"https:\/\/affordablehousingactivation.org\/es\/wp-json\/wp\/v2\/barrera?post=1300"}],"curies":[{"name":"wp","href":"https:\/\/api.w.org\/{rel}","templated":true}]}}

<p><span data-contrast="none">La compañía impulsará la repercusión internacional del debate en torno al acceso a una vivienda digna y adecuada a través de la organización de </span><b><span data-contrast="none">7 eventos AHA en los Roca Gallery de Madrid, Barcelona, Lisboa, Londres, Shanghai y Beijing.</span></b><span data-contrast="none"> Dentro de estas actividades se enmarca la sesión </span><b><span data-contrast="none">‘The Home We </span></b><b><span data-contrast="none">Need</span></b><b><span data-contrast="none"> Want’</span></b><span data-contrast="none"> en Roca Madrid Gallery.</span><span data-ccp-props="{&quot;201341983&quot;:0,&quot;335551550&quot;:1,&quot;335551620&quot;:1,&quot;335559739&quot;:160,&quot;335559740&quot;:259}"> </span></p>
<h2>Link de acceso:</h2>
<p><a href="https://youtu.be/vYg0FjqMfkE" target="_blank" rel="noopener">https://youtu.be/vYg0FjqMfkE</a></p>
<h2>Ponentes:</h2>
<ul>
<li><b><span data-contrast="none">Jesús Leal,</span></b><span data-contrast="none"> Profesor Emérito de la Universidad Complutense de Madrid. Experto en Sociología Urbana y Vivienda.</span><span data-ccp-props="{&quot;201341983&quot;:0,&quot;335551550&quot;:1,&quot;335551620&quot;:1,&quot;335559739&quot;:160,&quot;335559740&quot;:259}"> </span></li>
<li><b><span data-contrast="none">Carmen Espegel,</span></b><span data-contrast="none"> Catedrática de Proyectos Arquitectónicos de la Escuela Técnica Superior de Arquitectura (UPM) Universidad Politécnica de Madrid. Coordinadora del Grupo de Investigación en «Vivienda Colectiva» (GICO).</span><span data-ccp-props="{&quot;201341983&quot;:0,&quot;335551550&quot;:1,&quot;335551620&quot;:1,&quot;335559739&quot;:160,&quot;335559740&quot;:259}"> </span></li>
<li><b><span data-contrast="none">José Carpio,</span></b><span data-contrast="none"> Doctor Arquitecto, Profesor del D. Urbanística y Ordenación del Territorio de la ETSAM (UPM) y miembro del Grupo de investigación «Transporte, Infraestructura y Territorio» (tGIS) de la Universidad Complutense de Madrid.</span><span data-ccp-props="{&quot;201341983&quot;:0,&quot;335551550&quot;:1,&quot;335551620&quot;:1,&quot;335559739&quot;:160,&quot;335559740&quot;:259}"> </span></li>
<li><b><span data-contrast="none">Verónica Meléndez,</span></b><span data-contrast="none"> Doctora Arquitecta y moderadora de la sesión.</span><span data-ccp-props="{&quot;201341983&quot;:0,&quot;335551550&quot;:1,&quot;335551620&quot;:1,&quot;335559739&quot;:160,&quot;335559740&quot;:259}"> </span></li>
</ul>
<p><span data-contrast="none">La vivienda es la respuesta a la necesidad de habitar, y la forma en que se plantea, se diseña y se desarrolla es variable a lo largo del tiempo puesto que los hábitos y la realidad en sí se transforman constantemente. La casa que habitamos nos acoge pero el entorno en el que vivimos es más amplio, más elástico y permanentemente cambiante.</span><span data-ccp-props="{&quot;201341983&quot;:0,&quot;335551550&quot;:1,&quot;335551620&quot;:1,&quot;335559739&quot;:160,&quot;335559740&quot;:259}"> </span></p>
<p><span data-contrast="none">En la actualidad son muchos más que antes los factores que intervienen en esta reflexión y que incluyen no solo a los individuos sino también a los contextos geográfico, social, económico y cultural entre otros. En esta sesión debatiremos sobre asuntos como la forma en que las necesidades, pero también las realidades actuales, en especial tras la pandemia, se analizan y estudian y cómo estas se incorporan a la práctica del diseño y la arquitectura para la vivienda y el entorno de proximidad.</span><span data-ccp-props="{&quot;201341983&quot;:0,&quot;335551550&quot;:1,&quot;335551620&quot;:1,&quot;335559739&quot;:160,&quot;335559740&quot;:259}"> </span></p>
<p><span data-contrast="none">En lugar de recopilar conocimientos y experiencias, el evento pretende reunir a expertos en demografía/sociología, desarrollo urbano y diseño residencial y vivienda colectiva, con el fin de cruzar distintos puntos de vista sobre las mismas ideas y reflexionar sobre las medidas urgentes y las posibles soluciones habitacionales para las próximas décadas en medio de los rápidos cambios actuales en las formas de vida. </span><span data-ccp-props="{&quot;201341983&quot;:0,&quot;335559739&quot;:160,&quot;335559740&quot;:259}"> </span></p>
<p><span data-contrast="none">Debatir sobre los motores de las próximas décadas en cuanto a los principios de diseño de la vivienda en función de las tendencias actuales y los cambios demográficos, así como abordar las sutiles diferencias entre la casa (que habitamos) y el hogar (que vivimos) como un concepto más amplio que tiene en cuenta otros factores culturales y sociales clave más allá de las necesidades. </span></p>
<h2><span data-contrast="none">Programa: 10 de mayo de 2022. 19.00h &#8211; 21.00h </span><span data-ccp-props="{&quot;201341983&quot;:0,&quot;335559739&quot;:160,&quot;335559740&quot;:259}"> </span></h2>
<ul>
<li data-leveltext="" data-font="Symbol" data-listid="7" aria-setsize="-1" data-aria-posinset="1" data-aria-level="1"><span data-contrast="none">Presentación del evento: Roca Madrid Gallery </span><span data-ccp-props="{&quot;201341983&quot;:0,&quot;335559739&quot;:160,&quot;335559740&quot;:259}"> </span></li>
<li data-leveltext="" data-font="Symbol" data-listid="7" aria-setsize="-1" data-aria-posinset="2" data-aria-level="1"><span data-contrast="none">Presentación del tema, sesión y ponentes </span><span data-ccp-props="{&quot;201341983&quot;:0,&quot;335559739&quot;:160,&quot;335559740&quot;:259}"> </span></li>
<li data-leveltext="" data-font="Symbol" data-listid="7" aria-setsize="-1" data-aria-posinset="3" data-aria-level="1"><span data-contrast="none">Mesa redonda. Moderada por el comisario del evento </span><span data-ccp-props="{&quot;201341983&quot;:0,&quot;335559739&quot;:160,&quot;335559740&quot;:259}"> </span></li>
<li data-leveltext="" data-font="Symbol" data-listid="7" aria-setsize="-1" data-aria-posinset="4" data-aria-level="1"><span style="font-weight: 400;" data-contrast="none"><span data-ccp-charstyle="eop">PREGUNTAS Y RESPUESTAS</span></span></li>
</ul>

<p>Roca se suma al debate global sobre el acceso a la vivienda que promueve el Foro Internacional UIA 2022 “Affordable Housing Activation: Removing Barriers’ a través del patrocinio del Foro Internacional UIA 2022.  </p>
