{"id":2004,"date":"2022-03-16T15:54:09","date_gmt":"2022-03-16T14:54:09","guid":{"rendered":"https:\/\/affordablehousingactivation.org\/?post_type=tribe_events&#038;p=2004"},"modified":"2022-05-13T16:28:09","modified_gmt":"2022-05-13T14:28:09","slug":"estudio-de-soluciones-tecnicas-en-accesibilidad-universal-para-obras-urbanas-y-vivienda","status":"publish","type":"tribe_events","link":"https:\/\/affordablehousingactivation.org\/es\/event\/estudio-de-soluciones-tecnicas-en-accesibilidad-universal-para-obras-urbanas-y-vivienda\/","title":{"rendered":"Estudio de soluciones t\u00e9cnicas en accesibilidad universal para obras urbanas y vivienda"},"content":{"rendered":"<p><span class=\"TextRun SCXW236212789 BCX0\" lang=\"ES-ES\" xml:lang=\"ES-ES\" data-contrast=\"none\"><span class=\"NormalTextRun SCXW236212789 BCX0\" data-ccp-parastyle=\"Cuerpo\">13 de mayo &#8211; 18:30 h (ESP)<\/span><\/span><\/p>\n<p>Se han considerado algunos referentes internacionales y tambi\u00e9n nacionales que dan cuenta de la necesidad de crear espacios con criterios de dise\u00f1o universal.<\/p>\n<p><span data-contrast=\"none\">Una vez planteadas las soluciones de adaptaci\u00f3n se identifican de manera gr\u00e1fica y seg\u00fan la valoraci\u00f3n de la ventaja que proporciona aquella soluci\u00f3n a las personas con distintas dificultades. \u00c9stas se describen t\u00e9cnicamente y luego se eval\u00faan seg\u00fan los valores de ejecuci\u00f3n que cada una de ellas conlleva.<\/span><span data-ccp-props=\"{&quot;134233117&quot;:false,&quot;134233118&quot;:false,&quot;201341983&quot;:0,&quot;335551550&quot;:6,&quot;335551620&quot;:6,&quot;335559685&quot;:720,&quot;335559731&quot;:0,&quot;335559737&quot;:0,&quot;335559740&quot;:276}\">\u00a0<\/span><span data-ccp-props=\"{&quot;134233117&quot;:false,&quot;134233118&quot;:false,&quot;201341983&quot;:0,&quot;335551550&quot;:6,&quot;335551620&quot;:6,&quot;335559685&quot;:709,&quot;335559731&quot;:0,&quot;335559737&quot;:0,&quot;335559740&quot;:276}\">\u00a0<\/span><\/p>\n<h2>Ponentes<\/h2>\n<ul style=\"font-weight: 400;\">\n<li data-leveltext=\"\uf02d\" data-font=\"Symbol\" data-listid=\"6\" aria-setsize=\"-1\" data-aria-posinset=\"1\" data-aria-level=\"1\"><span data-contrast=\"none\">Kristine France<\/span><span data-ccp-props=\"{&quot;134233117&quot;:true,&quot;134233118&quot;:true,&quot;201341983&quot;:0,&quot;335551550&quot;:6,&quot;335551620&quot;:6,&quot;335559740&quot;:240}\">\u00a0<\/span><\/li>\n<li data-leveltext=\"\uf02d\" data-font=\"Symbol\" data-listid=\"6\" aria-setsize=\"-1\" data-aria-posinset=\"2\" data-aria-level=\"1\"><span data-contrast=\"none\">Arq. Silvia Araos. Minist. Vivienda y Urbanismo. Chile<\/span><\/li>\n<\/ul>\n<h2>Streaming link:<\/h2>\n<ul>\n<li><a href=\"https:\/\/youtu.be\/_BUNowRRoqE\" target=\"_blank\" rel=\"noopener\">https:\/\/youtu.be\/_BUNowRRoqE<\/a><\/li>\n<\/ul>\n<p><span class=\"TextRun SCXW46851782 BCX0\" lang=\"ES-ES\" xml:lang=\"ES-ES\" data-contrast=\"none\"><span class=\"NormalTextRun SCXW46851782 BCX0\" data-ccp-parastyle=\"Cuerpo\" data-ccp-parastyle-defn=\"{&quot;ObjectId&quot;:&quot;883db42b-0c1b-436d-9917-77475bc86ee4|61&quot;,&quot;ClassId&quot;:1073872969,&quot;Properties&quot;:[469775450,&quot;Cuerpo&quot;,201340122,&quot;2&quot;,134233614,&quot;true&quot;,469778129,&quot;Cuerpo&quot;,335572020,&quot;1&quot;,469777841,&quot;Helvetica Neue&quot;,469777842,&quot;Arial Unicode MS&quot;,469777843,&quot;Arial Unicode MS&quot;,469777844,&quot;Helvetica Neue&quot;,469769226,&quot;Helvetica Neue,Arial Unicode MS&quot;,335551500,&quot;0&quot;,268442635,&quot;22&quot;,335551547,&quot;1034&quot;]}\"><strong>Organizado por:<\/strong> UIA Regi\u00f3n III<\/span><\/span><span class=\"EOP SCXW46851782 BCX0\" data-ccp-props=\"{}\">\u00a0<\/span><\/p>\n","protected":false},"excerpt":{"rendered":"<p>Es un estudio encargado por el Ministerio de Vivienda y urbanismo de Chile en el cual se ha realizado un acercamiento al tema desde una perspectiva global, seg\u00fan pol\u00edticas y tratados internacionales hasta llegar a identificar objetivos nacionales relacionados con la accesibilidad y la vivienda social. <\/p>\n","protected":false},"author":5,"featured_media":1360,"template":"","meta":{"_price":"","_stock":"","_tribe_ticket_header":"","_tribe_default_ticket_provider":"Tribe__Tickets_Plus__Commerce__WooCommerce__Main","_tribe_ticket_capacity":"0","_ticket_start_date":"","_ticket_end_date":"","_tribe_ticket_show_description":"","_tribe_ticket_show_not_going":false,"_tribe_ticket_use_global_stock":"","_tribe_ticket_global_stock_level":"","_global_stock_mode":"","_global_stock_cap":"","_tribe_rsvp_for_event":"","_tribe_ticket_going_count":"","_tribe_ticket_not_going_count":"","_tribe_tickets_list":[],"_tribe_ticket_has_attendee_info_fields":false,"_tribe_events_status":"","_tribe_events_status_reason":"","_tribe_events_is_hybrid":"","_tribe_events_is_virtual":"","_tribe_events_virtual_video_source":"","_tribe_events_virtual_embed_video":"","_tribe_events_virtual_linked_button_text":"","_tribe_events_virtual_linked_button":"","_tribe_events_virtual_show_embed_at":"","_tribe_events_virtual_show_embed_to":"","_tribe_events_virtual_show_on_event":"","_tribe_events_virtual_show_on_views":"","_tribe_events_virtual_url":""},"tags":[],"tribe_events_cat":[142],"barrera":[119],"acf":[],"ticketed":false,"_links":{"self":[{"href":"https:\/\/affordablehousingactivation.org\/es\/wp-json\/wp\/v2\/tribe_events\/2004"}],"collection":[{"href":"https:\/\/affordablehousingactivation.org\/es\/wp-json\/wp\/v2\/tribe_events"}],"about":[{"href":"https:\/\/affordablehousingactivation.org\/es\/wp-json\/wp\/v2\/types\/tribe_events"}],"author":[{"embeddable":true,"href":"https:\/\/affordablehousingactivation.org\/es\/wp-json\/wp\/v2\/users\/5"}],"version-history":[{"count":15,"href":"https:\/\/affordablehousingactivation.org\/es\/wp-json\/wp\/v2\/tribe_events\/2004\/revisions"}],"predecessor-version":[{"id":9104,"href":"https:\/\/affordablehousingactivation.org\/es\/wp-json\/wp\/v2\/tribe_events\/2004\/revisions\/9104"}],"wp:featuredmedia":[{"embeddable":true,"href":"https:\/\/affordablehousingactivation.org\/es\/wp-json\/wp\/v2\/media\/1360"}],"wp:attachment":[{"href":"https:\/\/affordablehousingactivation.org\/es\/wp-json\/wp\/v2\/media?parent=2004"}],"wp:term":[{"taxonomy":"post_tag","embeddable":true,"href":"https:\/\/affordablehousingactivation.org\/es\/wp-json\/wp\/v2\/tags?post=2004"},{"taxonomy":"tribe_events_cat","embeddable":true,"href":"https:\/\/affordablehousingactivation.org\/es\/wp-json\/wp\/v2\/tribe_events_cat?post=2004"},{"taxonomy":"barrera","embeddable":true,"href":"https:\/\/affordablehousingactivation.org\/es\/wp-json\/wp\/v2\/barrera?post=2004"}],"curies":[{"name":"wp","href":"https:\/\/api.w.org\/{rel}","templated":true}]}}

Estudio de soluciones técnicas en accesibilidad universal para obras urbanas y vivienda

<p><span class="TextRun SCXW236212789 BCX0" lang="ES-ES" xml:lang="ES-ES" data-contrast="none"><span class="NormalTextRun SCXW236212789 BCX0" data-ccp-parastyle="Cuerpo">13 de mayo &#8211; 18:30 h (ESP)</span></span></p>
<p>Se han considerado algunos referentes internacionales y también nacionales que dan cuenta de la necesidad de crear espacios con criterios de diseño universal.</p>
<p><span data-contrast="none">Una vez planteadas las soluciones de adaptación se identifican de manera gráfica y según la valoración de la ventaja que proporciona aquella solución a las personas con distintas dificultades. Éstas se describen técnicamente y luego se evalúan según los valores de ejecución que cada una de ellas conlleva.</span><span data-ccp-props="{&quot;134233117&quot;:false,&quot;134233118&quot;:false,&quot;201341983&quot;:0,&quot;335551550&quot;:6,&quot;335551620&quot;:6,&quot;335559685&quot;:720,&quot;335559731&quot;:0,&quot;335559737&quot;:0,&quot;335559740&quot;:276}"> </span><span data-ccp-props="{&quot;134233117&quot;:false,&quot;134233118&quot;:false,&quot;201341983&quot;:0,&quot;335551550&quot;:6,&quot;335551620&quot;:6,&quot;335559685&quot;:709,&quot;335559731&quot;:0,&quot;335559737&quot;:0,&quot;335559740&quot;:276}"> </span></p>
<h2>Ponentes</h2>
<ul style="font-weight: 400;">
<li data-leveltext="" data-font="Symbol" data-listid="6" aria-setsize="-1" data-aria-posinset="1" data-aria-level="1"><span data-contrast="none">Kristine France</span><span data-ccp-props="{&quot;134233117&quot;:true,&quot;134233118&quot;:true,&quot;201341983&quot;:0,&quot;335551550&quot;:6,&quot;335551620&quot;:6,&quot;335559740&quot;:240}"> </span></li>
<li data-leveltext="" data-font="Symbol" data-listid="6" aria-setsize="-1" data-aria-posinset="2" data-aria-level="1"><span data-contrast="none">Arq. Silvia Araos. Minist. Vivienda y Urbanismo. Chile</span></li>
</ul>
<h2>Streaming link:</h2>
<ul>
<li><a href="https://youtu.be/_BUNowRRoqE" target="_blank" rel="noopener">https://youtu.be/_BUNowRRoqE</a></li>
</ul>
<p><span class="TextRun SCXW46851782 BCX0" lang="ES-ES" xml:lang="ES-ES" data-contrast="none"><span class="NormalTextRun SCXW46851782 BCX0" data-ccp-parastyle="Cuerpo" data-ccp-parastyle-defn="{&quot;ObjectId&quot;:&quot;883db42b-0c1b-436d-9917-77475bc86ee4|61&quot;,&quot;ClassId&quot;:1073872969,&quot;Properties&quot;:[469775450,&quot;Cuerpo&quot;,201340122,&quot;2&quot;,134233614,&quot;true&quot;,469778129,&quot;Cuerpo&quot;,335572020,&quot;1&quot;,469777841,&quot;Helvetica Neue&quot;,469777842,&quot;Arial Unicode MS&quot;,469777843,&quot;Arial Unicode MS&quot;,469777844,&quot;Helvetica Neue&quot;,469769226,&quot;Helvetica Neue,Arial Unicode MS&quot;,335551500,&quot;0&quot;,268442635,&quot;22&quot;,335551547,&quot;1034&quot;]}"><strong>Organizado por:</strong> UIA Región III</span></span><span class="EOP SCXW46851782 BCX0" data-ccp-props="{}"> </span></p>

<p>Es un estudio encargado por el Ministerio de Vivienda y urbanismo de Chile en el cual se ha realizado un acercamiento al tema desde una perspectiva global, según políticas y tratados internacionales hasta llegar a identificar objetivos nacionales relacionados con la accesibilidad y la vivienda social. </p>
