{"id":2915,"date":"2022-03-23T15:18:54","date_gmt":"2022-03-23T14:18:54","guid":{"rendered":"https:\/\/affordablehousingactivation.org\/?post_type=tribe_events&#038;p=2915"},"modified":"2022-04-20T15:23:48","modified_gmt":"2022-04-20T13:23:48","slug":"dialogo-con-estudiantes-criterios-contemporaneos-para-la-intervencion-en-monumentos-y-ciudades-historicas-atenas-y-su-acropolis","status":"publish","type":"tribe_events","link":"https:\/\/affordablehousingactivation.org\/es\/event\/dialogo-con-estudiantes-criterios-contemporaneos-para-la-intervencion-en-monumentos-y-ciudades-historicas-atenas-y-su-acropolis\/","title":{"rendered":"Encuentro entre el arquitecto y profesor Tanos Tanoulas y estudiantes de las escuelas de arquitectura de Madrid"},"content":{"rendered":"<p><span data-contrast=\"auto\">Dirigido a estudiantes de arquitectura, arquitectos, profesores de arquitectura y personas interesadas.<\/span><span data-ccp-props=\"{&quot;201341983&quot;:0,&quot;335559739&quot;:160,&quot;335559740&quot;:259}\">\u00a0<\/span><\/p>\n<h2><span data-contrast=\"auto\">Organizado por:<\/span><span data-ccp-props=\"{&quot;201341983&quot;:0,&quot;335559739&quot;:160,&quot;335559740&quot;:259}\">\u00a0<\/span><\/h2>\n<ul>\n<li><span data-contrast=\"auto\">Colegio Oficial de Arquitectos de Madrid Fundaci\u00f3n Arquitectura COAM\u00a0<\/span><span data-ccp-props=\"{&quot;201341983&quot;:0,&quot;335559739&quot;:160,&quot;335559740&quot;:259}\">\u00a0<\/span><\/li>\n<li><span data-contrast=\"auto\">Asociaci\u00f3n Hispania Nostra Escuela T\u00e9cnica Superior de Arquitectura (ETSAM)\u00a0<\/span><span data-ccp-props=\"{&quot;201341983&quot;:0,&quot;335559739&quot;:160,&quot;335559740&quot;:259}\">\u00a0<\/span><\/li>\n<li><span data-contrast=\"auto\">Universidad Polit\u00e9cnica de Madrid Escuela de Arquitectura<\/span><span data-ccp-props=\"{&quot;201341983&quot;:0,&quot;335559739&quot;:160,&quot;335559740&quot;:259}\">\u00a0<\/span><\/li>\n<li><span data-contrast=\"auto\">Universidad de Alcal\u00e1 de Henares Escuela Polit\u00e9cnica Superior<\/span><span data-ccp-props=\"{&quot;201341983&quot;:0,&quot;335559739&quot;:160,&quot;335559740&quot;:259}\">\u00a0<\/span><\/li>\n<li><span data-contrast=\"auto\">Universidad San Pablo CEU Escuela de Arquitectura, Ingenier\u00eda y Dise\u00f1o\u00a0<\/span><span data-ccp-props=\"{&quot;201341983&quot;:0,&quot;335559739&quot;:160,&quot;335559740&quot;:259}\">\u00a0<\/span><\/li>\n<li><span data-contrast=\"auto\">Universidad Europea de Madrid<\/span><span data-ccp-props=\"{&quot;201341983&quot;:0,&quot;335559739&quot;:160,&quot;335559740&quot;:259}\">\u00a0<\/span><\/li>\n<\/ul>\n<h2><span data-contrast=\"auto\">Ponente:<\/span><span data-ccp-props=\"{&quot;201341983&quot;:0,&quot;335559739&quot;:160,&quot;335559740&quot;:259}\">\u00a0<\/span><\/h2>\n<p><span data-contrast=\"auto\">TASOS TANOULAS, architect, MA, PhD.<\/span><\/p>\n<p><span data-contrast=\"auto\">Curr\u00edculum: <\/span><a href=\"https:\/\/cyathens.academia.edu\/TasosTanoulas\/CurriculumVitae\" target=\"_blank\" rel=\"noopener\"><span data-contrast=\"none\">https:\/\/cyathens.academia.edu\/TasosTanoulas\/CurriculumVitae<\/span><\/a><span data-ccp-props=\"{&quot;201341983&quot;:0,&quot;335559739&quot;:160,&quot;335559740&quot;:259}\">\u00a0<\/span><\/p>\n<h2><span data-contrast=\"auto\">Programa:<\/span><span data-ccp-props=\"{&quot;201341983&quot;:0,&quot;335559739&quot;:160,&quot;335559740&quot;:259}\">\u00a0<\/span><\/h2>\n<ul>\n<li><span data-contrast=\"auto\">17 de mayo &#8211; 19&#8217;00h<\/span><span data-ccp-props=\"{&quot;201341983&quot;:0,&quot;335559739&quot;:160,&quot;335559740&quot;:259}\">\u00a0<\/span><\/li>\n<li><span data-contrast=\"auto\">\u00a0Auditorio 2\u00aa planta COAM\u00a0<\/span><span data-ccp-props=\"{&quot;201341983&quot;:0,&quot;335559739&quot;:160,&quot;335559740&quot;:259}\">\u00a0<\/span><\/li>\n<li><span data-contrast=\"auto\">Jornada: Di\u00e1logo con estudiantes: criterios contempor\u00e1neos para la intervenci\u00f3n en monumentos y ciudades hist\u00f3ricas. Atenas y su Acr\u00f3polis.<\/span><span data-ccp-props=\"{&quot;201341983&quot;:0,&quot;335559739&quot;:160,&quot;335559740&quot;:259}\">\u00a0<\/span><\/li>\n<\/ul>\n","protected":false},"excerpt":{"rendered":"<p>Tras una breve introducci\u00f3n del profesor Tanos Tanoulas, en el que explicar\u00e1 su experiencia en la intervenci\u00f3n en centros hist\u00f3ricos y los criterios contempor\u00e1neos, los estudiantes, representantes de las escuelas de arquitectura de las universidades Polit\u00e9cnica de Madrid (ETSAM), Alcal\u00e1, CEU San Pablo y Europea de Madrid, plantear\u00e1n diferentes preguntas al respecto, generando el debate. <\/p>\n","protected":false},"author":5,"featured_media":5470,"template":"","meta":{"_price":"","_stock":"","_tribe_ticket_header":"","_tribe_default_ticket_provider":"Tribe__Tickets_Plus__Commerce__WooCommerce__Main","_tribe_ticket_capacity":"0","_ticket_start_date":"","_ticket_end_date":"","_tribe_ticket_show_description":"","_tribe_ticket_show_not_going":false,"_tribe_ticket_use_global_stock":"","_tribe_ticket_global_stock_level":"","_global_stock_mode":"","_global_stock_cap":"","_tribe_rsvp_for_event":"","_tribe_ticket_going_count":"","_tribe_ticket_not_going_count":"","_tribe_tickets_list":[],"_tribe_ticket_has_attendee_info_fields":false,"_tribe_events_status":"","_tribe_events_status_reason":"","_tribe_events_is_hybrid":"","_tribe_events_is_virtual":"","_tribe_events_virtual_video_source":"","_tribe_events_virtual_embed_video":"","_tribe_events_virtual_linked_button_text":"","_tribe_events_virtual_linked_button":"","_tribe_events_virtual_show_embed_at":"","_tribe_events_virtual_show_embed_to":"","_tribe_events_virtual_show_on_event":"","_tribe_events_virtual_show_on_views":"","_tribe_events_virtual_url":""},"tags":[],"tribe_events_cat":[142],"barrera":[117],"acf":[],"ticketed":false,"_links":{"self":[{"href":"https:\/\/affordablehousingactivation.org\/es\/wp-json\/wp\/v2\/tribe_events\/2915"}],"collection":[{"href":"https:\/\/affordablehousingactivation.org\/es\/wp-json\/wp\/v2\/tribe_events"}],"about":[{"href":"https:\/\/affordablehousingactivation.org\/es\/wp-json\/wp\/v2\/types\/tribe_events"}],"author":[{"embeddable":true,"href":"https:\/\/affordablehousingactivation.org\/es\/wp-json\/wp\/v2\/users\/5"}],"version-history":[{"count":6,"href":"https:\/\/affordablehousingactivation.org\/es\/wp-json\/wp\/v2\/tribe_events\/2915\/revisions"}],"predecessor-version":[{"id":5763,"href":"https:\/\/affordablehousingactivation.org\/es\/wp-json\/wp\/v2\/tribe_events\/2915\/revisions\/5763"}],"wp:featuredmedia":[{"embeddable":true,"href":"https:\/\/affordablehousingactivation.org\/es\/wp-json\/wp\/v2\/media\/5470"}],"wp:attachment":[{"href":"https:\/\/affordablehousingactivation.org\/es\/wp-json\/wp\/v2\/media?parent=2915"}],"wp:term":[{"taxonomy":"post_tag","embeddable":true,"href":"https:\/\/affordablehousingactivation.org\/es\/wp-json\/wp\/v2\/tags?post=2915"},{"taxonomy":"tribe_events_cat","embeddable":true,"href":"https:\/\/affordablehousingactivation.org\/es\/wp-json\/wp\/v2\/tribe_events_cat?post=2915"},{"taxonomy":"barrera","embeddable":true,"href":"https:\/\/affordablehousingactivation.org\/es\/wp-json\/wp\/v2\/barrera?post=2915"}],"curies":[{"name":"wp","href":"https:\/\/api.w.org\/{rel}","templated":true}]}}

<p><span data-contrast="auto">Dirigido a estudiantes de arquitectura, arquitectos, profesores de arquitectura y personas interesadas.</span><span data-ccp-props="{&quot;201341983&quot;:0,&quot;335559739&quot;:160,&quot;335559740&quot;:259}"> </span></p>
<h2><span data-contrast="auto">Organizado por:</span><span data-ccp-props="{&quot;201341983&quot;:0,&quot;335559739&quot;:160,&quot;335559740&quot;:259}"> </span></h2>
<ul>
<li><span data-contrast="auto">Colegio Oficial de Arquitectos de Madrid Fundación Arquitectura COAM </span><span data-ccp-props="{&quot;201341983&quot;:0,&quot;335559739&quot;:160,&quot;335559740&quot;:259}"> </span></li>
<li><span data-contrast="auto">Asociación Hispania Nostra Escuela Técnica Superior de Arquitectura (ETSAM) </span><span data-ccp-props="{&quot;201341983&quot;:0,&quot;335559739&quot;:160,&quot;335559740&quot;:259}"> </span></li>
<li><span data-contrast="auto">Universidad Politécnica de Madrid Escuela de Arquitectura</span><span data-ccp-props="{&quot;201341983&quot;:0,&quot;335559739&quot;:160,&quot;335559740&quot;:259}"> </span></li>
<li><span data-contrast="auto">Universidad de Alcalá de Henares Escuela Politécnica Superior</span><span data-ccp-props="{&quot;201341983&quot;:0,&quot;335559739&quot;:160,&quot;335559740&quot;:259}"> </span></li>
<li><span data-contrast="auto">Universidad San Pablo CEU Escuela de Arquitectura, Ingeniería y Diseño </span><span data-ccp-props="{&quot;201341983&quot;:0,&quot;335559739&quot;:160,&quot;335559740&quot;:259}"> </span></li>
<li><span data-contrast="auto">Universidad Europea de Madrid</span><span data-ccp-props="{&quot;201341983&quot;:0,&quot;335559739&quot;:160,&quot;335559740&quot;:259}"> </span></li>
</ul>
<h2><span data-contrast="auto">Ponente:</span><span data-ccp-props="{&quot;201341983&quot;:0,&quot;335559739&quot;:160,&quot;335559740&quot;:259}"> </span></h2>
<p><span data-contrast="auto">TASOS TANOULAS, architect, MA, PhD.</span></p>
<p><span data-contrast="auto">Currículum: </span><a href="https://cyathens.academia.edu/TasosTanoulas/CurriculumVitae" target="_blank" rel="noopener"><span data-contrast="none">https://cyathens.academia.edu/TasosTanoulas/CurriculumVitae</span></a><span data-ccp-props="{&quot;201341983&quot;:0,&quot;335559739&quot;:160,&quot;335559740&quot;:259}"> </span></p>
<h2><span data-contrast="auto">Programa:</span><span data-ccp-props="{&quot;201341983&quot;:0,&quot;335559739&quot;:160,&quot;335559740&quot;:259}"> </span></h2>
<ul>
<li><span data-contrast="auto">17 de mayo &#8211; 19&#8217;00h</span><span data-ccp-props="{&quot;201341983&quot;:0,&quot;335559739&quot;:160,&quot;335559740&quot;:259}"> </span></li>
<li><span data-contrast="auto"> Auditorio 2ª planta COAM </span><span data-ccp-props="{&quot;201341983&quot;:0,&quot;335559739&quot;:160,&quot;335559740&quot;:259}"> </span></li>
<li><span data-contrast="auto">Jornada: Diálogo con estudiantes: criterios contemporáneos para la intervención en monumentos y ciudades históricas. Atenas y su Acrópolis.</span><span data-ccp-props="{&quot;201341983&quot;:0,&quot;335559739&quot;:160,&quot;335559740&quot;:259}"> </span></li>
</ul>

<p>Tras una breve introducción del profesor Tanos Tanoulas, en el que explicará su experiencia en la intervención en centros históricos y los criterios contemporáneos, los estudiantes, representantes de las escuelas de arquitectura de las universidades Politécnica de Madrid (ETSAM), Alcalá, CEU San Pablo y Europea de Madrid, plantearán diferentes preguntas al respecto, generando el debate. </p>
