{"id":6445,"date":"2022-04-26T16:15:43","date_gmt":"2022-04-26T14:15:43","guid":{"rendered":"https:\/\/affordablehousingactivation.org\/event\/actualizacion-de-la-reglamentacion-departamental-de-accesibilidad-en-montevideo\/"},"modified":"2022-04-26T17:18:05","modified_gmt":"2022-04-26T15:18:05","slug":"actualizacion-de-la-reglamentacion-departamental-de-accesibilidad-en-montevideo","status":"publish","type":"tribe_events","link":"https:\/\/affordablehousingactivation.org\/es\/event\/actualizacion-de-la-reglamentacion-departamental-de-accesibilidad-en-montevideo\/","title":{"rendered":"Actualizaci\u00f3n de la reglamentaci\u00f3n departamental de accesibilidad en Montevideo"},"content":{"rendered":"<p><span data-contrast=\"auto\">El proceso de regulaci\u00f3n de las disposiciones sobre accesibilidad en Uruguay, es un ejemplo de buena pr\u00e1ctica que ser\u00e1 presentado por SAU (virtualmente) en el Foro Internacional UIA AHA Madrid 2022 (Affordable Housing Activation), en el marco del programa AfA (Architecture for All) de UIA, RIII.<\/span><span data-ccp-props=\"{&quot;201341983&quot;:0,&quot;335559739&quot;:160,&quot;335559740&quot;:259}\">\u00a0<\/span><\/p>\n<p><span data-contrast=\"auto\">La participaci\u00f3n es de acceso libre y podr\u00e1 ser de forma presencial (<strong>Sede de SAU Gonzalo Ram\u00edrez 2030<\/strong>) o a trav\u00e9s de la <strong>Plataforma Zoom<\/strong>:<\/span><span data-ccp-props=\"{&quot;201341983&quot;:0,&quot;335559739&quot;:160,&quot;335559740&quot;:259}\">\u00a0<\/span><\/p>\n<h2><span data-contrast=\"auto\">ID de reuni\u00f3n<\/span><\/h2>\n<p><span data-contrast=\"auto\">863 68604295<\/span><span data-ccp-props=\"{&quot;201341983&quot;:0,&quot;335559739&quot;:160,&quot;335559740&quot;:259}\">\u00a0<\/span><\/p>\n<h2><span data-contrast=\"auto\">C\u00f3digo de acceso<\/span><\/h2>\n<p><span data-contrast=\"auto\">970025<\/span><span data-ccp-props=\"{&quot;201341983&quot;:0,&quot;335559739&quot;:160,&quot;335559740&quot;:259}\">\u00a0<\/span><\/p>\n<p><span data-ccp-props=\"{&quot;201341983&quot;:0,&quot;335559739&quot;:160,&quot;335559740&quot;:259}\">\u00a0<\/span><\/p>\n<p><span data-ccp-props=\"{&quot;201341983&quot;:0,&quot;335559739&quot;:160,&quot;335559740&quot;:259}\">\u00a0<\/span><\/p>\n","protected":false},"excerpt":{"rendered":"<p>El 21 de febrero de 2022 fue aprobada la Resoluci\u00f3n 868\/2022 de la IM que actualizar\u00e1 la reglamentaci\u00f3n vigente sobre accesibilidad en espacios urbanos y edificaciones, en el Departamento de Montevideo.\u00a0<br \/>\nInvitamos a participar de esta instancia, en la que ser\u00e1n abordados los principales aspectos de esta actualizaci\u00f3n.\u00a0<\/p>\n","protected":false},"author":392,"featured_media":6443,"template":"","meta":{"_price":"","_stock":"","_tribe_ticket_header":"","_tribe_default_ticket_provider":"Tribe__Tickets_Plus__Commerce__WooCommerce__Main","_tribe_ticket_capacity":"0","_ticket_start_date":"","_ticket_end_date":"","_tribe_ticket_show_description":"","_tribe_ticket_show_not_going":false,"_tribe_ticket_use_global_stock":"","_tribe_ticket_global_stock_level":"","_global_stock_mode":"","_global_stock_cap":"","_tribe_rsvp_for_event":"","_tribe_ticket_going_count":"","_tribe_ticket_not_going_count":"","_tribe_tickets_list":[],"_tribe_ticket_has_attendee_info_fields":false,"_tribe_events_status":"","_tribe_events_status_reason":"","_tribe_events_is_hybrid":"","_tribe_events_is_virtual":"","_tribe_events_virtual_video_source":"","_tribe_events_virtual_embed_video":"","_tribe_events_virtual_linked_button_text":"","_tribe_events_virtual_linked_button":"","_tribe_events_virtual_show_embed_at":"","_tribe_events_virtual_show_embed_to":"","_tribe_events_virtual_show_on_event":"","_tribe_events_virtual_show_on_views":"","_tribe_events_virtual_url":""},"tags":[],"tribe_events_cat":[142],"barrera":[],"acf":[],"ticketed":false,"_links":{"self":[{"href":"https:\/\/affordablehousingactivation.org\/es\/wp-json\/wp\/v2\/tribe_events\/6445"}],"collection":[{"href":"https:\/\/affordablehousingactivation.org\/es\/wp-json\/wp\/v2\/tribe_events"}],"about":[{"href":"https:\/\/affordablehousingactivation.org\/es\/wp-json\/wp\/v2\/types\/tribe_events"}],"author":[{"embeddable":true,"href":"https:\/\/affordablehousingactivation.org\/es\/wp-json\/wp\/v2\/users\/392"}],"version-history":[{"count":1,"href":"https:\/\/affordablehousingactivation.org\/es\/wp-json\/wp\/v2\/tribe_events\/6445\/revisions"}],"predecessor-version":[{"id":6447,"href":"https:\/\/affordablehousingactivation.org\/es\/wp-json\/wp\/v2\/tribe_events\/6445\/revisions\/6447"}],"wp:featuredmedia":[{"embeddable":true,"href":"https:\/\/affordablehousingactivation.org\/es\/wp-json\/wp\/v2\/media\/6443"}],"wp:attachment":[{"href":"https:\/\/affordablehousingactivation.org\/es\/wp-json\/wp\/v2\/media?parent=6445"}],"wp:term":[{"taxonomy":"post_tag","embeddable":true,"href":"https:\/\/affordablehousingactivation.org\/es\/wp-json\/wp\/v2\/tags?post=6445"},{"taxonomy":"tribe_events_cat","embeddable":true,"href":"https:\/\/affordablehousingactivation.org\/es\/wp-json\/wp\/v2\/tribe_events_cat?post=6445"},{"taxonomy":"barrera","embeddable":true,"href":"https:\/\/affordablehousingactivation.org\/es\/wp-json\/wp\/v2\/barrera?post=6445"}],"curies":[{"name":"wp","href":"https:\/\/api.w.org\/{rel}","templated":true}]}}

Actualización de la reglamentación departamental de accesibilidad en Montevideo

<p><span data-contrast="auto">El proceso de regulación de las disposiciones sobre accesibilidad en Uruguay, es un ejemplo de buena práctica que será presentado por SAU (virtualmente) en el Foro Internacional UIA AHA Madrid 2022 (Affordable Housing Activation), en el marco del programa AfA (Architecture for All) de UIA, RIII.</span><span data-ccp-props="{&quot;201341983&quot;:0,&quot;335559739&quot;:160,&quot;335559740&quot;:259}"> </span></p>
<p><span data-contrast="auto">La participación es de acceso libre y podrá ser de forma presencial (<strong>Sede de SAU Gonzalo Ramírez 2030</strong>) o a través de la <strong>Plataforma Zoom</strong>:</span><span data-ccp-props="{&quot;201341983&quot;:0,&quot;335559739&quot;:160,&quot;335559740&quot;:259}"> </span></p>
<h2><span data-contrast="auto">ID de reunión</span></h2>
<p><span data-contrast="auto">863 68604295</span><span data-ccp-props="{&quot;201341983&quot;:0,&quot;335559739&quot;:160,&quot;335559740&quot;:259}"> </span></p>
<h2><span data-contrast="auto">Código de acceso</span></h2>
<p><span data-contrast="auto">970025</span><span data-ccp-props="{&quot;201341983&quot;:0,&quot;335559739&quot;:160,&quot;335559740&quot;:259}"> </span></p>
<p><span data-ccp-props="{&quot;201341983&quot;:0,&quot;335559739&quot;:160,&quot;335559740&quot;:259}"> </span></p>
<p><span data-ccp-props="{&quot;201341983&quot;:0,&quot;335559739&quot;:160,&quot;335559740&quot;:259}"> </span></p>

<p>El 21 de febrero de 2022 fue aprobada la Resolución 868/2022 de la IM que actualizará la reglamentación vigente sobre accesibilidad en espacios urbanos y edificaciones, en el Departamento de Montevideo. <br />
Invitamos a participar de esta instancia, en la que serán abordados los principales aspectos de esta actualización. </p>
