{"id":6809,"date":"2022-04-27T19:33:11","date_gmt":"2022-04-27T17:33:11","guid":{"rendered":"https:\/\/affordablehousingactivation.org\/event\/what-is-holistic-renovation-of-modernism-housing\/"},"modified":"2022-04-27T19:35:22","modified_gmt":"2022-04-27T17:35:22","slug":"what-is-holistic-renovation-of-modernism-housing","status":"publish","type":"tribe_events","link":"https:\/\/affordablehousingactivation.org\/es\/event\/what-is-holistic-renovation-of-modernism-housing\/","title":{"rendered":"What is holistic renovation of modernism housing?"},"content":{"rendered":"<p><span data-contrast=\"none\">Las viviendas prefabricadas, construidas hace unos 50-70 a\u00f1os, ya est\u00e1n desgastadas. No cumplen los requisitos actuales de eficiencia energ\u00e9tica y ya no son atractivas para los habitantes: este tipo de viviendas no se corresponde con las necesidades y el modo de vida actuales de la gente, y a menudo se perciben como aburridas, grises y visualmente poco atractivas<\/span><b><span data-contrast=\"none\">.<\/span><\/b><span data-ccp-props=\"{&quot;201341983&quot;:0,&quot;335559739&quot;:160,&quot;335559740&quot;:259}\">\u00a0<\/span><\/p>\n<p><span data-contrast=\"none\">\u201cHoy en d\u00eda, existen varios programas gubernamentales de renovaci\u00f3n implementados por diferentes pa\u00edses europeos, preocupados principalmente por el aislamiento t\u00e9rmico y la eficiencia energ\u00e9tica. \u00abCon la serie de eventos y actividades, estamos tratando de levantar un movimiento, crear un modelo \/ metodolog\u00eda y (en futuras etapas) implementar un proyecto piloto de algo m\u00e1s: la mejora de cada piso, los espacios comunes interiores y exteriores, y al mismo tiempo mantener la calidad visual y la unidad arquitect\u00f3nica de todo el barrio. Por supuesto, el proceso de renovaci\u00f3n debe incluir a los habitantes. Adem\u00e1s, buscar\u00edamos oportunidades para nuevas herramientas financieras y legales que permitan la participaci\u00f3n de diferentes actores, tanto privados como p\u00fablicos, en la renovaci\u00f3n. Y por \u00faltimo, pero no por ello menos importante, la renovaci\u00f3n no deber\u00eda excluir a los grupos sociales m\u00e1s vulnerables que suelen habitar en este tipo de viviendas de los procesos de toma de decisiones ni desplazarlos posteriormente; deber\u00eda crear un entorno de vida atractivo para todos\u00bb, resume el comisario de la iniciativa, el presidente del Colegio de Arquitectos de Lituania R\u016bta Leitanait\u0117.<\/span><span data-ccp-props=\"{&quot;201341983&quot;:0,&quot;335559739&quot;:160,&quot;335559740&quot;:259}\">\u00a0<\/span><\/p>\n<p><span data-contrast=\"none\">La idea del proyecto de renovaci\u00f3n hol\u00edstica de viviendas del modernismo surgi\u00f3 como respuesta b\u00e1ltica a la convocatoria del programa New European Bauhaus (NEB) de la Comisi\u00f3n Europea. \u00abCreemos firmemente que este tema es relevante para todos los pa\u00edses que tienen un vasto legado del periodo de posguerra: enormes distritos (microrradios) del modernismo, parque de viviendas prefabricadas. Los pa\u00edses postsovi\u00e9ticos tienen que enfrentarse a los mismos problemas y desaf\u00edos, y otros pa\u00edses europeos tambi\u00e9n se plantean el futuro de la vivienda modernista\u00bb, afirma R\u016bta Leitanait\u0117.<\/span><span data-ccp-props=\"{&quot;201341983&quot;:0,&quot;335559739&quot;:160,&quot;335559740&quot;:259}\">\u00a0<\/span><\/p>\n<p><span data-contrast=\"none\">El evento <\/span><b><span data-contrast=\"none\">\u00abRenovaci\u00f3n hol\u00edstica para viviendas del modernismo\u00bb <\/span><\/b><span data-contrast=\"none\">es un evento conjunto de la Uni\u00f3n Internacional de Arquitectos (Regi\u00f3n 1 y Regi\u00f3n 2). El evento est\u00e1 iniciado por la Asociaci\u00f3n de Arquitectos de Lituania y la Asociaci\u00f3n de Sindicatos de Arquitectos del B\u00e1ltico (BAUA). Los socios del evento son el Foro de Madrid 2022 y el Consejo de Arquitectos de Europa (ACE). El evento es un acto paralelo al Foro de Madrid 2022 \u00abAffordable Housing Activation\u00bb.<\/span><span data-ccp-props=\"{&quot;201341983&quot;:0,&quot;335559739&quot;:160,&quot;335559740&quot;:259}\">\u00a0<\/span><\/p>\n<p><span data-contrast=\"none\">Tras varios debates y eventos internacionales en Lituania en 2021, la iniciativa se reanuda con una conferencia internacional en l\u00ednea sobre la renovaci\u00f3n hol\u00edstica de las viviendas del modernismo el 11 de abril de 2022.\u00a0 15 conferenciantes de diferentes pa\u00edses, entre los que se encontraban los galardonados con el Premio Mies van der Rohe, Christophe Hutin (2019) y Xander Vermeulen Windsant (2017), as\u00ed como Olena Olyinik, vicepresidenta de la Uni\u00f3n Nacional de Arquitectos de Ucrania, presentaron proyectos realizados e investigaciones sobre el tema. Seg\u00fan el presidente de la BAUA, Juris Poga, la conferencia y la pr\u00f3xima exposici\u00f3n, a la que seguir\u00e1 un libro, servir\u00e1n de plataforma para debatir los temas m\u00e1s relevantes, poner de relieve los retos, compartir la experiencia y presentar las mejores pr\u00e1cticas europeas de renovaci\u00f3n hol\u00edstica de viviendas del modernismo.<\/span><span data-ccp-props=\"{&quot;201341983&quot;:0,&quot;335559739&quot;:160,&quot;335559740&quot;:259}\">\u00a0<\/span><\/p>\n<p><span data-contrast=\"none\">La exposici\u00f3n que muestra 11 ejemplos europeos y la investigaci\u00f3n de una renovaci\u00f3n hol\u00edstica de las viviendas construidas despu\u00e9s de la Segunda Guerra Mundial se inaugurar\u00e1 en <\/span><b><span data-contrast=\"none\">Madrid el 16 de mayo de 2022 a las 15:45 CET durante el Foro de Madrid \u00abVivienda asequible\u00bb. Lugar &#8211; COAM, Sala Mercadal, C\/ Hortaleza 63, 28004 Madrid,<\/span><\/b> <b><span data-contrast=\"none\">Espa\u00f1a.<\/span><\/b><span data-ccp-props=\"{&quot;201341983&quot;:0,&quot;335559739&quot;:160,&quot;335559740&quot;:259}\">\u00a0<\/span><\/p>\n<p><span data-contrast=\"none\">Organizadores: Uni\u00f3n Internacional de Arquitectos UIA, Asociaci\u00f3n de Sindicatos de Arquitectos del B\u00e1ltico BAUA, Asociaci\u00f3n de Arquitectos de Lituania, Uni\u00f3n de Arquitectos de Letonia, Uni\u00f3n de Arquitectos de Estonia; socios: AHA Affordable Housing Activation, Consejo de Arquitectos de Europa ACE; patrocinadores: Consejo Lituano de Cultura, Fondo Cultural de Estonia, Fundaci\u00f3n Estatal de Capital Cultural de Letonia.<\/span><span data-ccp-props=\"{&quot;201341983&quot;:0,&quot;335559739&quot;:160,&quot;335559740&quot;:259}\">\u00a0<\/span><\/p>\n<p>&nbsp;<\/p>\n<p><span data-contrast=\"none\">Para m\u00e1s informaci\u00f3n, p\u00f3ngase en contacto con R\u016bta Leitanait\u0117 en <\/span><a href=\"mailto:info@architektusajunga.lt\"><span data-contrast=\"none\">info@architektusajunga.lt<\/span><\/a><span data-ccp-props=\"{&quot;201341983&quot;:0,&quot;335559739&quot;:160,&quot;335559740&quot;:259}\">\u00a0<\/span><\/p>\n","protected":false},"excerpt":{"rendered":"<p>Una nueva iniciativa impulsada por la arquitectura inaugura una exposici\u00f3n en Madrid.<\/p>\n","protected":false},"author":392,"featured_media":6802,"template":"","meta":{"_price":"","_stock":"","_tribe_ticket_header":"","_tribe_default_ticket_provider":"Tribe__Tickets_Plus__Commerce__WooCommerce__Main","_tribe_ticket_capacity":"0","_ticket_start_date":"","_ticket_end_date":"","_tribe_ticket_show_description":"","_tribe_ticket_show_not_going":false,"_tribe_ticket_use_global_stock":"","_tribe_ticket_global_stock_level":"","_global_stock_mode":"","_global_stock_cap":"","_tribe_rsvp_for_event":"","_tribe_ticket_going_count":"","_tribe_ticket_not_going_count":"","_tribe_tickets_list":[],"_tribe_ticket_has_attendee_info_fields":false,"_tribe_events_status":"","_tribe_events_status_reason":"","_tribe_events_is_hybrid":"","_tribe_events_is_virtual":"","_tribe_events_virtual_video_source":"","_tribe_events_virtual_embed_video":"","_tribe_events_virtual_linked_button_text":"","_tribe_events_virtual_linked_button":"","_tribe_events_virtual_show_embed_at":"","_tribe_events_virtual_show_embed_to":"","_tribe_events_virtual_show_on_event":"","_tribe_events_virtual_show_on_views":"","_tribe_events_virtual_url":""},"tags":[],"tribe_events_cat":[142],"barrera":[],"acf":[],"ticketed":false,"_links":{"self":[{"href":"https:\/\/affordablehousingactivation.org\/es\/wp-json\/wp\/v2\/tribe_events\/6809"}],"collection":[{"href":"https:\/\/affordablehousingactivation.org\/es\/wp-json\/wp\/v2\/tribe_events"}],"about":[{"href":"https:\/\/affordablehousingactivation.org\/es\/wp-json\/wp\/v2\/types\/tribe_events"}],"author":[{"embeddable":true,"href":"https:\/\/affordablehousingactivation.org\/es\/wp-json\/wp\/v2\/users\/392"}],"version-history":[{"count":1,"href":"https:\/\/affordablehousingactivation.org\/es\/wp-json\/wp\/v2\/tribe_events\/6809\/revisions"}],"predecessor-version":[{"id":6810,"href":"https:\/\/affordablehousingactivation.org\/es\/wp-json\/wp\/v2\/tribe_events\/6809\/revisions\/6810"}],"wp:featuredmedia":[{"embeddable":true,"href":"https:\/\/affordablehousingactivation.org\/es\/wp-json\/wp\/v2\/media\/6802"}],"wp:attachment":[{"href":"https:\/\/affordablehousingactivation.org\/es\/wp-json\/wp\/v2\/media?parent=6809"}],"wp:term":[{"taxonomy":"post_tag","embeddable":true,"href":"https:\/\/affordablehousingactivation.org\/es\/wp-json\/wp\/v2\/tags?post=6809"},{"taxonomy":"tribe_events_cat","embeddable":true,"href":"https:\/\/affordablehousingactivation.org\/es\/wp-json\/wp\/v2\/tribe_events_cat?post=6809"},{"taxonomy":"barrera","embeddable":true,"href":"https:\/\/affordablehousingactivation.org\/es\/wp-json\/wp\/v2\/barrera?post=6809"}],"curies":[{"name":"wp","href":"https:\/\/api.w.org\/{rel}","templated":true}]}}

<p><span data-contrast="none">Las viviendas prefabricadas, construidas hace unos 50-70 años, ya están desgastadas. No cumplen los requisitos actuales de eficiencia energética y ya no son atractivas para los habitantes: este tipo de viviendas no se corresponde con las necesidades y el modo de vida actuales de la gente, y a menudo se perciben como aburridas, grises y visualmente poco atractivas</span><b><span data-contrast="none">.</span></b><span data-ccp-props="{&quot;201341983&quot;:0,&quot;335559739&quot;:160,&quot;335559740&quot;:259}"> </span></p>
<p><span data-contrast="none">“Hoy en día, existen varios programas gubernamentales de renovación implementados por diferentes países europeos, preocupados principalmente por el aislamiento térmico y la eficiencia energética. «Con la serie de eventos y actividades, estamos tratando de levantar un movimiento, crear un modelo / metodología y (en futuras etapas) implementar un proyecto piloto de algo más: la mejora de cada piso, los espacios comunes interiores y exteriores, y al mismo tiempo mantener la calidad visual y la unidad arquitectónica de todo el barrio. Por supuesto, el proceso de renovación debe incluir a los habitantes. Además, buscaríamos oportunidades para nuevas herramientas financieras y legales que permitan la participación de diferentes actores, tanto privados como públicos, en la renovación. Y por último, pero no por ello menos importante, la renovación no debería excluir a los grupos sociales más vulnerables que suelen habitar en este tipo de viviendas de los procesos de toma de decisiones ni desplazarlos posteriormente; debería crear un entorno de vida atractivo para todos», resume el comisario de la iniciativa, el presidente del Colegio de Arquitectos de Lituania Rūta Leitanaitė.</span><span data-ccp-props="{&quot;201341983&quot;:0,&quot;335559739&quot;:160,&quot;335559740&quot;:259}"> </span></p>
<p><span data-contrast="none">La idea del proyecto de renovación holística de viviendas del modernismo surgió como respuesta báltica a la convocatoria del programa New European Bauhaus (NEB) de la Comisión Europea. «Creemos firmemente que este tema es relevante para todos los países que tienen un vasto legado del periodo de posguerra: enormes distritos (microrradios) del modernismo, parque de viviendas prefabricadas. Los países postsoviéticos tienen que enfrentarse a los mismos problemas y desafíos, y otros países europeos también se plantean el futuro de la vivienda modernista», afirma Rūta Leitanaitė.</span><span data-ccp-props="{&quot;201341983&quot;:0,&quot;335559739&quot;:160,&quot;335559740&quot;:259}"> </span></p>
<p><span data-contrast="none">El evento </span><b><span data-contrast="none">«Renovación holística para viviendas del modernismo» </span></b><span data-contrast="none">es un evento conjunto de la Unión Internacional de Arquitectos (Región 1 y Región 2). El evento está iniciado por la Asociación de Arquitectos de Lituania y la Asociación de Sindicatos de Arquitectos del Báltico (BAUA). Los socios del evento son el Foro de Madrid 2022 y el Consejo de Arquitectos de Europa (ACE). El evento es un acto paralelo al Foro de Madrid 2022 «Affordable Housing Activation».</span><span data-ccp-props="{&quot;201341983&quot;:0,&quot;335559739&quot;:160,&quot;335559740&quot;:259}"> </span></p>
<p><span data-contrast="none">Tras varios debates y eventos internacionales en Lituania en 2021, la iniciativa se reanuda con una conferencia internacional en línea sobre la renovación holística de las viviendas del modernismo el 11 de abril de 2022.  15 conferenciantes de diferentes países, entre los que se encontraban los galardonados con el Premio Mies van der Rohe, Christophe Hutin (2019) y Xander Vermeulen Windsant (2017), así como Olena Olyinik, vicepresidenta de la Unión Nacional de Arquitectos de Ucrania, presentaron proyectos realizados e investigaciones sobre el tema. Según el presidente de la BAUA, Juris Poga, la conferencia y la próxima exposición, a la que seguirá un libro, servirán de plataforma para debatir los temas más relevantes, poner de relieve los retos, compartir la experiencia y presentar las mejores prácticas europeas de renovación holística de viviendas del modernismo.</span><span data-ccp-props="{&quot;201341983&quot;:0,&quot;335559739&quot;:160,&quot;335559740&quot;:259}"> </span></p>
<p><span data-contrast="none">La exposición que muestra 11 ejemplos europeos y la investigación de una renovación holística de las viviendas construidas después de la Segunda Guerra Mundial se inaugurará en </span><b><span data-contrast="none">Madrid el 16 de mayo de 2022 a las 15:45 CET durante el Foro de Madrid «Vivienda asequible». Lugar &#8211; COAM, Sala Mercadal, C/ Hortaleza 63, 28004 Madrid,</span></b> <b><span data-contrast="none">España.</span></b><span data-ccp-props="{&quot;201341983&quot;:0,&quot;335559739&quot;:160,&quot;335559740&quot;:259}"> </span></p>
<p><span data-contrast="none">Organizadores: Unión Internacional de Arquitectos UIA, Asociación de Sindicatos de Arquitectos del Báltico BAUA, Asociación de Arquitectos de Lituania, Unión de Arquitectos de Letonia, Unión de Arquitectos de Estonia; socios: AHA Affordable Housing Activation, Consejo de Arquitectos de Europa ACE; patrocinadores: Consejo Lituano de Cultura, Fondo Cultural de Estonia, Fundación Estatal de Capital Cultural de Letonia.</span><span data-ccp-props="{&quot;201341983&quot;:0,&quot;335559739&quot;:160,&quot;335559740&quot;:259}"> </span></p>
<p>&nbsp;</p>
<p><span data-contrast="none">Para más información, póngase en contacto con Rūta Leitanaitė en </span><a href="mailto:info@architektusajunga.lt"><span data-contrast="none">info@architektusajunga.lt</span></a><span data-ccp-props="{&quot;201341983&quot;:0,&quot;335559739&quot;:160,&quot;335559740&quot;:259}"> </span></p>

<p>Una nueva iniciativa impulsada por la arquitectura inaugura una exposición en Madrid.</p>
