{"id":7187,"date":"2022-05-02T13:47:42","date_gmt":"2022-05-02T11:47:42","guid":{"rendered":"https:\/\/affordablehousingactivation.org\/?post_type=tribe_events&#038;p=7187"},"modified":"2022-05-27T12:23:52","modified_gmt":"2022-05-27T10:23:52","slug":"visita-guiada-a-la-promocion-de-viviendas-la-rosilla-4-de-los-estudiantes-de-la-etsam","status":"publish","type":"tribe_events","link":"https:\/\/affordablehousingactivation.org\/es\/event\/visita-guiada-a-la-promocion-de-viviendas-la-rosilla-4-de-los-estudiantes-de-la-etsam\/","title":{"rendered":"VISITA GUIADA A LA PROMOCI\u00d3N DE VIVIENDAS LA ROSILLA 4 DE LOS ESTUDIANTES DE LA ETSAM"},"content":{"rendered":"<ul>\n<li><a href=\"https:\/\/youtu.be\/GmCGIQVUfYE\" target=\"_blank\" rel=\"noopener\">https:\/\/youtu.be\/GmCGIQVUfYE<\/a><\/li>\n<\/ul>\n<p><iframe loading=\"lazy\" title=\"VISITA GUIADA A LA PROMOCI\u00d3N DE VIVIENDAS LA ROSILLA 4 DE LOS ESTUDIANTES DE LA ETSAM\" width=\"800\" height=\"450\" src=\"https:\/\/www.youtube.com\/embed\/GmCGIQVUfYE?feature=oembed\" frameborder=\"0\" allow=\"accelerometer; autoplay; clipboard-write; encrypted-media; gyroscope; picture-in-picture\" allowfullscreen><\/iframe><\/p>\n<p><span data-contrast=\"auto\">Es necesario generar propuestas capaces de adecuarse a los nuevos retos sociales y los tipos de n\u00facleos familiares que conforman el tejido social en una exploraci\u00f3n de lo cotidiano.<\/span><span data-ccp-props=\"{&quot;201341983&quot;:0,&quot;335559739&quot;:160,&quot;335559740&quot;:259}\">\u00a0<\/span><\/p>\n<p><span data-contrast=\"auto\">La parcela RC 4 se sit\u00faa en un nuevo desarrollo urban\u00edstico denominado APE 18.05 \u201cLa Rosilla\u201d en Madrid junto al distrito de Vallecas. La Rosilla se encuentra en el tri\u00e1ngulo formado por la Carretera de Villaverde a Vallecas, la avenida Mayorazgo y la calle Castej\u00f3n de Henares.<\/span><span data-ccp-props=\"{&quot;201341983&quot;:0,&quot;335559739&quot;:160,&quot;335559740&quot;:259}\">\u00a0<\/span><\/p>\n<p><span data-contrast=\"auto\">El proyecto busca generar una pieza de transici\u00f3n entre el espacio urbano difuso que lo caracteriza y el nuevo parque situado al sur. Las piezas se organizan en dos escalas alternas, la que agota la altura m\u00e1xima de ocho plantas y la que cuentan con cinco plantas. Su colocaci\u00f3n ortogonal permite una heterogeneidad en la percepci\u00f3n desde la v\u00eda p\u00fablica y una clara discontinuidad en los planos de fachadas.<\/span><span data-ccp-props=\"{&quot;201341983&quot;:0,&quot;335559739&quot;:160,&quot;335559740&quot;:259}\">\u00a0<\/span><\/p>\n<p><span data-contrast=\"auto\">La limitaci\u00f3n normativa de profundidad de los edificios a 12 metros y los l\u00edmites de factores de relaci\u00f3n entre zonas comunes y privadas aconsejan organizar el conjunto de accesos a las viviendas mediante n\u00facleos para dos viviendas en el edificio longitudinal y n\u00facleo para 4 en el vertical. En la b\u00fasqueda de la mejora de estos aspectos, se organizan viviendas de configuraci\u00f3n flexible que permite una estancia pasante que contiene la cocina y el estar claramente separados y un vest\u00edbulo con almacenamiento, de manera paralela a este espacio, se organizan las zonas de noche con los dormitorios. Esta estructura permite incluir 71 viviendas protegidas de precio b\u00e1sico (VPPB), 3 de ellas para PMR.<\/span><span data-ccp-props=\"{&quot;201341983&quot;:0,&quot;335559739&quot;:160,&quot;335559740&quot;:259}\">\u00a0<\/span><\/p>\n<p><span data-contrast=\"auto\">Los edificios dispondr\u00e1n de un z\u00f3calo denso y rugoso construido mediante fabrica en aparejos con volumen, mientras que el resto de las envolventes de los edificios se construyen mediante un sistema SATE que optimiza el comportamiento energ\u00e9tico del mismo. A lo largo del jard\u00edn se generan unos n\u00facleos de actividad formados por un espacio de pavimento blando en \u00e1reas de juegos infantiles, unos bancos y una zona de plantaci\u00f3n de plantas tapizantes y \u00e1rboles que desarrollen gran porte y hoja caduca, permiti\u00e9ndose la plantaci\u00f3n al liberar el espacio bajo rasante el \u00e1mbito central de la parcela.<\/span><span data-ccp-props=\"{&quot;201341983&quot;:0,&quot;335559739&quot;:160,&quot;335559740&quot;:259}\">\u00a0<\/span><\/p>\n<h2>Fecha y lugar:<\/h2>\n<p><span class=\"NormalTextRun SCXW208930532 BCX0\">Mi\u00e9rcoles 4 de mayo a las 15:00 &#8211; <\/span><span class=\"NormalTextRun SCXW208930532 BCX0\">Villa de Vallecas. C\/ Sitio <\/span><span class=\"NormalTextRun SpellingErrorV2 SCXW208930532 BCX0\">Baler<\/span><span class=\"NormalTextRun SCXW208930532 BCX0\">, 18<\/span><\/p>\n<p>&nbsp;<\/p>\n<p><img loading=\"lazy\" class=\"alignnone size-medium wp-image-7204\" src=\"https:\/\/affordablehousingactivation.org\/web\/app\/uploads\/2022\/05\/Escudo-Arquitectura-PNG11-286x300.png\" alt=\"\" width=\"286\" height=\"300\" srcset=\"https:\/\/affordablehousingactivation.org\/\/web\/app\/uploads\/2022\/05\/Escudo-Arquitectura-PNG11-286x300.png 286w, https:\/\/affordablehousingactivation.org\/\/web\/app\/uploads\/2022\/05\/Escudo-Arquitectura-PNG11-975x1024.png 975w, https:\/\/affordablehousingactivation.org\/\/web\/app\/uploads\/2022\/05\/Escudo-Arquitectura-PNG11-768x806.png 768w, https:\/\/affordablehousingactivation.org\/\/web\/app\/uploads\/2022\/05\/Escudo-Arquitectura-PNG11-1463x1536.png 1463w, https:\/\/affordablehousingactivation.org\/\/web\/app\/uploads\/2022\/05\/Escudo-Arquitectura-PNG11-571x600.png 571w, https:\/\/affordablehousingactivation.org\/\/web\/app\/uploads\/2022\/05\/Escudo-Arquitectura-PNG11-600x630.png 600w, https:\/\/affordablehousingactivation.org\/\/web\/app\/uploads\/2022\/05\/Escudo-Arquitectura-PNG11.png 1502w\" sizes=\"(max-width: 286px) 100vw, 286px\" title=\"\"><\/p>\n","protected":false},"excerpt":{"rendered":"<p>Una vez alcanzados los est\u00e1ndares propios de una sociedad moderna en confort, comodidad y salubridad en las viviendas, tanto por la normativa como por la industria, debemos evolucionar y aportar nuevos niveles de calidad en lo espacial, lo material y en sus posibilidades de evoluci\u00f3n.<\/p>\n","protected":false},"author":392,"featured_media":7188,"template":"","meta":{"_price":"","_stock":"","_tribe_ticket_header":"","_tribe_default_ticket_provider":"Tribe__Tickets_Plus__Commerce__WooCommerce__Main","_tribe_ticket_capacity":"0","_ticket_start_date":"","_ticket_end_date":"","_tribe_ticket_show_description":"","_tribe_ticket_show_not_going":false,"_tribe_ticket_use_global_stock":"","_tribe_ticket_global_stock_level":"","_global_stock_mode":"","_global_stock_cap":"","_tribe_rsvp_for_event":"","_tribe_ticket_going_count":"","_tribe_ticket_not_going_count":"","_tribe_tickets_list":[],"_tribe_ticket_has_attendee_info_fields":false,"_tribe_events_status":"","_tribe_events_status_reason":"","_tribe_events_is_hybrid":"","_tribe_events_is_virtual":"","_tribe_events_virtual_video_source":"","_tribe_events_virtual_embed_video":"","_tribe_events_virtual_linked_button_text":"","_tribe_events_virtual_linked_button":"","_tribe_events_virtual_show_embed_at":"","_tribe_events_virtual_show_embed_to":"","_tribe_events_virtual_show_on_event":"","_tribe_events_virtual_show_on_views":"","_tribe_events_virtual_url":""},"tags":[],"tribe_events_cat":[142],"barrera":[117],"acf":[],"ticketed":false,"_links":{"self":[{"href":"https:\/\/affordablehousingactivation.org\/es\/wp-json\/wp\/v2\/tribe_events\/7187"}],"collection":[{"href":"https:\/\/affordablehousingactivation.org\/es\/wp-json\/wp\/v2\/tribe_events"}],"about":[{"href":"https:\/\/affordablehousingactivation.org\/es\/wp-json\/wp\/v2\/types\/tribe_events"}],"author":[{"embeddable":true,"href":"https:\/\/affordablehousingactivation.org\/es\/wp-json\/wp\/v2\/users\/392"}],"version-history":[{"count":4,"href":"https:\/\/affordablehousingactivation.org\/es\/wp-json\/wp\/v2\/tribe_events\/7187\/revisions"}],"predecessor-version":[{"id":9519,"href":"https:\/\/affordablehousingactivation.org\/es\/wp-json\/wp\/v2\/tribe_events\/7187\/revisions\/9519"}],"wp:featuredmedia":[{"embeddable":true,"href":"https:\/\/affordablehousingactivation.org\/es\/wp-json\/wp\/v2\/media\/7188"}],"wp:attachment":[{"href":"https:\/\/affordablehousingactivation.org\/es\/wp-json\/wp\/v2\/media?parent=7187"}],"wp:term":[{"taxonomy":"post_tag","embeddable":true,"href":"https:\/\/affordablehousingactivation.org\/es\/wp-json\/wp\/v2\/tags?post=7187"},{"taxonomy":"tribe_events_cat","embeddable":true,"href":"https:\/\/affordablehousingactivation.org\/es\/wp-json\/wp\/v2\/tribe_events_cat?post=7187"},{"taxonomy":"barrera","embeddable":true,"href":"https:\/\/affordablehousingactivation.org\/es\/wp-json\/wp\/v2\/barrera?post=7187"}],"curies":[{"name":"wp","href":"https:\/\/api.w.org\/{rel}","templated":true}]}}

VISITA GUIADA A LA PROMOCIÓN DE VIVIENDAS LA ROSILLA 4 DE LOS ESTUDIANTES DE LA ETSAM

<ul>
<li><a href="https://youtu.be/GmCGIQVUfYE" target="_blank" rel="noopener">https://youtu.be/GmCGIQVUfYE</a></li>
</ul>
<p><iframe loading="lazy" title="VISITA GUIADA A LA PROMOCIÓN DE VIVIENDAS LA ROSILLA 4 DE LOS ESTUDIANTES DE LA ETSAM" width="800" height="450" src="https://www.youtube.com/embed/GmCGIQVUfYE?feature=oembed" frameborder="0" allow="accelerometer; autoplay; clipboard-write; encrypted-media; gyroscope; picture-in-picture" allowfullscreen></iframe></p>
<p><span data-contrast="auto">Es necesario generar propuestas capaces de adecuarse a los nuevos retos sociales y los tipos de núcleos familiares que conforman el tejido social en una exploración de lo cotidiano.</span><span data-ccp-props="{&quot;201341983&quot;:0,&quot;335559739&quot;:160,&quot;335559740&quot;:259}"> </span></p>
<p><span data-contrast="auto">La parcela RC 4 se sitúa en un nuevo desarrollo urbanístico denominado APE 18.05 “La Rosilla” en Madrid junto al distrito de Vallecas. La Rosilla se encuentra en el triángulo formado por la Carretera de Villaverde a Vallecas, la avenida Mayorazgo y la calle Castejón de Henares.</span><span data-ccp-props="{&quot;201341983&quot;:0,&quot;335559739&quot;:160,&quot;335559740&quot;:259}"> </span></p>
<p><span data-contrast="auto">El proyecto busca generar una pieza de transición entre el espacio urbano difuso que lo caracteriza y el nuevo parque situado al sur. Las piezas se organizan en dos escalas alternas, la que agota la altura máxima de ocho plantas y la que cuentan con cinco plantas. Su colocación ortogonal permite una heterogeneidad en la percepción desde la vía pública y una clara discontinuidad en los planos de fachadas.</span><span data-ccp-props="{&quot;201341983&quot;:0,&quot;335559739&quot;:160,&quot;335559740&quot;:259}"> </span></p>
<p><span data-contrast="auto">La limitación normativa de profundidad de los edificios a 12 metros y los límites de factores de relación entre zonas comunes y privadas aconsejan organizar el conjunto de accesos a las viviendas mediante núcleos para dos viviendas en el edificio longitudinal y núcleo para 4 en el vertical. En la búsqueda de la mejora de estos aspectos, se organizan viviendas de configuración flexible que permite una estancia pasante que contiene la cocina y el estar claramente separados y un vestíbulo con almacenamiento, de manera paralela a este espacio, se organizan las zonas de noche con los dormitorios. Esta estructura permite incluir 71 viviendas protegidas de precio básico (VPPB), 3 de ellas para PMR.</span><span data-ccp-props="{&quot;201341983&quot;:0,&quot;335559739&quot;:160,&quot;335559740&quot;:259}"> </span></p>
<p><span data-contrast="auto">Los edificios dispondrán de un zócalo denso y rugoso construido mediante fabrica en aparejos con volumen, mientras que el resto de las envolventes de los edificios se construyen mediante un sistema SATE que optimiza el comportamiento energético del mismo. A lo largo del jardín se generan unos núcleos de actividad formados por un espacio de pavimento blando en áreas de juegos infantiles, unos bancos y una zona de plantación de plantas tapizantes y árboles que desarrollen gran porte y hoja caduca, permitiéndose la plantación al liberar el espacio bajo rasante el ámbito central de la parcela.</span><span data-ccp-props="{&quot;201341983&quot;:0,&quot;335559739&quot;:160,&quot;335559740&quot;:259}"> </span></p>
<h2>Fecha y lugar:</h2>
<p><span class="NormalTextRun SCXW208930532 BCX0">Miércoles 4 de mayo a las 15:00 &#8211; </span><span class="NormalTextRun SCXW208930532 BCX0">Villa de Vallecas. C/ Sitio </span><span class="NormalTextRun SpellingErrorV2 SCXW208930532 BCX0">Baler</span><span class="NormalTextRun SCXW208930532 BCX0">, 18</span></p>
<p>&nbsp;</p>
<p><img loading="lazy" class="alignnone size-medium wp-image-7204" src="https://affordablehousingactivation.org/web/app/uploads/2022/05/Escudo-Arquitectura-PNG11-286x300.png" alt="" width="286" height="300" srcset="https://affordablehousingactivation.org//web/app/uploads/2022/05/Escudo-Arquitectura-PNG11-286x300.png 286w, https://affordablehousingactivation.org//web/app/uploads/2022/05/Escudo-Arquitectura-PNG11-975x1024.png 975w, https://affordablehousingactivation.org//web/app/uploads/2022/05/Escudo-Arquitectura-PNG11-768x806.png 768w, https://affordablehousingactivation.org//web/app/uploads/2022/05/Escudo-Arquitectura-PNG11-1463x1536.png 1463w, https://affordablehousingactivation.org//web/app/uploads/2022/05/Escudo-Arquitectura-PNG11-571x600.png 571w, https://affordablehousingactivation.org//web/app/uploads/2022/05/Escudo-Arquitectura-PNG11-600x630.png 600w, https://affordablehousingactivation.org//web/app/uploads/2022/05/Escudo-Arquitectura-PNG11.png 1502w" sizes="(max-width: 286px) 100vw, 286px" title=""></p>

<p>Una vez alcanzados los estándares propios de una sociedad moderna en confort, comodidad y salubridad en las viviendas, tanto por la normativa como por la industria, debemos evolucionar y aportar nuevos niveles de calidad en lo espacial, lo material y en sus posibilidades de evolución.</p>
