{"id":7906,"date":"2022-05-03T18:33:07","date_gmt":"2022-05-03T16:33:07","guid":{"rendered":"https:\/\/affordablehousingactivation.org\/?post_type=tribe_events&#038;p=7906"},"modified":"2022-05-18T13:17:23","modified_gmt":"2022-05-18T11:17:23","slug":"removing-barriers-if-it-is-not-accessible-it-is-not-affordable-or-sustainable","status":"publish","type":"tribe_events","link":"https:\/\/affordablehousingactivation.org\/es\/event\/removing-barriers-if-it-is-not-accessible-it-is-not-affordable-or-sustainable\/","title":{"rendered":"Removing Barriers: If it is not Accessible, it is not Affordable or Sustainable"},"content":{"rendered":"<p><span data-contrast=\"none\">This webinar supports three pillars of the Forum identified as Barriers; MISMATCH, POLICIES AND REGULATIONS and URBAN DESIGN. It ensures that the UIA Policy on Accessibility, Inclusion in the Built Environment is applied to the Affordable Housing Activation Forum agenda.<\/span><span data-ccp-props=\"{}\">\u00a0<\/span><\/p>\n<p><span data-contrast=\"none\">The speakers are all experts in the design of accessible and inclusive built environment. In order to ensure equal rights and comply with the UN Convention of the Rights of Persons with Disabilities, all housing must be future-proofed and designed for lifetime use. Accessible housing contributes to social sustainability, equity and inclusion in our built environment. The presentations will provide a snapshot of current work being carried out in Europe by members of the UIA Architecture for All Work Programme in relation to accessible housing.<\/span><span data-ccp-props=\"{}\">\u00a0<\/span><\/p>\n<p><span data-contrast=\"none\"><strong>Fecha<\/strong>: 16 May 2022, 16.00 CET (15.00 Irish Time)<\/span><span data-ccp-props=\"{}\">\u00a0<\/span><\/p>\n<p><a class=\"btn btn-danger btn-pill btn-wide\" href=\"https:\/\/www.riai.ie\/whats-on\/events\/removing-barriers-if-it-is-not-accessible-it-is-not-affordable-or-sustainable\" target=\"_blank\" rel=\"noopener\">Register<\/a><\/p>\n<h2><span data-contrast=\"none\">PROGRAMME:<\/span><span data-ccp-props=\"{}\">\u00a0<\/span><\/h2>\n<ul>\n<li><span data-contrast=\"none\">16.00 Welcome and Introduction to AfA WP &#8211;\u00a0 <\/span><b><span data-contrast=\"none\">Angela Rolfe<\/span><\/b><span data-contrast=\"none\"> AfA Regional Director<\/span><span data-ccp-props=\"{}\">\u00a0<\/span><\/li>\n<li><span data-contrast=\"none\">16.05 Accessible Housing in the UK &#8211; <\/span><b><span data-contrast=\"none\">Jane Simpson<\/span><\/b><span data-ccp-props=\"{}\">\u00a0<\/span><\/li>\n<li><span data-contrast=\"none\">16.20 Different Solutions for Upgrading Housing in Spain &#8211; <\/span><b><span data-contrast=\"none\">Delf\u00edn Jim\u00e9nez Mart\u00edn<\/span><\/b><span data-contrast=\"none\"> and <\/span><b><span data-contrast=\"none\">Nieves<\/span><\/b><span data-ccp-props=\"{}\">\u00a0<\/span><\/li>\n<li><b><span data-contrast=\"none\">Peinado<\/span><\/b><span data-ccp-props=\"{}\">\u00a0<\/span><\/li>\n<li><span data-contrast=\"none\">16.35 Linden Farm: A supported living setting for adults with autism \u2013 TBC &#8211; <\/span><b><span data-contrast=\"none\">Kate McGechan<\/span><\/b><span data-ccp-props=\"{}\">\u00a0<\/span><\/li>\n<li><span data-contrast=\"none\">16.50 Social Housing in Italy: some considerations &#8211; <\/span><b><span data-contrast=\"none\">Isabella Steffan<\/span><\/b><span data-ccp-props=\"{}\">\u00a0<\/span><\/li>\n<li><span data-contrast=\"none\">17.05 Questions and Discussion Chaired by Angela Rolfe<\/span><span data-ccp-props=\"{}\">\u00a0<\/span><\/li>\n<li><span data-contrast=\"none\">17.20 Summary and Conclusions<\/span><span data-ccp-props=\"{}\">\u00a0<\/span><\/li>\n<\/ul>\n<h2>Streaming Link<\/h2>\n<ul>\n<li><a href=\"https:\/\/youtu.be\/xAPwUUxNQOk\" target=\"_blank\" rel=\"noopener\">https:\/\/youtu.be\/xAPwUUxNQOk<\/a><\/li>\n<\/ul>\n<p><iframe loading=\"lazy\" title=\"If it is not Accessible, it is not Affordable or Sustainable | UIA Irlanda 16\/05\" width=\"800\" height=\"450\" src=\"https:\/\/www.youtube.com\/embed\/xAPwUUxNQOk?feature=oembed\" frameborder=\"0\" allow=\"accelerometer; autoplay; clipboard-write; encrypted-media; gyroscope; picture-in-picture\" allowfullscreen><\/iframe><\/p>\n<h2><span data-ccp-props=\"{}\">Speakers<\/span><\/h2>\n<p><b><span data-contrast=\"none\">Angela Rolfe. <\/span><\/b><span data-contrast=\"none\">Angela is an Architect and Urban Designer. She was responsible for the restoration, refurbishment, upgrading and maintenance of a broad range of prestigious state properties for the Office of Public Works in Ireland between 1980 \u2013 2017. She is currently Chair of the Royal Institute of Architects in Ireland [RIAI] Universal Design Task Force [UDTF] and Regional Director UIA Architecture for All Work Programme for Region 1. She is a Board member of ICOMOS Ireland and part-time lecturer Academy of Art, Design and Architecture IT Sligo.<\/span><\/p>\n<p><b><span data-contrast=\"none\">Jane Simpson. <\/span><\/b><span data-contrast=\"none\">Jane is an Architect and registered NRAC access consultant, she has over 30 years\u2019 experience in inclusion. As a leading expert in inclusion, she works on all sectors, including residential schemes nationwide. She has contributed to the development of Inclusive Design Practices and standards is a member of the Selwyn Goldsmith Awards Judging Panel, contributes to the Royal Institute of British Architects including, the International Union of Architects Region 1 Architecture for All Work Group.<\/span><\/p>\n<p><b><span data-contrast=\"none\">Delf\u00edn Jim\u00e9nez Mart\u00edn. <\/span><\/b><span data-contrast=\"none\">Delf\u00edn Jim\u00e9nez Mart\u00edn Delfin has a Ph. <\/span><span data-contrast=\"none\">D in architecture from the Polytechnic University of Madrid and is currently Director of \u00abEQAR, Planning, Building and Accessibility\u00bb. He is participating in several projects of international standards on Accessibility for UNE, ISO and the European Commission. He has extensive experience as a Universal Accessibility consultant with entities such as ONCE Foundation, PREDIF, ILUNION, and with AENOR and ENAC as an expert in certification audits in Accessibility. He is professor of the Master of Accessibility at the University of Ja\u00e9n, director of the COAM Accessibility Training Plan and lecturer in numerous other courses at UPM, COAM, Madrid Council&#8230;). He has several publications on accessibility in the physical environment and has participated as a speaker at numerous International Conferences. He is president of ASEPAU, Spanish Association of Universal Accessibility Professionals, member of IAAP (International Association of Accessibility Professionals) and Spanish representative in the Smart Cities for all, of the G3ict.<\/span><span data-ccp-props=\"{}\">\u00a0<\/span><\/p>\n<p><b><span data-contrast=\"none\">Nieves Peinado Margalef. <\/span><\/b><span data-contrast=\"none\">Nieves Peinado Margalef Nieves trained as an Architect at the Polytechnic University of Madrid. Since 1991 she has developed her professional background at the Architecture Department of the Spanish Reference Center for Personal Autonomy and Technical Aids (CEAPAT). CEAPAT is a governmental centre belonging to Imserso, Ministry of Health, Social Services and Equality whose mission is to contribute to making the rights of persons with disabilities and older persons effective, through accessibility, assistive products and technologies and design for all. Working at CEAPAT has given Nieves an expertise on Universal Design and Accessibility in the built environment. She also participates in training activities and in national and international working groups as UNE, CEN and ISO.<\/span><span data-ccp-props=\"{}\">\u00a0<\/span><\/p>\n<p><b><span data-contrast=\"none\">Kate McGechan. <\/span><\/b><span data-contrast=\"none\">Kate McGechan Kate is an Architect and registered NRAC access consultant. Kate joined Haverstock in 2005 and is an experienced architect and inclusive design consultant. She has led a series of award-winning education, housing, and community projects. In 2021 was awarded the RIBA South East Architect of the Year Award for her work on Linden Farm Supported Living. She is a member of LLDC\u2019s Built Environment Access Panel (BEAP) and the chair of London region of the Access Association and has gained NRAC (Access) Consultant accreditation. Kate was the project architect of Linden Farm Supported Living Setting for young adults with autism. The design provides residents with an exemplar home environment, whilst enabling the assistance of supported living care. The project won the Selwyn Goldsmith Award for Universal Design and received an honourable mention in UIA\u2019s Friendly and Inclusive Spaces awards 2021.<\/span><span data-ccp-props=\"{}\">\u00a0<\/span><\/p>\n<p><b><span data-contrast=\"none\">Isabella Tiziana Steffan. <\/span><\/b><span data-contrast=\"none\">Isabella Tiziana Steffan Isabella is an architect and Certified Professional Ergonomist. She is active in the fields of planning, designing, research, standardisation, on accessibility and usability of environment, products, services. She has been a selected expert within the European Community Mandate 420, for developing a new standard \u201cEN 17210:2021 &#8211; Accessibility and usability of the built environment \u2013 Functional requirements\u201d and two related technical reports. She is chair of the Technical Committee \u201cErgonomics in Design for All\u201d of IEA &#8211; International Ergonomics Association, and an active member of the EDF- the European Disability Forum Expert group on Built environment and of the UIA Architecture for All WG (since 2011), now representing the CNAPPC\u2013 the Italian Council of Architects.<\/span><span data-ccp-props=\"{}\">\u00a0<\/span><\/p>\n<p><span class=\"TextRun SCXW188355246 BCX0\" lang=\"ES-ES\" xml:lang=\"ES-ES\" data-contrast=\"none\"><span class=\"NormalTextRun SCXW188355246 BCX0\" data-ccp-charstyle=\"Ninguno\" data-ccp-charstyle-defn=\"{&quot;ObjectId&quot;:&quot;4ffe4fe5-4aa0-4b02-a246-2add37a51c66|9&quot;,&quot;ClassId&quot;:1073872969,&quot;Properties&quot;:[469775450,&quot;Ninguno&quot;,201340122,&quot;1&quot;,134233614,&quot;true&quot;,469778129,&quot;Ninguno&quot;,335572020,&quot;1&quot;,335551547,&quot;1034&quot;]}\"><strong>Organizado por:<\/strong> UIA Region I<\/span><\/span><span class=\"EOP SCXW188355246 BCX0\" data-ccp-props=\"{}\">\u00a0<\/span><\/p>\n<p><img loading=\"lazy\" class=\"alignnone wp-image-7900\" src=\"https:\/\/affordablehousingactivation.org\/web\/app\/uploads\/2022\/03\/Royal_Institute_of_the_Architects_of_Ireland.svg_-300x300.png\" alt=\"\" width=\"178\" height=\"178\" srcset=\"https:\/\/affordablehousingactivation.org\/\/web\/app\/uploads\/2022\/03\/Royal_Institute_of_the_Architects_of_Ireland.svg_-300x300.png 300w, https:\/\/affordablehousingactivation.org\/\/web\/app\/uploads\/2022\/03\/Royal_Institute_of_the_Architects_of_Ireland.svg_-1024x1024.png 1024w, https:\/\/affordablehousingactivation.org\/\/web\/app\/uploads\/2022\/03\/Royal_Institute_of_the_Architects_of_Ireland.svg_-150x150.png 150w, https:\/\/affordablehousingactivation.org\/\/web\/app\/uploads\/2022\/03\/Royal_Institute_of_the_Architects_of_Ireland.svg_-768x768.png 768w, https:\/\/affordablehousingactivation.org\/\/web\/app\/uploads\/2022\/03\/Royal_Institute_of_the_Architects_of_Ireland.svg_-600x600.png 600w, https:\/\/affordablehousingactivation.org\/\/web\/app\/uploads\/2022\/03\/Royal_Institute_of_the_Architects_of_Ireland.svg_-100x100.png 100w, https:\/\/affordablehousingactivation.org\/\/web\/app\/uploads\/2022\/03\/Royal_Institute_of_the_Architects_of_Ireland.svg_.png 1200w\" sizes=\"(max-width: 178px) 100vw, 178px\" title=\"\"><\/p>\n","protected":false},"excerpt":{"rendered":"<p>Accessibility is an essential factor in the design of affordable housing and removing barriers to the creation of inclusive communities. <\/p>\n","protected":false},"author":392,"featured_media":9335,"template":"","meta":{"_price":"","_stock":"","_tribe_ticket_header":"","_tribe_default_ticket_provider":"Tribe__Tickets_Plus__Commerce__WooCommerce__Main","_tribe_ticket_capacity":"0","_ticket_start_date":"","_ticket_end_date":"","_tribe_ticket_show_description":"","_tribe_ticket_show_not_going":false,"_tribe_ticket_use_global_stock":"","_tribe_ticket_global_stock_level":"","_global_stock_mode":"","_global_stock_cap":"","_tribe_rsvp_for_event":"","_tribe_ticket_going_count":"","_tribe_ticket_not_going_count":"","_tribe_tickets_list":[],"_tribe_ticket_has_attendee_info_fields":false,"_tribe_events_status":"","_tribe_events_status_reason":"","_tribe_events_is_hybrid":"","_tribe_events_is_virtual":"","_tribe_events_virtual_video_source":"","_tribe_events_virtual_embed_video":"","_tribe_events_virtual_linked_button_text":"","_tribe_events_virtual_linked_button":"","_tribe_events_virtual_show_embed_at":"","_tribe_events_virtual_show_embed_to":"","_tribe_events_virtual_show_on_event":"","_tribe_events_virtual_show_on_views":"","_tribe_events_virtual_url":""},"tags":[],"tribe_events_cat":[142],"barrera":[],"acf":[],"ticketed":false,"_links":{"self":[{"href":"https:\/\/affordablehousingactivation.org\/es\/wp-json\/wp\/v2\/tribe_events\/7906"}],"collection":[{"href":"https:\/\/affordablehousingactivation.org\/es\/wp-json\/wp\/v2\/tribe_events"}],"about":[{"href":"https:\/\/affordablehousingactivation.org\/es\/wp-json\/wp\/v2\/types\/tribe_events"}],"author":[{"embeddable":true,"href":"https:\/\/affordablehousingactivation.org\/es\/wp-json\/wp\/v2\/users\/392"}],"version-history":[{"count":3,"href":"https:\/\/affordablehousingactivation.org\/es\/wp-json\/wp\/v2\/tribe_events\/7906\/revisions"}],"predecessor-version":[{"id":9231,"href":"https:\/\/affordablehousingactivation.org\/es\/wp-json\/wp\/v2\/tribe_events\/7906\/revisions\/9231"}],"wp:featuredmedia":[{"embeddable":true,"href":"https:\/\/affordablehousingactivation.org\/es\/wp-json\/wp\/v2\/media\/9335"}],"wp:attachment":[{"href":"https:\/\/affordablehousingactivation.org\/es\/wp-json\/wp\/v2\/media?parent=7906"}],"wp:term":[{"taxonomy":"post_tag","embeddable":true,"href":"https:\/\/affordablehousingactivation.org\/es\/wp-json\/wp\/v2\/tags?post=7906"},{"taxonomy":"tribe_events_cat","embeddable":true,"href":"https:\/\/affordablehousingactivation.org\/es\/wp-json\/wp\/v2\/tribe_events_cat?post=7906"},{"taxonomy":"barrera","embeddable":true,"href":"https:\/\/affordablehousingactivation.org\/es\/wp-json\/wp\/v2\/barrera?post=7906"}],"curies":[{"name":"wp","href":"https:\/\/api.w.org\/{rel}","templated":true}]}}

<p><span data-contrast="none">This webinar supports three pillars of the Forum identified as Barriers; MISMATCH, POLICIES AND REGULATIONS and URBAN DESIGN. It ensures that the UIA Policy on Accessibility, Inclusion in the Built Environment is applied to the Affordable Housing Activation Forum agenda.</span><span data-ccp-props="{}"> </span></p>
<p><span data-contrast="none">The speakers are all experts in the design of accessible and inclusive built environment. In order to ensure equal rights and comply with the UN Convention of the Rights of Persons with Disabilities, all housing must be future-proofed and designed for lifetime use. Accessible housing contributes to social sustainability, equity and inclusion in our built environment. The presentations will provide a snapshot of current work being carried out in Europe by members of the UIA Architecture for All Work Programme in relation to accessible housing.</span><span data-ccp-props="{}"> </span></p>
<p><span data-contrast="none"><strong>Fecha</strong>: 16 May 2022, 16.00 CET (15.00 Irish Time)</span><span data-ccp-props="{}"> </span></p>
<p><a class="btn btn-danger btn-pill btn-wide" href="https://www.riai.ie/whats-on/events/removing-barriers-if-it-is-not-accessible-it-is-not-affordable-or-sustainable" target="_blank" rel="noopener">Register</a></p>
<h2><span data-contrast="none">PROGRAMME:</span><span data-ccp-props="{}"> </span></h2>
<ul>
<li><span data-contrast="none">16.00 Welcome and Introduction to AfA WP &#8211;  </span><b><span data-contrast="none">Angela Rolfe</span></b><span data-contrast="none"> AfA Regional Director</span><span data-ccp-props="{}"> </span></li>
<li><span data-contrast="none">16.05 Accessible Housing in the UK &#8211; </span><b><span data-contrast="none">Jane Simpson</span></b><span data-ccp-props="{}"> </span></li>
<li><span data-contrast="none">16.20 Different Solutions for Upgrading Housing in Spain &#8211; </span><b><span data-contrast="none">Delfín Jiménez Martín</span></b><span data-contrast="none"> and </span><b><span data-contrast="none">Nieves</span></b><span data-ccp-props="{}"> </span></li>
<li><b><span data-contrast="none">Peinado</span></b><span data-ccp-props="{}"> </span></li>
<li><span data-contrast="none">16.35 Linden Farm: A supported living setting for adults with autism – TBC &#8211; </span><b><span data-contrast="none">Kate McGechan</span></b><span data-ccp-props="{}"> </span></li>
<li><span data-contrast="none">16.50 Social Housing in Italy: some considerations &#8211; </span><b><span data-contrast="none">Isabella Steffan</span></b><span data-ccp-props="{}"> </span></li>
<li><span data-contrast="none">17.05 Questions and Discussion Chaired by Angela Rolfe</span><span data-ccp-props="{}"> </span></li>
<li><span data-contrast="none">17.20 Summary and Conclusions</span><span data-ccp-props="{}"> </span></li>
</ul>
<h2>Streaming Link</h2>
<ul>
<li><a href="https://youtu.be/xAPwUUxNQOk" target="_blank" rel="noopener">https://youtu.be/xAPwUUxNQOk</a></li>
</ul>
<p><iframe loading="lazy" title="If it is not Accessible, it is not Affordable or Sustainable | UIA Irlanda 16/05" width="800" height="450" src="https://www.youtube.com/embed/xAPwUUxNQOk?feature=oembed" frameborder="0" allow="accelerometer; autoplay; clipboard-write; encrypted-media; gyroscope; picture-in-picture" allowfullscreen></iframe></p>
<h2><span data-ccp-props="{}">Speakers</span></h2>
<p><b><span data-contrast="none">Angela Rolfe. </span></b><span data-contrast="none">Angela is an Architect and Urban Designer. She was responsible for the restoration, refurbishment, upgrading and maintenance of a broad range of prestigious state properties for the Office of Public Works in Ireland between 1980 – 2017. She is currently Chair of the Royal Institute of Architects in Ireland [RIAI] Universal Design Task Force [UDTF] and Regional Director UIA Architecture for All Work Programme for Region 1. She is a Board member of ICOMOS Ireland and part-time lecturer Academy of Art, Design and Architecture IT Sligo.</span></p>
<p><b><span data-contrast="none">Jane Simpson. </span></b><span data-contrast="none">Jane is an Architect and registered NRAC access consultant, she has over 30 years’ experience in inclusion. As a leading expert in inclusion, she works on all sectors, including residential schemes nationwide. She has contributed to the development of Inclusive Design Practices and standards is a member of the Selwyn Goldsmith Awards Judging Panel, contributes to the Royal Institute of British Architects including, the International Union of Architects Region 1 Architecture for All Work Group.</span></p>
<p><b><span data-contrast="none">Delfín Jiménez Martín. </span></b><span data-contrast="none">Delfín Jiménez Martín Delfin has a Ph. </span><span data-contrast="none">D in architecture from the Polytechnic University of Madrid and is currently Director of «EQAR, Planning, Building and Accessibility». He is participating in several projects of international standards on Accessibility for UNE, ISO and the European Commission. He has extensive experience as a Universal Accessibility consultant with entities such as ONCE Foundation, PREDIF, ILUNION, and with AENOR and ENAC as an expert in certification audits in Accessibility. He is professor of the Master of Accessibility at the University of Jaén, director of the COAM Accessibility Training Plan and lecturer in numerous other courses at UPM, COAM, Madrid Council&#8230;). He has several publications on accessibility in the physical environment and has participated as a speaker at numerous International Conferences. He is president of ASEPAU, Spanish Association of Universal Accessibility Professionals, member of IAAP (International Association of Accessibility Professionals) and Spanish representative in the Smart Cities for all, of the G3ict.</span><span data-ccp-props="{}"> </span></p>
<p><b><span data-contrast="none">Nieves Peinado Margalef. </span></b><span data-contrast="none">Nieves Peinado Margalef Nieves trained as an Architect at the Polytechnic University of Madrid. Since 1991 she has developed her professional background at the Architecture Department of the Spanish Reference Center for Personal Autonomy and Technical Aids (CEAPAT). CEAPAT is a governmental centre belonging to Imserso, Ministry of Health, Social Services and Equality whose mission is to contribute to making the rights of persons with disabilities and older persons effective, through accessibility, assistive products and technologies and design for all. Working at CEAPAT has given Nieves an expertise on Universal Design and Accessibility in the built environment. She also participates in training activities and in national and international working groups as UNE, CEN and ISO.</span><span data-ccp-props="{}"> </span></p>
<p><b><span data-contrast="none">Kate McGechan. </span></b><span data-contrast="none">Kate McGechan Kate is an Architect and registered NRAC access consultant. Kate joined Haverstock in 2005 and is an experienced architect and inclusive design consultant. She has led a series of award-winning education, housing, and community projects. In 2021 was awarded the RIBA South East Architect of the Year Award for her work on Linden Farm Supported Living. She is a member of LLDC’s Built Environment Access Panel (BEAP) and the chair of London region of the Access Association and has gained NRAC (Access) Consultant accreditation. Kate was the project architect of Linden Farm Supported Living Setting for young adults with autism. The design provides residents with an exemplar home environment, whilst enabling the assistance of supported living care. The project won the Selwyn Goldsmith Award for Universal Design and received an honourable mention in UIA’s Friendly and Inclusive Spaces awards 2021.</span><span data-ccp-props="{}"> </span></p>
<p><b><span data-contrast="none">Isabella Tiziana Steffan. </span></b><span data-contrast="none">Isabella Tiziana Steffan Isabella is an architect and Certified Professional Ergonomist. She is active in the fields of planning, designing, research, standardisation, on accessibility and usability of environment, products, services. She has been a selected expert within the European Community Mandate 420, for developing a new standard “EN 17210:2021 &#8211; Accessibility and usability of the built environment – Functional requirements” and two related technical reports. She is chair of the Technical Committee “Ergonomics in Design for All” of IEA &#8211; International Ergonomics Association, and an active member of the EDF- the European Disability Forum Expert group on Built environment and of the UIA Architecture for All WG (since 2011), now representing the CNAPPC– the Italian Council of Architects.</span><span data-ccp-props="{}"> </span></p>
<p><span class="TextRun SCXW188355246 BCX0" lang="ES-ES" xml:lang="ES-ES" data-contrast="none"><span class="NormalTextRun SCXW188355246 BCX0" data-ccp-charstyle="Ninguno" data-ccp-charstyle-defn="{&quot;ObjectId&quot;:&quot;4ffe4fe5-4aa0-4b02-a246-2add37a51c66|9&quot;,&quot;ClassId&quot;:1073872969,&quot;Properties&quot;:[469775450,&quot;Ninguno&quot;,201340122,&quot;1&quot;,134233614,&quot;true&quot;,469778129,&quot;Ninguno&quot;,335572020,&quot;1&quot;,335551547,&quot;1034&quot;]}"><strong>Organizado por:</strong> UIA Region I</span></span><span class="EOP SCXW188355246 BCX0" data-ccp-props="{}"> </span></p>
<p><img loading="lazy" class="alignnone wp-image-7900" src="https://affordablehousingactivation.org/web/app/uploads/2022/03/Royal_Institute_of_the_Architects_of_Ireland.svg_-300x300.png" alt="" width="178" height="178" srcset="https://affordablehousingactivation.org//web/app/uploads/2022/03/Royal_Institute_of_the_Architects_of_Ireland.svg_-300x300.png 300w, https://affordablehousingactivation.org//web/app/uploads/2022/03/Royal_Institute_of_the_Architects_of_Ireland.svg_-1024x1024.png 1024w, https://affordablehousingactivation.org//web/app/uploads/2022/03/Royal_Institute_of_the_Architects_of_Ireland.svg_-150x150.png 150w, https://affordablehousingactivation.org//web/app/uploads/2022/03/Royal_Institute_of_the_Architects_of_Ireland.svg_-768x768.png 768w, https://affordablehousingactivation.org//web/app/uploads/2022/03/Royal_Institute_of_the_Architects_of_Ireland.svg_-600x600.png 600w, https://affordablehousingactivation.org//web/app/uploads/2022/03/Royal_Institute_of_the_Architects_of_Ireland.svg_-100x100.png 100w, https://affordablehousingactivation.org//web/app/uploads/2022/03/Royal_Institute_of_the_Architects_of_Ireland.svg_.png 1200w" sizes="(max-width: 178px) 100vw, 178px" title=""></p>
