{"id":8242,"date":"2022-05-05T16:11:53","date_gmt":"2022-05-05T14:11:53","guid":{"rendered":"https:\/\/affordablehousingactivation.org\/?post_type=tribe_events&#038;p=8242"},"modified":"2022-05-05T16:13:48","modified_gmt":"2022-05-05T14:13:48","slug":"aiaisc-22-aia-international-spring-conference","status":"publish","type":"tribe_events","link":"https:\/\/affordablehousingactivation.org\/es\/event\/aiaisc-22-aia-international-spring-conference\/","title":{"rendered":"AIAISC \u201822 &#8211; AIA International Spring Conference"},"content":{"rendered":"<p><span data-contrast=\"auto\">El tema de este a\u00f1o es, \u00bfc\u00f3mo se posicionan los arquitectos para aceptar el cambio? \u00bfQu\u00e9 tendencias podemos identificar que dar\u00e1n forma al futuro de la arquitectura y el entorno construido? \u00bfQu\u00e9 nuevas tecnolog\u00edas o nuevas formas de trabajar saldr\u00e1n a la luz?<\/span><span data-ccp-props=\"{}\">\u00a0<\/span><\/p>\n<p><span data-contrast=\"auto\">El evento virtual, de tres d\u00edas, brindar\u00e1 conferencias, paneles de discusi\u00f3n, recorridos, y otras actividades dentro del Marco para la Excelencia en el Dise\u00f1o de AIA.\u00a0<\/span><span data-ccp-props=\"{}\">\u00a0<\/span><\/p>\n<p><span data-contrast=\"auto\">Las sesiones de la conferencia ser\u00e1n organizadas por los siete cap\u00edtulos internacionales en Canad\u00e1, Europa, Hong Kong, Jap\u00f3n, Medio Oriente, Shangh\u00e1i y el Reino Unido, as\u00ed como por algunos de muchos representantes de pa\u00edses en todo el mundo.<\/span><span data-ccp-props=\"{}\">\u00a0<\/span><\/p>\n<p><span data-contrast=\"auto\"><strong>Consulta la p\u00e1gina web<\/strong> <\/span><\/p>\n<ul>\n<li><a href=\"https:\/\/www.aiainternational.org\/2022-spring-conference-overview\" target=\"_blank\" rel=\"noopener\"><span data-contrast=\"none\">https:\/\/www.aiainternational.org\/2022-spring-conference-overview<\/span><\/a><\/li>\n<\/ul>\n","protected":false},"excerpt":{"rendered":"<p>Del 19 al 21 de mayo de 2022, vuelve la Conferencia de Primavera de AIA International. El objetivo es energizar a la audiencia global con un programa que interact\u00fae con el mundo que nos rodea y cuestione hacia d\u00f3nde nos dirigimos.\u00a0\u00a0<\/p>\n","protected":false},"author":392,"featured_media":8243,"template":"","meta":{"_price":"","_stock":"","_tribe_ticket_header":"","_tribe_default_ticket_provider":"Tribe__Tickets_Plus__Commerce__WooCommerce__Main","_tribe_ticket_capacity":"0","_ticket_start_date":"","_ticket_end_date":"","_tribe_ticket_show_description":"","_tribe_ticket_show_not_going":false,"_tribe_ticket_use_global_stock":"","_tribe_ticket_global_stock_level":"","_global_stock_mode":"","_global_stock_cap":"","_tribe_rsvp_for_event":"","_tribe_ticket_going_count":"","_tribe_ticket_not_going_count":"","_tribe_tickets_list":[],"_tribe_ticket_has_attendee_info_fields":false,"_tribe_events_status":"","_tribe_events_status_reason":"","_tribe_events_is_hybrid":"","_tribe_events_is_virtual":"","_tribe_events_virtual_video_source":"","_tribe_events_virtual_embed_video":"","_tribe_events_virtual_linked_button_text":"","_tribe_events_virtual_linked_button":"","_tribe_events_virtual_show_embed_at":"","_tribe_events_virtual_show_embed_to":"","_tribe_events_virtual_show_on_event":"","_tribe_events_virtual_show_on_views":"","_tribe_events_virtual_url":""},"tags":[],"tribe_events_cat":[142],"barrera":[],"acf":[],"ticketed":false,"_links":{"self":[{"href":"https:\/\/affordablehousingactivation.org\/es\/wp-json\/wp\/v2\/tribe_events\/8242"}],"collection":[{"href":"https:\/\/affordablehousingactivation.org\/es\/wp-json\/wp\/v2\/tribe_events"}],"about":[{"href":"https:\/\/affordablehousingactivation.org\/es\/wp-json\/wp\/v2\/types\/tribe_events"}],"author":[{"embeddable":true,"href":"https:\/\/affordablehousingactivation.org\/es\/wp-json\/wp\/v2\/users\/392"}],"version-history":[{"count":2,"href":"https:\/\/affordablehousingactivation.org\/es\/wp-json\/wp\/v2\/tribe_events\/8242\/revisions"}],"predecessor-version":[{"id":8250,"href":"https:\/\/affordablehousingactivation.org\/es\/wp-json\/wp\/v2\/tribe_events\/8242\/revisions\/8250"}],"wp:featuredmedia":[{"embeddable":true,"href":"https:\/\/affordablehousingactivation.org\/es\/wp-json\/wp\/v2\/media\/8243"}],"wp:attachment":[{"href":"https:\/\/affordablehousingactivation.org\/es\/wp-json\/wp\/v2\/media?parent=8242"}],"wp:term":[{"taxonomy":"post_tag","embeddable":true,"href":"https:\/\/affordablehousingactivation.org\/es\/wp-json\/wp\/v2\/tags?post=8242"},{"taxonomy":"tribe_events_cat","embeddable":true,"href":"https:\/\/affordablehousingactivation.org\/es\/wp-json\/wp\/v2\/tribe_events_cat?post=8242"},{"taxonomy":"barrera","embeddable":true,"href":"https:\/\/affordablehousingactivation.org\/es\/wp-json\/wp\/v2\/barrera?post=8242"}],"curies":[{"name":"wp","href":"https:\/\/api.w.org\/{rel}","templated":true}]}}

<p><span data-contrast="auto">El tema de este año es, ¿cómo se posicionan los arquitectos para aceptar el cambio? ¿Qué tendencias podemos identificar que darán forma al futuro de la arquitectura y el entorno construido? ¿Qué nuevas tecnologías o nuevas formas de trabajar saldrán a la luz?</span><span data-ccp-props="{}"> </span></p>
<p><span data-contrast="auto">El evento virtual, de tres días, brindará conferencias, paneles de discusión, recorridos, y otras actividades dentro del Marco para la Excelencia en el Diseño de AIA. </span><span data-ccp-props="{}"> </span></p>
<p><span data-contrast="auto">Las sesiones de la conferencia serán organizadas por los siete capítulos internacionales en Canadá, Europa, Hong Kong, Japón, Medio Oriente, Shanghái y el Reino Unido, así como por algunos de muchos representantes de países en todo el mundo.</span><span data-ccp-props="{}"> </span></p>
<p><span data-contrast="auto"><strong>Consulta la página web</strong> </span></p>
<ul>
<li><a href="https://www.aiainternational.org/2022-spring-conference-overview" target="_blank" rel="noopener"><span data-contrast="none">https://www.aiainternational.org/2022-spring-conference-overview</span></a></li>
</ul>

<p>Del 19 al 21 de mayo de 2022, vuelve la Conferencia de Primavera de AIA International. El objetivo es energizar a la audiencia global con un programa que interactúe con el mundo que nos rodea y cuestione hacia dónde nos dirigimos.  </p>
