{"id":8354,"date":"2022-05-06T16:23:35","date_gmt":"2022-05-06T14:23:35","guid":{"rendered":"https:\/\/affordablehousingactivation.org\/?post_type=tribe_events&#038;p=8354"},"modified":"2022-05-11T02:56:50","modified_gmt":"2022-05-11T00:56:50","slug":"uia-regions-contributions-to-the-affordable-housing-activation-forum-in-madrid","status":"publish","type":"tribe_events","link":"https:\/\/affordablehousingactivation.org\/es\/event\/uia-regions-contributions-to-the-affordable-housing-activation-forum-in-madrid\/","title":{"rendered":"UIA Regions contributions to the Affordable Housing Activation Forum in Madrid"},"content":{"rendered":"<h3>Participation of all UIA Regions and summary of the regional meetings on Affordable Housing Activation<\/h3>\n<p>&nbsp;<\/p>\n<div class=\"text-center my-5\"><a class=\"btn btn-danger btn-pill btn-wide\" href=\"https:\/\/bit.ly\/3yqiwcK\" target=\"_blank\" rel=\"noopener\">Reg\u00edstrate en el Webinar<\/a><\/div>\n<p>&nbsp;<\/p>\n<ul>\n<li><strong>1 p.m.<\/strong> Welcome by Jos\u00e9 Lu\u00eds Cortes, UIA President<\/li>\n<li><strong>1:10 p.m<\/strong>. Introduction by \u00c1ngela Baldellou, Executive Director of AHA Forum Madrid. Description of the process and main goal<\/li>\n<li><strong>1:20 p.m<\/strong>. Presentation of the recommendations by the UIA regions<\/li>\n<\/ul>\n<ol>\n<li style=\"list-style-type: none;\">\n<ol>\n<li>Region I<\/li>\n<li>Region II<\/li>\n<li>Region III<\/li>\n<li>Region IV<\/li>\n<li>Region V<\/li>\n<\/ol>\n<\/li>\n<\/ol>\n<ul>\n<li><strong>2:20 p.m.<\/strong> Reflections on common approaches proposed by the regions and specific regional proposals<\/li>\n<li><strong>2:40 p.m.<\/strong> Discussion among all participants on key action-oriented proposals to be included in the Affordable Housing Madrid Call<\/li>\n<li><strong>3:00 p.m.<\/strong> Closing by Jos\u00e9 Lu\u00eds Cort\u00e9s, president UIA<\/li>\n<\/ul>\n","protected":false},"excerpt":{"rendered":"<p>Open webinar<br \/>\n11 May 2022 \/ 1 p.m. to 3p.m. (Paris time)<\/p>\n","protected":false},"author":392,"featured_media":8359,"template":"","meta":{"_price":"","_stock":"","_tribe_ticket_header":"","_tribe_default_ticket_provider":"Tribe__Tickets_Plus__Commerce__WooCommerce__Main","_tribe_ticket_capacity":"0","_ticket_start_date":"","_ticket_end_date":"","_tribe_ticket_show_description":"","_tribe_ticket_show_not_going":false,"_tribe_ticket_use_global_stock":"","_tribe_ticket_global_stock_level":"","_global_stock_mode":"","_global_stock_cap":"","_tribe_rsvp_for_event":"","_tribe_ticket_going_count":"","_tribe_ticket_not_going_count":"","_tribe_tickets_list":[],"_tribe_ticket_has_attendee_info_fields":false,"_tribe_events_status":"","_tribe_events_status_reason":"","_tribe_events_is_hybrid":"","_tribe_events_is_virtual":"","_tribe_events_virtual_video_source":"","_tribe_events_virtual_embed_video":"","_tribe_events_virtual_linked_button_text":"","_tribe_events_virtual_linked_button":"","_tribe_events_virtual_show_embed_at":"","_tribe_events_virtual_show_embed_to":"","_tribe_events_virtual_show_on_event":"","_tribe_events_virtual_show_on_views":"","_tribe_events_virtual_url":""},"tags":[],"tribe_events_cat":[142],"barrera":[],"acf":[],"ticketed":false,"_links":{"self":[{"href":"https:\/\/affordablehousingactivation.org\/es\/wp-json\/wp\/v2\/tribe_events\/8354"}],"collection":[{"href":"https:\/\/affordablehousingactivation.org\/es\/wp-json\/wp\/v2\/tribe_events"}],"about":[{"href":"https:\/\/affordablehousingactivation.org\/es\/wp-json\/wp\/v2\/types\/tribe_events"}],"author":[{"embeddable":true,"href":"https:\/\/affordablehousingactivation.org\/es\/wp-json\/wp\/v2\/users\/392"}],"version-history":[{"count":3,"href":"https:\/\/affordablehousingactivation.org\/es\/wp-json\/wp\/v2\/tribe_events\/8354\/revisions"}],"predecessor-version":[{"id":8826,"href":"https:\/\/affordablehousingactivation.org\/es\/wp-json\/wp\/v2\/tribe_events\/8354\/revisions\/8826"}],"wp:featuredmedia":[{"embeddable":true,"href":"https:\/\/affordablehousingactivation.org\/es\/wp-json\/wp\/v2\/media\/8359"}],"wp:attachment":[{"href":"https:\/\/affordablehousingactivation.org\/es\/wp-json\/wp\/v2\/media?parent=8354"}],"wp:term":[{"taxonomy":"post_tag","embeddable":true,"href":"https:\/\/affordablehousingactivation.org\/es\/wp-json\/wp\/v2\/tags?post=8354"},{"taxonomy":"tribe_events_cat","embeddable":true,"href":"https:\/\/affordablehousingactivation.org\/es\/wp-json\/wp\/v2\/tribe_events_cat?post=8354"},{"taxonomy":"barrera","embeddable":true,"href":"https:\/\/affordablehousingactivation.org\/es\/wp-json\/wp\/v2\/barrera?post=8354"}],"curies":[{"name":"wp","href":"https:\/\/api.w.org\/{rel}","templated":true}]}}

<h3>Participation of all UIA Regions and summary of the regional meetings on Affordable Housing Activation</h3>
<p>&nbsp;</p>
<div class="text-center my-5"><a class="btn btn-danger btn-pill btn-wide" href="https://bit.ly/3yqiwcK" target="_blank" rel="noopener">Regístrate en el Webinar</a></div>
<p>&nbsp;</p>
<ul>
<li><strong>1 p.m.</strong> Welcome by José Luís Cortes, UIA President</li>
<li><strong>1:10 p.m</strong>. Introduction by Ángela Baldellou, Executive Director of AHA Forum Madrid. Description of the process and main goal</li>
<li><strong>1:20 p.m</strong>. Presentation of the recommendations by the UIA regions</li>
</ul>
<ol>
<li style="list-style-type: none;">
<ol>
<li>Region I</li>
<li>Region II</li>
<li>Region III</li>
<li>Region IV</li>
<li>Region V</li>
</ol>
</li>
</ol>
<ul>
<li><strong>2:20 p.m.</strong> Reflections on common approaches proposed by the regions and specific regional proposals</li>
<li><strong>2:40 p.m.</strong> Discussion among all participants on key action-oriented proposals to be included in the Affordable Housing Madrid Call</li>
<li><strong>3:00 p.m.</strong> Closing by José Luís Cortés, president UIA</li>
</ul>
