{"id":9741,"date":"2022-06-28T16:26:32","date_gmt":"2022-06-28T14:26:32","guid":{"rendered":"https:\/\/affordablehousingactivation.org\/?post_type=tribe_events&#038;p=9741"},"modified":"2022-06-28T16:33:04","modified_gmt":"2022-06-28T14:33:04","slug":"debate-sobre-la-situacion-en-ucrania-en-el-foro-urbano-mundial-en-katowice","status":"publish","type":"tribe_events","link":"https:\/\/affordablehousingactivation.org\/es\/event\/debate-sobre-la-situacion-en-ucrania-en-el-foro-urbano-mundial-en-katowice\/","title":{"rendered":"Debate sobre la situaci\u00f3n en Ucrania en el Foro Urbano Mundial en Katowice"},"content":{"rendered":"<p>La Uni\u00f3n Internacional de Arquitectos (UIA), en colaboraci\u00f3n con ONU-H\u00e1bitat y la Uni\u00f3n Nacional de Arquitectos de Ucrania (NSAU), le invitan a un debate h\u00edbrido sobre los retos de la recuperaci\u00f3n de las ciudades y territorios ucranianos.<\/p>\n<ul>\n<li><em>Jueves 28<\/em><\/li>\n<li><em>12:20-14:00h<\/em><\/li>\n<li><em>Multifunction Hall Room 2<\/em><\/li>\n<\/ul>\n<p>El debate lleva por t\u00edtulo\u00a0<strong>\u00a0&#8216;De la planificaci\u00f3n y gobernanza urbana a los desaf\u00edos de recuperaci\u00f3n de ciudades y territorios ucranianos&#8217; .<\/strong><\/p>\n<p><a class=\"btn btn-danger btn-pill btn-wide\" href=\"https:\/\/www.unevents.org\/Home\/Register\" target=\"_blank\" rel=\"noopener\">Registrarse<\/a><\/p>\n<h2><strong>Para m\u00e1s informaci\u00f3n:<\/strong><\/h2>\n<p><a class=\"btn btn-danger btn-pill btn-wide\" href=\"https:\/\/www.cscae.com\/images\/stories\/Noticias\/Internacional\/INFO_UIA_Discussion_WUF_22-Katowice.pdf\" target=\"_blank\" rel=\"noopener\">Link<\/a><\/p>\n<p><img loading=\"lazy\" class=\"alignnone size-medium wp-image-9742\" src=\"https:\/\/affordablehousingactivation.org\/web\/app\/uploads\/2022\/06\/WUF-color-H-300x183.png\" alt=\"\" width=\"300\" height=\"183\" srcset=\"https:\/\/affordablehousingactivation.org\/\/web\/app\/uploads\/2022\/06\/WUF-color-H-300x183.png 300w, https:\/\/affordablehousingactivation.org\/\/web\/app\/uploads\/2022\/06\/WUF-color-H-1024x624.png 1024w, https:\/\/affordablehousingactivation.org\/\/web\/app\/uploads\/2022\/06\/WUF-color-H-768x468.png 768w, https:\/\/affordablehousingactivation.org\/\/web\/app\/uploads\/2022\/06\/WUF-color-H-1536x936.png 1536w, https:\/\/affordablehousingactivation.org\/\/web\/app\/uploads\/2022\/06\/WUF-color-H-900x549.png 900w, https:\/\/affordablehousingactivation.org\/\/web\/app\/uploads\/2022\/06\/WUF-color-H-600x366.png 600w, https:\/\/affordablehousingactivation.org\/\/web\/app\/uploads\/2022\/06\/WUF-color-H.png 2000w\" sizes=\"(max-width: 300px) 100vw, 300px\" title=\"\"> <img loading=\"lazy\" class=\"alignnone size-medium wp-image-9744\" src=\"https:\/\/affordablehousingactivation.org\/web\/app\/uploads\/2022\/06\/uia-logo-300x139.png\" alt=\"\" width=\"300\" height=\"139\" srcset=\"https:\/\/affordablehousingactivation.org\/\/web\/app\/uploads\/2022\/06\/uia-logo-300x139.png 300w, https:\/\/affordablehousingactivation.org\/\/web\/app\/uploads\/2022\/06\/uia-logo-600x279.png 600w, https:\/\/affordablehousingactivation.org\/\/web\/app\/uploads\/2022\/06\/uia-logo.png 628w\" sizes=\"(max-width: 300px) 100vw, 300px\" title=\"\"><img loading=\"lazy\" class=\"alignnone  wp-image-9750\" src=\"https:\/\/affordablehousingactivation.org\/web\/app\/uploads\/2022\/06\/Ukraine_NSAU.jpg\" alt=\"\" width=\"168\" height=\"168\" srcset=\"https:\/\/affordablehousingactivation.org\/\/web\/app\/uploads\/2022\/06\/Ukraine_NSAU.jpg 292w, https:\/\/affordablehousingactivation.org\/\/web\/app\/uploads\/2022\/06\/Ukraine_NSAU-150x150.jpg 150w, https:\/\/affordablehousingactivation.org\/\/web\/app\/uploads\/2022\/06\/Ukraine_NSAU-100x100.jpg 100w\" sizes=\"(max-width: 168px) 100vw, 168px\" title=\"\"><\/p>\n","protected":false},"excerpt":{"rendered":"<p>La Uni\u00f3n Internacional de Arquitectos (UIA), invitada por ONU-H\u00e1bitat, organiza un debate sobre Ucrania durante el Foro Urbano Mundial en Katowice, Polonia.<\/p>\n","protected":false},"author":392,"featured_media":9742,"template":"","meta":{"_price":"","_stock":"","_tribe_ticket_header":"","_tribe_default_ticket_provider":"Tribe__Tickets_Plus__Commerce__WooCommerce__Main","_tribe_ticket_capacity":"0","_ticket_start_date":"","_ticket_end_date":"","_tribe_ticket_show_description":"","_tribe_ticket_show_not_going":false,"_tribe_ticket_use_global_stock":"","_tribe_ticket_global_stock_level":"","_global_stock_mode":"","_global_stock_cap":"","_tribe_rsvp_for_event":"","_tribe_ticket_going_count":"","_tribe_ticket_not_going_count":"","_tribe_tickets_list":[],"_tribe_ticket_has_attendee_info_fields":false,"_tribe_events_status":"","_tribe_events_status_reason":"","_tribe_events_is_hybrid":"","_tribe_events_is_virtual":"","_tribe_events_virtual_video_source":"","_tribe_events_virtual_embed_video":"","_tribe_events_virtual_linked_button_text":"","_tribe_events_virtual_linked_button":"","_tribe_events_virtual_show_embed_at":"","_tribe_events_virtual_show_embed_to":"","_tribe_events_virtual_show_on_event":"","_tribe_events_virtual_show_on_views":"","_tribe_events_virtual_url":""},"tags":[],"tribe_events_cat":[142],"barrera":[],"acf":[],"ticketed":false,"_links":{"self":[{"href":"https:\/\/affordablehousingactivation.org\/es\/wp-json\/wp\/v2\/tribe_events\/9741"}],"collection":[{"href":"https:\/\/affordablehousingactivation.org\/es\/wp-json\/wp\/v2\/tribe_events"}],"about":[{"href":"https:\/\/affordablehousingactivation.org\/es\/wp-json\/wp\/v2\/types\/tribe_events"}],"author":[{"embeddable":true,"href":"https:\/\/affordablehousingactivation.org\/es\/wp-json\/wp\/v2\/users\/392"}],"version-history":[{"count":3,"href":"https:\/\/affordablehousingactivation.org\/es\/wp-json\/wp\/v2\/tribe_events\/9741\/revisions"}],"predecessor-version":[{"id":9752,"href":"https:\/\/affordablehousingactivation.org\/es\/wp-json\/wp\/v2\/tribe_events\/9741\/revisions\/9752"}],"wp:featuredmedia":[{"embeddable":true,"href":"https:\/\/affordablehousingactivation.org\/es\/wp-json\/wp\/v2\/media\/9742"}],"wp:attachment":[{"href":"https:\/\/affordablehousingactivation.org\/es\/wp-json\/wp\/v2\/media?parent=9741"}],"wp:term":[{"taxonomy":"post_tag","embeddable":true,"href":"https:\/\/affordablehousingactivation.org\/es\/wp-json\/wp\/v2\/tags?post=9741"},{"taxonomy":"tribe_events_cat","embeddable":true,"href":"https:\/\/affordablehousingactivation.org\/es\/wp-json\/wp\/v2\/tribe_events_cat?post=9741"},{"taxonomy":"barrera","embeddable":true,"href":"https:\/\/affordablehousingactivation.org\/es\/wp-json\/wp\/v2\/barrera?post=9741"}],"curies":[{"name":"wp","href":"https:\/\/api.w.org\/{rel}","templated":true}]}}

Debate sobre la situación en Ucrania en el Foro Urbano Mundial en Katowice

<p>La Unión Internacional de Arquitectos (UIA), en colaboración con ONU-Hábitat y la Unión Nacional de Arquitectos de Ucrania (NSAU), le invitan a un debate híbrido sobre los retos de la recuperación de las ciudades y territorios ucranianos.</p>
<ul>
<li><em>Jueves 28</em></li>
<li><em>12:20-14:00h</em></li>
<li><em>Multifunction Hall Room 2</em></li>
</ul>
<p>El debate lleva por título <strong> &#8216;De la planificación y gobernanza urbana a los desafíos de recuperación de ciudades y territorios ucranianos&#8217; .</strong></p>
<p><a class="btn btn-danger btn-pill btn-wide" href="https://www.unevents.org/Home/Register" target="_blank" rel="noopener">Registrarse</a></p>
<h2><strong>Para más información:</strong></h2>
<p><a class="btn btn-danger btn-pill btn-wide" href="https://www.cscae.com/images/stories/Noticias/Internacional/INFO_UIA_Discussion_WUF_22-Katowice.pdf" target="_blank" rel="noopener">Link</a></p>
<p><img loading="lazy" class="alignnone size-medium wp-image-9742" src="https://affordablehousingactivation.org/web/app/uploads/2022/06/WUF-color-H-300x183.png" alt="" width="300" height="183" srcset="https://affordablehousingactivation.org//web/app/uploads/2022/06/WUF-color-H-300x183.png 300w, https://affordablehousingactivation.org//web/app/uploads/2022/06/WUF-color-H-1024x624.png 1024w, https://affordablehousingactivation.org//web/app/uploads/2022/06/WUF-color-H-768x468.png 768w, https://affordablehousingactivation.org//web/app/uploads/2022/06/WUF-color-H-1536x936.png 1536w, https://affordablehousingactivation.org//web/app/uploads/2022/06/WUF-color-H-900x549.png 900w, https://affordablehousingactivation.org//web/app/uploads/2022/06/WUF-color-H-600x366.png 600w, https://affordablehousingactivation.org//web/app/uploads/2022/06/WUF-color-H.png 2000w" sizes="(max-width: 300px) 100vw, 300px" title=""> <img loading="lazy" class="alignnone size-medium wp-image-9744" src="https://affordablehousingactivation.org/web/app/uploads/2022/06/uia-logo-300x139.png" alt="" width="300" height="139" srcset="https://affordablehousingactivation.org//web/app/uploads/2022/06/uia-logo-300x139.png 300w, https://affordablehousingactivation.org//web/app/uploads/2022/06/uia-logo-600x279.png 600w, https://affordablehousingactivation.org//web/app/uploads/2022/06/uia-logo.png 628w" sizes="(max-width: 300px) 100vw, 300px" title=""><img loading="lazy" class="alignnone  wp-image-9750" src="https://affordablehousingactivation.org/web/app/uploads/2022/06/Ukraine_NSAU.jpg" alt="" width="168" height="168" srcset="https://affordablehousingactivation.org//web/app/uploads/2022/06/Ukraine_NSAU.jpg 292w, https://affordablehousingactivation.org//web/app/uploads/2022/06/Ukraine_NSAU-150x150.jpg 150w, https://affordablehousingactivation.org//web/app/uploads/2022/06/Ukraine_NSAU-100x100.jpg 100w" sizes="(max-width: 168px) 100vw, 168px" title=""></p>

<p>La Unión Internacional de Arquitectos (UIA), invitada por ONU-Hábitat, organiza un debate sobre Ucrania durante el Foro Urbano Mundial en Katowice, Polonia.</p>
