{"id":9784,"date":"2022-07-05T13:57:46","date_gmt":"2022-07-05T11:57:46","guid":{"rendered":"https:\/\/affordablehousingactivation.org\/event\/iii-congreso-nacional-de-vivienda\/"},"modified":"2022-07-05T14:00:46","modified_gmt":"2022-07-05T12:00:46","slug":"iii-congreso-nacional-de-vivienda","status":"publish","type":"tribe_events","link":"https:\/\/affordablehousingactivation.org\/es\/event\/iii-congreso-nacional-de-vivienda\/","title":{"rendered":"III Congreso Nacional de Vivienda"},"content":{"rendered":"<p>El objetivo de este\u00a0<strong>III Congreso Nacional de Vivienda<\/strong>\u00a0es definir cu\u00e1les son los retos de la sociedad para poder satisfacer el derecho constitucional del acceso a la vivienda y los obst\u00e1culos que existen en la actualidad para que las nuevas generaciones accedan a una vivienda digna. Adem\u00e1s, se abordar\u00e1n todas las cuestiones que surjan en los pr\u00f3ximos meses a ra\u00edz de los \u201cFondos Europeos de Recuperaci\u00f3n\u201d y las nuevas leyes previstas que afectar\u00e1n al sector de la vivienda.<\/p>\n<p>El congreso contar\u00e1 con la participaci\u00f3n de urbanistas, soci\u00f3logos, arquitectos, los m\u00e1s destacados miembros de los sectores vinculados al residencial y la administraci\u00f3n p\u00fablica, para reflexionar sobre las preferencias actuales de los consumidores y las nuevas formas de vivir.<\/p>\n<p>Se debatir\u00e1 sobre la carencia de suelo, las trabas burocr\u00e1ticas y las consecuencias por los retrasos en la concesi\u00f3n de licencias, la necesidad de la colaboraci\u00f3n p\u00fablico-privada para el acceso a una vivienda asequible, a la falta de un parque de viviendas de alquiler o una revisi\u00f3n amplia de las l\u00edneas de actuaci\u00f3n que han adoptado otros pa\u00edses para solventar estos obst\u00e1culos.<\/p>\n","protected":false},"excerpt":{"rendered":"<p>El\u00a0III Congreso Nacional de Vivienda\u00a0pretende incidir en la importancia capital de la cooperaci\u00f3n de los operadores privados con las administraciones p\u00fablicas.<\/p>\n","protected":false},"author":392,"featured_media":9782,"template":"","meta":{"_price":"","_stock":"","_tribe_ticket_header":"","_tribe_default_ticket_provider":"Tribe__Tickets_Plus__Commerce__WooCommerce__Main","_tribe_ticket_capacity":"0","_ticket_start_date":"","_ticket_end_date":"","_tribe_ticket_show_description":"","_tribe_ticket_show_not_going":false,"_tribe_ticket_use_global_stock":"","_tribe_ticket_global_stock_level":"","_global_stock_mode":"","_global_stock_cap":"","_tribe_rsvp_for_event":"","_tribe_ticket_going_count":"","_tribe_ticket_not_going_count":"","_tribe_tickets_list":[],"_tribe_ticket_has_attendee_info_fields":false,"_tribe_events_status":"","_tribe_events_status_reason":"","_tribe_events_is_hybrid":"","_tribe_events_is_virtual":"","_tribe_events_virtual_video_source":"","_tribe_events_virtual_embed_video":"","_tribe_events_virtual_linked_button_text":"","_tribe_events_virtual_linked_button":"","_tribe_events_virtual_show_embed_at":"","_tribe_events_virtual_show_embed_to":"","_tribe_events_virtual_show_on_event":"","_tribe_events_virtual_show_on_views":"","_tribe_events_virtual_url":""},"tags":[],"tribe_events_cat":[142],"barrera":[113],"acf":[],"ticketed":false,"_links":{"self":[{"href":"https:\/\/affordablehousingactivation.org\/es\/wp-json\/wp\/v2\/tribe_events\/9784"}],"collection":[{"href":"https:\/\/affordablehousingactivation.org\/es\/wp-json\/wp\/v2\/tribe_events"}],"about":[{"href":"https:\/\/affordablehousingactivation.org\/es\/wp-json\/wp\/v2\/types\/tribe_events"}],"author":[{"embeddable":true,"href":"https:\/\/affordablehousingactivation.org\/es\/wp-json\/wp\/v2\/users\/392"}],"version-history":[{"count":1,"href":"https:\/\/affordablehousingactivation.org\/es\/wp-json\/wp\/v2\/tribe_events\/9784\/revisions"}],"predecessor-version":[{"id":9785,"href":"https:\/\/affordablehousingactivation.org\/es\/wp-json\/wp\/v2\/tribe_events\/9784\/revisions\/9785"}],"wp:featuredmedia":[{"embeddable":true,"href":"https:\/\/affordablehousingactivation.org\/es\/wp-json\/wp\/v2\/media\/9782"}],"wp:attachment":[{"href":"https:\/\/affordablehousingactivation.org\/es\/wp-json\/wp\/v2\/media?parent=9784"}],"wp:term":[{"taxonomy":"post_tag","embeddable":true,"href":"https:\/\/affordablehousingactivation.org\/es\/wp-json\/wp\/v2\/tags?post=9784"},{"taxonomy":"tribe_events_cat","embeddable":true,"href":"https:\/\/affordablehousingactivation.org\/es\/wp-json\/wp\/v2\/tribe_events_cat?post=9784"},{"taxonomy":"barrera","embeddable":true,"href":"https:\/\/affordablehousingactivation.org\/es\/wp-json\/wp\/v2\/barrera?post=9784"}],"curies":[{"name":"wp","href":"https:\/\/api.w.org\/{rel}","templated":true}]}}

<p>El objetivo de este <strong>III Congreso Nacional de Vivienda</strong> es definir cuáles son los retos de la sociedad para poder satisfacer el derecho constitucional del acceso a la vivienda y los obstáculos que existen en la actualidad para que las nuevas generaciones accedan a una vivienda digna. Además, se abordarán todas las cuestiones que surjan en los próximos meses a raíz de los “Fondos Europeos de Recuperación” y las nuevas leyes previstas que afectarán al sector de la vivienda.</p>
<p>El congreso contará con la participación de urbanistas, sociólogos, arquitectos, los más destacados miembros de los sectores vinculados al residencial y la administración pública, para reflexionar sobre las preferencias actuales de los consumidores y las nuevas formas de vivir.</p>
<p>Se debatirá sobre la carencia de suelo, las trabas burocráticas y las consecuencias por los retrasos en la concesión de licencias, la necesidad de la colaboración público-privada para el acceso a una vivienda asequible, a la falta de un parque de viviendas de alquiler o una revisión amplia de las líneas de actuación que han adoptado otros países para solventar estos obstáculos.</p>

<p>El III Congreso Nacional de Vivienda pretende incidir en la importancia capital de la cooperación de los operadores privados con las administraciones públicas.</p>
